Dec 02 15:00:07 wps3-linux dynflow-sidekiq@worker[1895]: 2020-12-02T23:00:07.978Z 1975 TID-2mui1v Dynflow::Executors::Sidekiq::WorkerJobs::PerformWork JID-53af0b3d162771fd9814c280 INFO: done: 0.053 sec
Dec 02 15:00:07 wps3-linux dynflow-sidekiq@orchestrator[1893]: 2020-12-02T23:00:07.979Z 1969 TID-26y7t9 Dynflow::Executors::Sidekiq::OrchestratorJobs::WorkerDone JID-5ea4f93399b7003c6a3635cb INFO: start
Dec 02 15:00:07 wps3-linux dynflow-sidekiq@orchestrator[1893]: 2020-12-02T23:00:07.979Z 1969 TID-26y7t9 Dynflow::Executors::Sidekiq::OrchestratorJobs::WorkerDone JID-5ea4f93399b7003c6a3635cb INFO: done: 0.0 sec
Dec 02 15:00:07 wps3-linux dynflow-sidekiq@worker[1895]: 2020-12-02T23:00:07.980Z 1975 TID-2mug2b Dynflow::Executors::Sidekiq::WorkerJobs::PerformWork JID-cd1fa4b64142740244bdfa82 INFO: start
Dec 02 15:00:08 wps3-linux dynflow-sidekiq@worker[1895]: 2020-12-02T23:00:08.016Z 1975 TID-2mug2b Dynflow::Executors::Sidekiq::WorkerJobs::PerformWork JID-cd1fa4b64142740244bdfa82 INFO: done: 0.036 sec
Dec 02 15:00:08 wps3-linux dynflow-sidekiq@orchestrator[1893]: 2020-12-02T23:00:08.017Z 1969 TID-26y7t9 Dynflow::Executors::Sidekiq::OrchestratorJobs::WorkerDone JID-8baf90a3c46e14e95cafe066 INFO: start
Dec 02 15:00:08 wps3-linux dynflow-sidekiq@orchestrator[1893]: 2020-12-02T23:00:08.017Z 1969 TID-26y7t9 Dynflow::Executors::Sidekiq::OrchestratorJobs::WorkerDone JID-8baf90a3c46e14e95cafe066 INFO: done: 0.0 sec
Dec 02 15:00:08 wps3-linux dynflow-sidekiq@worker[1895]: 2020-12-02T23:00:08.018Z 1975 TID-2mufrr Dynflow::Executors::Sidekiq::WorkerJobs::PerformWork JID-9640174addc8725b11d1c056 INFO: start
Dec 02 15:00:08 wps3-linux pulpcore-api[1370]: 127.0.0.1 - - [02/Dec/2020:23:00:08 +0000] "GET /pulp/api/v3/status HTTP/1.1" 301 0 "-" "rest-client/2.0.2 (linux-gnu x86_64) ruby/2.5.5p157"
Dec 02 15:00:08 wps3-linux pulpcore-api[1370]: 127.0.0.1 - - [02/Dec/2020:23:00:08 +0000] "GET /pulp/api/v3/status/ HTTP/1.1" 200 1123 "-" "rest-client/2.0.2 (linux-gnu x86_64) ruby/2.5.5p157"
Dec 02 15:00:08 wps3-linux dynflow-sidekiq@worker[1895]: 2020-12-02T23:00:08.104Z 1975 TID-2mufrr Dynflow::Executors::Sidekiq::WorkerJobs::PerformWork JID-9640174addc8725b11d1c056 INFO: done: 0.085 sec
Dec 02 15:00:08 wps3-linux dynflow-sidekiq@orchestrator[1893]: 2020-12-02T23:00:08.104Z 1969 TID-26y7t9 Dynflow::Executors::Sidekiq::OrchestratorJobs::WorkerDone JID-6e087cd58b0aa2a0d7ba345a INFO: start
Dec 02 15:00:08 wps3-linux dynflow-sidekiq@orchestrator[1893]: 2020-12-02T23:00:08.104Z 1969 TID-26y7t9 Dynflow::Executors::Sidekiq::OrchestratorJobs::WorkerDone JID-6e087cd58b0aa2a0d7ba345a INFO: done: 0.0 sec
Dec 02 15:00:08 wps3-linux dynflow-sidekiq@worker[1895]: 2020-12-02T23:00:08.119Z 1975 TID-2muicv Dynflow::Executors::Sidekiq::WorkerJobs::PerformWork JID-59913917028cbf620ad1953b INFO: start
Dec 02 15:00:08 wps3-linux dynflow-sidekiq@worker[1895]: 2020-12-02T23:00:08.119Z 1975 TID-2muinf Dynflow::Executors::Sidekiq::WorkerJobs::PerformWork JID-4332a9d71e393f3692472f8e INFO: start
Dec 02 15:00:08 wps3-linux dynflow-sidekiq@orchestrator[1893]: 2020-12-02T23:00:08.151Z 1969 TID-26y7t9 Dynflow::Executors::Sidekiq::OrchestratorJobs::WorkerDone JID-6681b641fb4ebf03538d2be2 INFO: start
Dec 02 15:00:08 wps3-linux dynflow-sidekiq@orchestrator[1893]: 2020-12-02T23:00:08.151Z 1969 TID-26y7t9 Dynflow::Executors::Sidekiq::OrchestratorJobs::WorkerDone JID-6681b641fb4ebf03538d2be2 INFO: done: 0.0 sec
Dec 02 15:00:08 wps3-linux dynflow-sidekiq@worker[1895]: 2020-12-02T23:00:08.152Z 1975 TID-2muinf Dynflow::Executors::Sidekiq::WorkerJobs::PerformWork JID-4332a9d71e393f3692472f8e INFO: done: 0.032 sec
Dec 02 15:00:08 wps3-linux pulpcore-api[1370]: 127.0.0.1 - - [02/Dec/2020:23:00:08 +0000] "POST /pulp/api/v3/distributions/container/container/ HTTP/1.1" 202 67 "-" "OpenAPI-Generator/1.0.0/ruby"
Dec 02 15:00:08 wps3-linux pulpcore-resource-manager[1378]: pulp: rq.worker:INFO: resource-manager: 0cb1df56-fca1-43ab-9906-94ad92c96807
Dec 02 15:00:08 wps3-linux dynflow-sidekiq@orchestrator[1893]: 2020-12-02T23:00:08.174Z 1969 TID-26y7t9 Dynflow::Executors::Sidekiq::OrchestratorJobs::WorkerDone JID-9d528421322af69a9c475e7b INFO: start
Dec 02 15:00:08 wps3-linux dynflow-sidekiq@orchestrator[1893]: 2020-12-02T23:00:08.175Z 1969 TID-26y7t9 Dynflow::Executors::Sidekiq::OrchestratorJobs::WorkerDone JID-9d528421322af69a9c475e7b INFO: done: 0.0 sec
Dec 02 15:00:08 wps3-linux dynflow-sidekiq@worker[1895]: 2020-12-02T23:00:08.175Z 1975 TID-2muicv Dynflow::Executors::Sidekiq::WorkerJobs::PerformWork JID-59913917028cbf620ad1953b INFO: done: 0.056 sec
Dec 02 15:00:08 wps3-linux pulpcore-worker-1[1271]: pulp: rq.worker:INFO: 1271@wps3-linux: 8cd6ae4c-09c8-492b-8eac-39bda8ee542f
Dec 02 15:00:08 wps3-linux pulpcore-resource-manager[1378]: pulp: rq.worker:INFO: resource-manager: Job OK (0cb1df56-fca1-43ab-9906-94ad92c96807)
Dec 02 15:00:08 wps3-linux pulpcore-worker-1[1271]: pulp: rq.worker:INFO: 1271@wps3-linux: Job OK (8cd6ae4c-09c8-492b-8eac-39bda8ee542f)
Dec 02 15:00:08 wps3-linux pulpcore-worker-1[1271]: pulp: rq.worker:INFO: 1271@wps3-linux: a75d8251-a838-4194-968a-98619c4c917b
Dec 02 15:00:08 wps3-linux pulpcore-worker-1[1271]: pulp: rq.worker:INFO: 1271@wps3-linux: Job OK (a75d8251-a838-4194-968a-98619c4c917b)
Dec 02 15:00:08 wps3-linux dynflow-sidekiq@worker[1895]: 2020-12-02T23:00:08.671Z 1975 TID-2mui1v Dynflow::Executors::Sidekiq::WorkerJobs::PerformWork JID-f2ac6fdbb693e92cc6162dab INFO: start
Dec 02 15:00:08 wps3-linux pulpcore-api[1370]: 127.0.0.1 - - [02/Dec/2020:23:00:08 +0000] "GET /pulp/api/v3/tasks/8cd6ae4c-09c8-492b-8eac-39bda8ee542f/ HTTP/1.1" 200 541 "-" "OpenAPI-Generator/3.0.0/ruby"
Dec 02 15:00:08 wps3-linux dynflow-sidekiq@worker[1895]: 2020-12-02T23:00:08.708Z 1975 TID-2mui1v Dynflow::Executors::Sidekiq::WorkerJobs::PerformWork JID-f2ac6fdbb693e92cc6162dab INFO: done: 0.037 sec
Dec 02 15:00:08 wps3-linux dynflow-sidekiq@orchestrator[1893]: 2020-12-02T23:00:08.708Z 1969 TID-26y7t9 Dynflow::Executors::Sidekiq::OrchestratorJobs::WorkerDone JID-238be705820e2918132b7d73 INFO: start
Dec 02 15:00:08 wps3-linux dynflow-sidekiq@orchestrator[1893]: 2020-12-02T23:00:08.708Z 1969 TID-26y7t9 Dynflow::Executors::Sidekiq::OrchestratorJobs::WorkerDone JID-238be705820e2918132b7d73 INFO: done: 0.0 sec
Dec 02 15:00:08 wps3-linux dynflow-sidekiq@worker[1895]: 2020-12-02T23:00:08.709Z 1975 TID-2mug2b Dynflow::Executors::Sidekiq::WorkerJobs::PerformWork JID-541c20981bd55f0400b222b1 INFO: start
Dec 02 15:00:08 wps3-linux pulpcore-api[1370]: 127.0.0.1 - - [02/Dec/2020:23:00:08 +0000] "GET /pulp/api/v3/distributions/container/container/961f29bd-6815-4ebc-829a-9defd976e30a/ HTTP/1.1" 200 454 "-" "OpenAPI-Generator/1.0.0/ruby"
Dec 02 15:00:08 wps3-linux dynflow-sidekiq@orchestrator[1893]: 2020-12-02T23:00:08.743Z 1969 TID-26y7t9 Dynflow::Executors::Sidekiq::OrchestratorJobs::WorkerDone JID-b261db4800c58bbf9a7bee36 INFO: start
Dec 02 15:00:08 wps3-linux dynflow-sidekiq@orchestrator[1893]: 2020-12-02T23:00:08.744Z 1969 TID-26y7t9 Dynflow::Executors::Sidekiq::OrchestratorJobs::WorkerDone JID-b261db4800c58bbf9a7bee36 INFO: done: 0.0 sec
Dec 02 15:00:08 wps3-linux dynflow-sidekiq@worker[1895]: 2020-12-02T23:00:08.744Z 1975 TID-2mug2b Dynflow::Executors::Sidekiq::WorkerJobs::PerformWork JID-541c20981bd55f0400b222b1 INFO: done: 0.035 sec
Dec 02 15:00:10 wps3-linux systemd[1]: Removed slice User Slice of foreman. -- Subject: Unit user-986.slice has finished shutting down -- Defined-By: systemd -- Support: http://lists.freedesktop.org/mailman/listinfo/systemd-devel -- -- Unit user-986.slice has finished shutting down.
Dec 02 15:00:36 wps3-linux dynflow-sidekiq@worker[1895]: 2020-12-02T23:00:36.963Z 1975 TID-2mufrr Dynflow::Executors::Sidekiq::WorkerJobs::PerformWork JID-63f95c39cab265897e9cfbdc INFO: start
Dec 02 15:00:36 wps3-linux dynflow-sidekiq@worker[1895]: 2020-12-02T23:00:36.964Z 1975 TID-2mufrr Dynflow::Executors::Sidekiq::WorkerJobs::PerformWork JID-63f95c39cab265897e9cfbdc INFO: done: 0.001 sec
Dec 02 15:00:36 wps3-linux dynflow-sidekiq@orchestrator[1893]: 2020-12-02T23:00:36.964Z 1969 TID-26y7t9 Dynflow::Executors::Sidekiq::OrchestratorJobs::WorkerDone JID-e8b7a27c96352c9eb1a4b407 INFO: start
Dec 02 15:00:36 wps3-linux dynflow-sidekiq@orchestrator[1893]: 2020-12-02T23:00:36.965Z 1969 TID-26y7t9 Dynflow::Executors::Sidekiq::OrchestratorJobs::WorkerDone JID-e8b7a27c96352c9eb1a4b407 INFO: done: 0.0 sec
Dec 02 15:00:36 wps3-linux dynflow-sidekiq@worker[1895]: 2020-12-02T23:00:36.965Z 1975 TID-2muinf Dynflow::Executors::Sidekiq::WorkerJobs::PerformWork JID-13dec6e65deabaa3eaea7a1b INFO: start
Dec 02 15:00:36 wps3-linux dynflow-sidekiq@worker[1895]: 2020-12-02T23:00:36.966Z 1975 TID-2muinf Dynflow::Executors::Sidekiq::WorkerJobs::PerformWork JID-13dec6e65deabaa3eaea7a1b INFO: done: 0.001 sec
Dec 02 15:00:36 wps3-linux dynflow-sidekiq@orchestrator[1893]: 2020-12-02T23:00:36.966Z 1969 TID-26y7t9 Dynflow::Executors::Sidekiq::OrchestratorJobs::WorkerDone JID-9d1626bf8f8ebbf8d824a21d INFO: start
Dec 02 15:00:36 wps3-linux dynflow-sidekiq@orchestrator[1893]: 2020-12-02T23:00:36.966Z 1969 TID-26y7t9 Dynflow::Executors::Sidekiq::OrchestratorJobs::WorkerDone JID-9d1626bf8f8ebbf8d824a21d INFO: done: 0.0 sec
Dec 02 15:00:36 wps3-linux dynflow-sidekiq@worker[1895]: 2020-12-02T23:00:36.967Z 1975 TID-2muicv Dynflow::Executors::Sidekiq::WorkerJobs::PerformWork JID-076f6c018d362a9b9c7039d2 INFO: start
Dec 02 15:00:36 wps3-linux dynflow-sidekiq@worker[1895]: 2020-12-02T23:00:36.974Z 1975 TID-2muicv Dynflow::Executors::Sidekiq::WorkerJobs::PerformWork JID-076f6c018d362a9b9c7039d2 INFO: done: 0.007 sec
Dec 02 15:00:36 wps3-linux dynflow-sidekiq@orchestrator[1893]: 2020-12-02T23:00:36.975Z 1969 TID-26y7t9 Dynflow::Executors::Sidekiq::OrchestratorJobs::WorkerDone JID-3b415168de21a68da64188f7 INFO: start
Dec 02 15:00:36 wps3-linux dynflow-sidekiq@orchestrator[1893]: 2020-12-02T23:00:36.975Z 1969 TID-26y7t9 Dynflow::Executors::Sidekiq::OrchestratorJobs::WorkerDone JID-3b415168de21a68da64188f7 INFO: done: 0.0 sec
Dec 02 15:00:36 wps3-linux dynflow-sidekiq@worker[1895]: 2020-12-02T23:00:36.976Z 1975 TID-2mug2b Dynflow::Executors::Sidekiq::WorkerJobs::PerformWork JID-61b7b8745dce919b49d0ec39 INFO: start
Dec 02 15:00:36 wps3-linux dynflow-sidekiq@worker[1895]: 2020-12-02T23:00:36.996Z 1975 TID-2mug2b Dynflow::Executors::Sidekiq::WorkerJobs::PerformWork JID-61b7b8745dce919b49d0ec39 INFO: done: 0.021 sec
Dec 02 15:00:36 wps3-linux dynflow-sidekiq@orchestrator[1893]: 2020-12-02T23:00:36.996Z 1969 TID-26y7t9 Dynflow::Executors::Sidekiq::OrchestratorJobs::WorkerDone JID-968b2a3e7e14fd90c8d5ca41 INFO: start
Dec 02 15:00:36 wps3-linux dynflow-sidekiq@orchestrator[1893]: 2020-12-02T23:00:36.997Z 1969 TID-26y7t9 Dynflow::Executors::Sidekiq::OrchestratorJobs::WorkerDone JID-968b2a3e7e14fd90c8d5ca41 INFO: done: 0.0 sec
Dec 02 15:00:36 wps3-linux dynflow-sidekiq@worker[1895]: 2020-12-02T23:00:36.997Z 1975 TID-2mui1v Dynflow::Executors::Sidekiq::WorkerJobs::PerformWork JID-bdf4c3877190d24e0d3298b4 INFO: start
Dec 02 15:00:37 wps3-linux dynflow-sidekiq@worker[1895]: 2020-12-02T23:00:37.058Z 1975 TID-2mui1v Dynflow::Executors::Sidekiq::WorkerJobs::PerformWork JID-bdf4c3877190d24e0d3298b4 INFO: done: 0.06 sec
Dec 02 15:00:37 wps3-linux dynflow-sidekiq@orchestrator[1893]: 2020-12-02T23:00:37.058Z 1969 TID-26y7t9 Dynflow::Executors::Sidekiq::OrchestratorJobs::WorkerDone JID-ab3c7214d5c451aa3e297735 INFO: start
Dec 02 15:00:37 wps3-linux dynflow-sidekiq@orchestrator[1893]: 2020-12-02T23:00:37.058Z 1969 TID-26y7t9 Dynflow::Executors::Sidekiq::OrchestratorJobs::WorkerDone JID-ab3c7214d5c451aa3e297735 INFO: done: 0.0 sec
Dec 02 15:00:37 wps3-linux dynflow-sidekiq@worker[1895]: 2020-12-02T23:00:37.059Z 1975 TID-2mufrr Dynflow::Executors::Sidekiq::WorkerJobs::PerformWork JID-97182331799630bc6a5e73b0 INFO: start
Dec 02 15:00:37 wps3-linux dynflow-sidekiq@worker[1895]: 2020-12-02T23:00:37.085Z 1975 TID-2mufrr Dynflow::Executors::Sidekiq::WorkerJobs::PerformWork JID-97182331799630bc6a5e73b0 INFO: done: 0.026 sec
Dec 02 15:00:37 wps3-linux dynflow-sidekiq@orchestrator[1893]: 2020-12-02T23:00:37.086Z 1969 TID-26y7t9 Dynflow::Executors::Sidekiq::OrchestratorJobs::WorkerDone JID-a78e611acffb30fab5dd9b42 INFO: start
Dec 02 15:00:37 wps3-linux dynflow-sidekiq@orchestrator[1893]: 2020-12-02T23:00:37.086Z 1969 TID-26y7t9 Dynflow::Executors::Sidekiq::OrchestratorJobs::WorkerDone JID-a78e611acffb30fab5dd9b42 INFO: done: 0.0 sec
Dec 02 15:00:37 wps3-linux dynflow-sidekiq@worker[1895]: 2020-12-02T23:00:37.087Z 1975 TID-2muinf Dynflow::Executors::Sidekiq::WorkerJobs::PerformWork JID-63224e0f63bbcd6733c0607d INFO: start
Dec 02 15:00:37 wps3-linux pulpcore-api[1370]: 127.0.0.1 - - [02/Dec/2020:23:00:37 +0000] "GET /pulp/api/v3/status HTTP/1.1" 301 0 "-" "rest-client/2.0.2 (linux-gnu x86_64) ruby/2.5.5p157"
Dec 02 15:00:37 wps3-linux pulpcore-api[1370]: 127.0.0.1 - - [02/Dec/2020:23:00:37 +0000] "GET /pulp/api/v3/status/ HTTP/1.1" 200 1123 "-" "rest-client/2.0.2 (linux-gnu x86_64) ruby/2.5.5p157"
Dec 02 15:00:37 wps3-linux dynflow-sidekiq@worker[1895]: 2020-12-02T23:00:37.166Z 1975 TID-2muinf Dynflow::Executors::Sidekiq::WorkerJobs::PerformWork JID-63224e0f63bbcd6733c0607d INFO: done: 0.079 sec
Dec 02 15:00:37 wps3-linux dynflow-sidekiq@orchestrator[1893]: 2020-12-02T23:00:37.166Z 1969 TID-26y7t9 Dynflow::Executors::Sidekiq::OrchestratorJobs::WorkerDone JID-569859439d2eeb1979ec53c7 INFO: start
Dec 02 15:00:37 wps3-linux dynflow-sidekiq@orchestrator[1893]: 2020-12-02T23:00:37.166Z 1969 TID-26y7t9 Dynflow::Executors::Sidekiq::OrchestratorJobs::WorkerDone JID-569859439d2eeb1979ec53c7 INFO: done: 0.0 sec
Dec 02 15:00:37 wps3-linux dynflow-sidekiq@worker[1895]: 2020-12-02T23:00:37.182Z 1975 TID-2muicv Dynflow::Executors::Sidekiq::WorkerJobs::PerformWork JID-f52af17ba8de14405e81cdf2 INFO: start
Dec 02 15:00:37 wps3-linux dynflow-sidekiq@worker[1895]: 2020-12-02T23:00:37.184Z 1975 TID-2mug2b Dynflow::Executors::Sidekiq::WorkerJobs::PerformWork JID-e57f1718755220bdc8327fe0 INFO: start
Dec 02 15:00:37 wps3-linux dynflow-sidekiq@worker[1895]: 2020-12-02T23:00:37.213Z 1975 TID-2mug2b Dynflow::Executors::Sidekiq::WorkerJobs::PerformWork JID-e57f1718755220bdc8327fe0 INFO: done: 0.029 sec
Dec 02 15:00:37 wps3-linux dynflow-sidekiq@orchestrator[1893]: 2020-12-02T23:00:37.213Z 1969 TID-26y7t9 Dynflow::Executors::Sidekiq::OrchestratorJobs::WorkerDone JID-139393703e1c416ef0aa0aa3 INFO: start
Dec 02 15:00:37 wps3-linux dynflow-sidekiq@orchestrator[1893]: 2020-12-02T23:00:37.213Z 1969 TID-26y7t9 Dynflow::Executors::Sidekiq::OrchestratorJobs::WorkerDone JID-139393703e1c416ef0aa0aa3 INFO: done: 0.0 sec
Dec 02 15:00:37 wps3-linux pulpcore-resource-manager[1378]: pulp: rq.worker:INFO: resource-manager: bf300cd8-09b5-4f4f-8e6b-1518c068462a
Dec 02 15:00:37 wps3-linux pulpcore-api[1370]: 127.0.0.1 - - [02/Dec/2020:23:00:37 +0000] "POST /pulp/api/v3/distributions/container/container/ HTTP/1.1" 202 67 "-" "OpenAPI-Generator/1.0.0/ruby"
Dec 02 15:00:37 wps3-linux dynflow-sidekiq@worker[1895]: 2020-12-02T23:00:37.222Z 1975 TID-2muicv Dynflow::Executors::Sidekiq::WorkerJobs::PerformWork JID-f52af17ba8de14405e81cdf2 INFO: done: 0.04 sec
Dec 02 15:00:37 wps3-linux dynflow-sidekiq@orchestrator[1893]: 2020-12-02T23:00:37.222Z 1969 TID-26y7t9 Dynflow::Executors::Sidekiq::OrchestratorJobs::WorkerDone JID-0bbc468db84b1eed8c2f7e85 INFO: start
Dec 02 15:00:37 wps3-linux dynflow-sidekiq@orchestrator[1893]: 2020-12-02T23:00:37.222Z 1969 TID-26y7t9 Dynflow::Executors::Sidekiq::OrchestratorJobs::WorkerDone JID-0bbc468db84b1eed8c2f7e85 INFO: done: 0.0 sec
Dec 02 15:00:37 wps3-linux pulpcore-worker-1[1271]: pulp: rq.worker:INFO: 1271@wps3-linux: 0d61f843-0bb5-4cc6-841d-dc1f7b066ae1
Dec 02 15:00:37 wps3-linux pulpcore-resource-manager[1378]: pulp: rq.worker:INFO: resource-manager: Job OK (bf300cd8-09b5-4f4f-8e6b-1518c068462a)
Dec 02 15:00:37 wps3-linux pulpcore-worker-1[1271]: pulp: rq.worker:INFO: 1271@wps3-linux: Job OK (0d61f843-0bb5-4cc6-841d-dc1f7b066ae1)
Dec 02 15:00:37 wps3-linux pulpcore-worker-1[1271]: pulp: rq.worker:INFO: 1271@wps3-linux: 9e3c1181-b2d7-4f6d-a2c7-53bc3180244d
Dec 02 15:00:37 wps3-linux pulpcore-worker-1[1271]: pulp: rq.worker:INFO: 1271@wps3-linux: Job OK (9e3c1181-b2d7-4f6d-a2c7-53bc3180244d)
Dec 02 15:00:37 wps3-linux dynflow-sidekiq@worker[1895]: 2020-12-02T23:00:37.720Z 1975 TID-2mui1v Dynflow::Executors::Sidekiq::WorkerJobs::PerformWork JID-951f15d717a9eae9e5ba9d98 INFO: start
Dec 02 15:00:37 wps3-linux pulpcore-api[1370]: 127.0.0.1 - - [02/Dec/2020:23:00:37 +0000] "GET /pulp/api/v3/tasks/0d61f843-0bb5-4cc6-841d-dc1f7b066ae1/ HTTP/1.1" 200 541 "-" "OpenAPI-Generator/3.0.0/ruby"
Dec 02 15:00:37 wps3-linux dynflow-sidekiq@worker[1895]: 2020-12-02T23:00:37.754Z 1975 TID-2mui1v Dynflow::Executors::Sidekiq::WorkerJobs::PerformWork JID-951f15d717a9eae9e5ba9d98 INFO: done: 0.035 sec
Dec 02 15:00:37 wps3-linux dynflow-sidekiq@orchestrator[1893]: 2020-12-02T23:00:37.755Z 1969 TID-26y7t9 Dynflow::Executors::Sidekiq::OrchestratorJobs::WorkerDone JID-e4ace488fdcf873a14e32e4d INFO: start
Dec 02 15:00:37 wps3-linux dynflow-sidekiq@orchestrator[1893]: 2020-12-02T23:00:37.755Z 1969 TID-26y7t9 Dynflow::Executors::Sidekiq::OrchestratorJobs::WorkerDone JID-e4ace488fdcf873a14e32e4d INFO: done: 0.0 sec
Dec 02 15:00:37 wps3-linux dynflow-sidekiq@worker[1895]: 2020-12-02T23:00:37.756Z 1975 TID-2mufrr Dynflow::Executors::Sidekiq::WorkerJobs::PerformWork JID-d2e9f2afb38fb88ccdf29f31 INFO: start
Dec 02 15:00:37 wps3-linux pulpcore-api[1370]: 127.0.0.1 - - [02/Dec/2020:23:00:37 +0000] "GET /pulp/api/v3/distributions/container/container/9407c1d1-82f3-4fe4-a569-f5c40e3d4888/ HTTP/1.1" 200 448 "-" "OpenAPI-Generator/1.0.0/ruby"
Dec 02 15:00:37 wps3-linux dynflow-sidekiq@worker[1895]: 2020-12-02T23:00:37.787Z 1975 TID-2mufrr Dynflow::Executors::Sidekiq::WorkerJobs::PerformWork JID-d2e9f2afb38fb88ccdf29f31 INFO: done: 0.031 sec
Dec 02 15:00:37 wps3-linux dynflow-sidekiq@orchestrator[1893]: 2020-12-02T23:00:37.787Z 1969 TID-26y7t9 Dynflow::Executors::Sidekiq::OrchestratorJobs::WorkerDone JID-3450b2c0b30155ae2d44de6d INFO: start
Dec 02 15:00:37 wps3-linux dynflow-sidekiq@orchestrator[1893]: 2020-12-02T23:00:37.787Z 1969 TID-26y7t9 Dynflow::Executors::Sidekiq::OrchestratorJobs::WorkerDone JID-3450b2c0b30155ae2d44de6d INFO: done: 0.0 sec
Dec 02 15:01:02 wps3-linux systemd[1]: Started Session 6387 of user root. -- Subject: Unit session-6387.scope has finished start-up -- Defined-By: systemd -- Support: http://lists.freedesktop.org/mailman/listinfo/systemd-devel -- -- Unit session-6387.scope has finished starting up. -- -- The start-up result is done.
Dec 02 15:01:02 wps3-linux CROND[5504]: (root) CMD (run-parts /etc/cron.hourly)
Dec 02 15:01:02 wps3-linux run-parts(/etc/cron.hourly)[5507]: starting 0anacron
Dec 02 15:01:02 wps3-linux run-parts(/etc/cron.hourly)[5514]: finished 0anacron
Dec 02 15:02:51 wps3-linux dynflow-sidekiq@worker[1895]: 2020-12-02T23:02:51.076Z 1975 TID-2mufrr Dynflow::Executors::Sidekiq::WorkerJobs::PerformWork JID-2dd5af764078ae5d856a13b5 INFO: start
Dec 02 15:02:51 wps3-linux dynflow-sidekiq@worker[1895]: 2020-12-02T23:02:51.217Z 1975 TID-2mufrr Dynflow::Executors::Sidekiq::WorkerJobs::PerformWork JID-2dd5af764078ae5d856a13b5 INFO: done: 0.142 sec
Dec 02 15:02:51 wps3-linux dynflow-sidekiq@orchestrator[1893]: 2020-12-02T23:02:51.217Z 1969 TID-26y7t9 Dynflow::Executors::Sidekiq::OrchestratorJobs::WorkerDone JID-8af6b5a5b494b04dc68357ce INFO: start
Dec 02 15:02:51 wps3-linux dynflow-sidekiq@orchestrator[1893]: 2020-12-02T23:02:51.218Z 1969 TID-26y7t9 Dynflow::Executors::Sidekiq::OrchestratorJobs::WorkerDone JID-8af6b5a5b494b04dc68357ce INFO: done: 0.0 sec
Dec 02 15:02:51 wps3-linux dynflow-sidekiq@worker[1895]: 2020-12-02T23:02:51.218Z 1975 TID-2mui1v Dynflow::Executors::Sidekiq::WorkerJobs::PerformWork JID-3da5c7d6805ad960a69c169a INFO: start
Dec 02 15:02:51 wps3-linux dynflow-sidekiq@worker[1895]: 2020-12-02T23:02:51.677Z 1975 TID-2mui1v Dynflow::Executors::Sidekiq::WorkerJobs::PerformWork JID-3da5c7d6805ad960a69c169a INFO: done: 0.459 sec
Dec 02 15:02:51 wps3-linux dynflow-sidekiq@orchestrator[1893]: 2020-12-02T23:02:51.678Z 1969 TID-26y7t9 Dynflow::Executors::Sidekiq::OrchestratorJobs::WorkerDone JID-b7b1f751a48b915e5b0c7c5e INFO: start
Dec 02 15:02:51 wps3-linux dynflow-sidekiq@orchestrator[1893]: 2020-12-02T23:02:51.678Z 1969 TID-26y7t9 Dynflow::Executors::Sidekiq::OrchestratorJobs::WorkerDone JID-b7b1f751a48b915e5b0c7c5e INFO: done: 0.0 sec
Dec 02 15:02:51 wps3-linux dynflow-sidekiq@worker[1895]: 2020-12-02T23:02:51.679Z 1975 TID-2muinf Dynflow::Executors::Sidekiq::WorkerJobs::PerformWork JID-26bc7281f866fc397eb4f56b INFO: start
Dec 02 15:02:51 wps3-linux dynflow-sidekiq@worker[1895]: 2020-12-02T23:02:51.721Z 1975 TID-2muinf Dynflow::Executors::Sidekiq::WorkerJobs::PerformWork JID-26bc7281f866fc397eb4f56b INFO: done: 0.042 sec
Dec 02 15:02:51 wps3-linux dynflow-sidekiq@orchestrator[1893]: 2020-12-02T23:02:51.721Z 1969 TID-26y7t9 Dynflow::Executors::Sidekiq::OrchestratorJobs::WorkerDone JID-9bb1a28a070b478282523fa1 INFO: start
Dec 02 15:02:51 wps3-linux dynflow-sidekiq@orchestrator[1893]: 2020-12-02T23:02:51.722Z 1969 TID-26y7t9 Dynflow::Executors::Sidekiq::OrchestratorJobs::WorkerDone JID-9bb1a28a070b478282523fa1 INFO: done: 0.0 sec
Dec 02 15:02:51 wps3-linux dynflow-sidekiq@worker[1895]: 2020-12-02T23:02:51.722Z 1975 TID-2muicv Dynflow::Executors::Sidekiq::WorkerJobs::PerformWork JID-adf6266ff0935c521e3b5f41 INFO: start
Dec 02 15:02:52 wps3-linux dynflow-sidekiq@worker[1895]: 2020-12-02T23:02:52.124Z 1975 TID-2muicv Dynflow::Executors::Sidekiq::WorkerJobs::PerformWork JID-adf6266ff0935c521e3b5f41 INFO: done: 0.402 sec
Dec 02 15:02:52 wps3-linux dynflow-sidekiq@orchestrator[1893]: 2020-12-02T23:02:52.124Z 1969 TID-26y7t9 Dynflow::Executors::Sidekiq::OrchestratorJobs::WorkerDone JID-64cfcc3d1314b827683c8754 INFO: start
Dec 02 15:02:52 wps3-linux dynflow-sidekiq@orchestrator[1893]: 2020-12-02T23:02:52.125Z 1969 TID-26y7t9 Dynflow::Executors::Sidekiq::OrchestratorJobs::WorkerDone JID-64cfcc3d1314b827683c8754 INFO: done: 0.0 sec
Dec 02 15:04:15 wps3-linux pulpcore-api[1370]: 127.0.0.1 - - [02/Dec/2020:23:04:15 +0000] "GET /pulp/api/v3/status HTTP/1.1" 301 0 "-" "rest-client/2.0.2 (linux-gnu x86_64) ruby/2.5.5p157"
Dec 02 15:04:15 wps3-linux pulpcore-api[1370]: 127.0.0.1 - - [02/Dec/2020:23:04:15 +0000] "GET /pulp/api/v3/status/ HTTP/1.1" 200 1123 "-" "rest-client/2.0.2 (linux-gnu x86_64) ruby/2.5.5p157"
Dec 02 15:04:15 wps3-linux dynflow-sidekiq@worker[1895]: 2020-12-02T23:04:15.719Z 1975 TID-2mug2b Dynflow::Executors::Sidekiq::WorkerJobs::PerformWork JID-83207805afad07e20dcce731 INFO: start
Dec 02 15:04:15 wps3-linux pulpcore-api[1370]: 127.0.0.1 - - [02/Dec/2020:23:04:15 +0000] "POST /pulp/api/v3/repositories/container/container/ HTTP/1.1" 201 420 "-" "OpenAPI-Generator/1.0.0/ruby"
Dec 02 15:04:15 wps3-linux dynflow-sidekiq@worker[1895]: 2020-12-02T23:04:15.752Z 1975 TID-2mug2b Dynflow::Executors::Sidekiq::WorkerJobs::PerformWork JID-83207805afad07e20dcce731 INFO: done: 0.033 sec
Dec 02 15:04:15 wps3-linux dynflow-sidekiq@orchestrator[1893]: 2020-12-02T23:04:15.752Z 1969 TID-26y7t9 Dynflow::Executors::Sidekiq::OrchestratorJobs::WorkerDone JID-2b86f1cf3ff88ea3e8df1f93 INFO: start
Dec 02 15:04:15 wps3-linux dynflow-sidekiq@orchestrator[1893]: 2020-12-02T23:04:15.753Z 1969 TID-26y7t9 Dynflow::Executors::Sidekiq::OrchestratorJobs::WorkerDone JID-2b86f1cf3ff88ea3e8df1f93 INFO: done: 0.0 sec
Dec 02 15:04:15 wps3-linux dynflow-sidekiq@worker[1895]: 2020-12-02T23:04:15.753Z 1975 TID-2mufrr Dynflow::Executors::Sidekiq::WorkerJobs::PerformWork JID-aa8299c085c16e41e287306b INFO: start
Dec 02 15:04:15 wps3-linux dynflow-sidekiq@worker[1895]: 2020-12-02T23:04:15.767Z 1975 TID-2mufrr Dynflow::Executors::Sidekiq::WorkerJobs::PerformWork JID-aa8299c085c16e41e287306b INFO: done: 0.014 sec
Dec 02 15:04:15 wps3-linux dynflow-sidekiq@orchestrator[1893]: 2020-12-02T23:04:15.768Z 1969 TID-26y7t9 Dynflow::Executors::Sidekiq::OrchestratorJobs::WorkerDone JID-ba94b56cfd2c18a29d7f05ae INFO: start
Dec 02 15:04:15 wps3-linux dynflow-sidekiq@orchestrator[1893]: 2020-12-02T23:04:15.768Z 1969 TID-26y7t9 Dynflow::Executors::Sidekiq::OrchestratorJobs::WorkerDone JID-ba94b56cfd2c18a29d7f05ae INFO: done: 0.0 sec
Dec 02 15:04:15 wps3-linux dynflow-sidekiq@worker[1895]: 2020-12-02T23:04:15.769Z 1975 TID-2muinf Dynflow::Executors::Sidekiq::WorkerJobs::PerformWork JID-bcceb8448aa4216ac687b31d INFO: start
Dec 02 15:04:15 wps3-linux pulpcore-api[1370]: 127.0.0.1 - - [02/Dec/2020:23:04:15 +0000] "POST /pulp/api/v3/remotes/container/container/ HTTP/1.1" 201 451 "-" "OpenAPI-Generator/1.0.0/ruby"
Dec 02 15:04:15 wps3-linux dynflow-sidekiq@worker[1895]: 2020-12-02T23:04:15.803Z 1975 TID-2muinf Dynflow::Executors::Sidekiq::WorkerJobs::PerformWork JID-bcceb8448aa4216ac687b31d INFO: done: 0.035 sec
Dec 02 15:04:15 wps3-linux dynflow-sidekiq@orchestrator[1893]: 2020-12-02T23:04:15.804Z 1969 TID-26y7t9 Dynflow::Executors::Sidekiq::OrchestratorJobs::WorkerDone JID-98ba4963f5b698805047b8ed INFO: start
Dec 02 15:04:15 wps3-linux dynflow-sidekiq@orchestrator[1893]: 2020-12-02T23:04:15.804Z 1969 TID-26y7t9 Dynflow::Executors::Sidekiq::OrchestratorJobs::WorkerDone JID-98ba4963f5b698805047b8ed INFO: done: 0.0 sec
Dec 02 15:04:15 wps3-linux dynflow-sidekiq@worker[1895]: 2020-12-02T23:04:15.805Z 1975 TID-2mui1v Dynflow::Executors::Sidekiq::WorkerJobs::PerformWork JID-989266e3ae11d9a322e7921a INFO: start
Dec 02 15:04:15 wps3-linux dynflow-sidekiq@worker[1895]: 2020-12-02T23:04:15.826Z 1975 TID-2mui1v Dynflow::Executors::Sidekiq::WorkerJobs::PerformWork JID-989266e3ae11d9a322e7921a INFO: done: 0.022 sec
Dec 02 15:04:15 wps3-linux dynflow-sidekiq@orchestrator[1893]: 2020-12-02T23:04:15.827Z 1969 TID-26y7t9 Dynflow::Executors::Sidekiq::OrchestratorJobs::WorkerDone JID-da4944fe7de1d77d906589da INFO: start
Dec 02 15:04:15 wps3-linux dynflow-sidekiq@orchestrator[1893]: 2020-12-02T23:04:15.827Z 1969 TID-26y7t9 Dynflow::Executors::Sidekiq::OrchestratorJobs::WorkerDone JID-da4944fe7de1d77d906589da INFO: done: 0.0 sec
Dec 02 15:04:15 wps3-linux dynflow-sidekiq@worker[1895]: 2020-12-02T23:04:15.828Z 1975 TID-2muicv Dynflow::Executors::Sidekiq::WorkerJobs::PerformWork JID-95d7b834fef63ad141a3e269 INFO: start
Dec 02 15:04:15 wps3-linux dynflow-sidekiq@worker[1895]: 2020-12-02T23:04:15.854Z 1975 TID-2muicv Dynflow::Executors::Sidekiq::WorkerJobs::PerformWork JID-95d7b834fef63ad141a3e269 INFO: done: 0.026 sec
Dec 02 15:04:15 wps3-linux dynflow-sidekiq@orchestrator[1893]: 2020-12-02T23:04:15.854Z 1969 TID-26y7t9 Dynflow::Executors::Sidekiq::OrchestratorJobs::WorkerDone JID-20ff15b2bded05040fd9fd11 INFO: start
Dec 02 15:04:15 wps3-linux dynflow-sidekiq@orchestrator[1893]: 2020-12-02T23:04:15.854Z 1969 TID-26y7t9 Dynflow::Executors::Sidekiq::OrchestratorJobs::WorkerDone JID-20ff15b2bded05040fd9fd11 INFO: done: 0.0 sec
Dec 02 15:04:15 wps3-linux dynflow-sidekiq@worker[1895]: 2020-12-02T23:04:15.855Z 1975 TID-2mug2b Dynflow::Executors::Sidekiq::WorkerJobs::PerformWork JID-16cf7090ec10d0e8c4a7a9ea INFO: start
Dec 02 15:04:15 wps3-linux dynflow-sidekiq@worker[1895]: 2020-12-02T23:04:15.887Z 1975 TID-2mug2b Dynflow::Executors::Sidekiq::WorkerJobs::PerformWork JID-16cf7090ec10d0e8c4a7a9ea INFO: done: 0.032 sec
Dec 02 15:04:15 wps3-linux dynflow-sidekiq@orchestrator[1893]: 2020-12-02T23:04:15.888Z 1969 TID-26y7t9 Dynflow::Executors::Sidekiq::OrchestratorJobs::WorkerDone JID-fea4f652ac02054ac9f848b7 INFO: start
Dec 02 15:04:15 wps3-linux dynflow-sidekiq@orchestrator[1893]: 2020-12-02T23:04:15.888Z 1969 TID-26y7t9 Dynflow::Executors::Sidekiq::OrchestratorJobs::WorkerDone JID-fea4f652ac02054ac9f848b7 INFO: done: 0.0 sec
Dec 02 15:04:15 wps3-linux dynflow-sidekiq@worker[1895]: 2020-12-02T23:04:15.888Z 1975 TID-2mufrr Dynflow::Executors::Sidekiq::WorkerJobs::PerformWork JID-a71ac871979520df8a870e10 INFO: start
Dec 02 15:04:15 wps3-linux pulpcore-api[1370]: 127.0.0.1 - - [02/Dec/2020:23:04:15 +0000] "GET /pulp/api/v3/status HTTP/1.1" 301 0 "-" "rest-client/2.0.2 (linux-gnu x86_64) ruby/2.5.5p157"
Dec 02 15:04:15 wps3-linux pulpcore-api[1370]: 127.0.0.1 - - [02/Dec/2020:23:04:15 +0000] "GET /pulp/api/v3/status/ HTTP/1.1" 200 1123 "-" "rest-client/2.0.2 (linux-gnu x86_64) ruby/2.5.5p157"
Dec 02 15:04:15 wps3-linux dynflow-sidekiq@worker[1895]: 2020-12-02T23:04:15.967Z 1975 TID-2mufrr Dynflow::Executors::Sidekiq::WorkerJobs::PerformWork JID-a71ac871979520df8a870e10 INFO: done: 0.079 sec
Dec 02 15:04:15 wps3-linux dynflow-sidekiq@orchestrator[1893]: 2020-12-02T23:04:15.968Z 1969 TID-26y7t9 Dynflow::Executors::Sidekiq::OrchestratorJobs::WorkerDone JID-70b602a646522a7c3dcd0914 INFO: start
Dec 02 15:04:15 wps3-linux dynflow-sidekiq@orchestrator[1893]: 2020-12-02T23:04:15.968Z 1969 TID-26y7t9 Dynflow::Executors::Sidekiq::OrchestratorJobs::WorkerDone JID-70b602a646522a7c3dcd0914 INFO: done: 0.0 sec
Dec 02 15:04:15 wps3-linux dynflow-sidekiq@worker[1895]: 2020-12-02T23:04:15.983Z 1975 TID-2muinf Dynflow::Executors::Sidekiq::WorkerJobs::PerformWork JID-135398b695b5e5615ec682ad INFO: start
Dec 02 15:04:15 wps3-linux dynflow-sidekiq@worker[1895]: 2020-12-02T23:04:15.984Z 1975 TID-2mui1v Dynflow::Executors::Sidekiq::WorkerJobs::PerformWork JID-32ce127c75c0a844907dafd5 INFO: start
Dec 02 15:04:16 wps3-linux dynflow-sidekiq@worker[1895]: 2020-12-02T23:04:16.014Z 1975 TID-2mui1v Dynflow::Executors::Sidekiq::WorkerJobs::PerformWork JID-32ce127c75c0a844907dafd5 INFO: done: 0.03 sec
Dec 02 15:04:16 wps3-linux dynflow-sidekiq@orchestrator[1893]: 2020-12-02T23:04:16.015Z 1969 TID-26y7t9 Dynflow::Executors::Sidekiq::OrchestratorJobs::WorkerDone JID-b9f391d84f4ea4ae9f9cbf27 INFO: start
Dec 02 15:04:16 wps3-linux dynflow-sidekiq@orchestrator[1893]: 2020-12-02T23:04:16.015Z 1969 TID-26y7t9 Dynflow::Executors::Sidekiq::OrchestratorJobs::WorkerDone JID-b9f391d84f4ea4ae9f9cbf27 INFO: done: 0.0 sec
Dec 02 15:04:16 wps3-linux pulpcore-resource-manager[1378]: pulp: rq.worker:INFO: resource-manager: 73181354-865a-424f-a6ea-2be4f7eac935
Dec 02 15:04:16 wps3-linux pulpcore-api[1370]: 127.0.0.1 - - [02/Dec/2020:23:04:16 +0000] "POST /pulp/api/v3/distributions/container/container/ HTTP/1.1" 202 67 "-" "OpenAPI-Generator/1.0.0/ruby"
Dec 02 15:04:16 wps3-linux dynflow-sidekiq@worker[1895]: 2020-12-02T23:04:16.026Z 1975 TID-2muinf Dynflow::Executors::Sidekiq::WorkerJobs::PerformWork JID-135398b695b5e5615ec682ad INFO: done: 0.043 sec
Dec 02 15:04:16 wps3-linux dynflow-sidekiq@orchestrator[1893]: 2020-12-02T23:04:16.026Z 1969 TID-26y7t9 Dynflow::Executors::Sidekiq::OrchestratorJobs::WorkerDone JID-0711c81956442060c667c6cd INFO: start
Dec 02 15:04:16 wps3-linux dynflow-sidekiq@orchestrator[1893]: 2020-12-02T23:04:16.027Z 1969 TID-26y7t9 Dynflow::Executors::Sidekiq::OrchestratorJobs::WorkerDone JID-0711c81956442060c667c6cd INFO: done: 0.0 sec
Dec 02 15:04:16 wps3-linux pulpcore-worker-1[1271]: pulp: rq.worker:INFO: 1271@wps3-linux: 5fd3f217-8ede-4d09-88a4-50e5a832672b
Dec 02 15:04:16 wps3-linux pulpcore-resource-manager[1378]: pulp: rq.worker:INFO: resource-manager: Job OK (73181354-865a-424f-a6ea-2be4f7eac935)
Dec 02 15:04:16 wps3-linux pulpcore-worker-1[1271]: pulp: rq.worker:INFO: 1271@wps3-linux: Job OK (5fd3f217-8ede-4d09-88a4-50e5a832672b)
Dec 02 15:04:16 wps3-linux pulpcore-worker-1[1271]: pulp: rq.worker:INFO: 1271@wps3-linux: 0ad6c3c9-0f27-4c8a-9a26-e55157321cd8
Dec 02 15:04:16 wps3-linux pulpcore-worker-1[1271]: pulp: rq.worker:INFO: 1271@wps3-linux: Job OK (0ad6c3c9-0f27-4c8a-9a26-e55157321cd8)
Dec 02 15:04:16 wps3-linux dynflow-sidekiq@worker[1895]: 2020-12-02T23:04:16.525Z 1975 TID-2muicv Dynflow::Executors::Sidekiq::WorkerJobs::PerformWork JID-567fe129edfd36918fc2a25a INFO: start
Dec 02 15:04:16 wps3-linux pulpcore-api[1370]: 127.0.0.1 - - [02/Dec/2020:23:04:16 +0000] "GET /pulp/api/v3/tasks/5fd3f217-8ede-4d09-88a4-50e5a832672b/ HTTP/1.1" 200 541 "-" "OpenAPI-Generator/3.0.0/ruby"
Dec 02 15:04:16 wps3-linux dynflow-sidekiq@worker[1895]: 2020-12-02T23:04:16.560Z 1975 TID-2muicv Dynflow::Executors::Sidekiq::WorkerJobs::PerformWork JID-567fe129edfd36918fc2a25a INFO: done: 0.035 sec
Dec 02 15:04:16 wps3-linux dynflow-sidekiq@orchestrator[1893]: 2020-12-02T23:04:16.560Z 1969 TID-26y7t9 Dynflow::Executors::Sidekiq::OrchestratorJobs::WorkerDone JID-e1928193bca1288797f3172b INFO: start
Dec 02 15:04:16 wps3-linux dynflow-sidekiq@orchestrator[1893]: 2020-12-02T23:04:16.561Z 1969 TID-26y7t9 Dynflow::Executors::Sidekiq::OrchestratorJobs::WorkerDone JID-e1928193bca1288797f3172b INFO: done: 0.0 sec
Dec 02 15:04:16 wps3-linux dynflow-sidekiq@worker[1895]: 2020-12-02T23:04:16.561Z 1975 TID-2mug2b Dynflow::Executors::Sidekiq::WorkerJobs::PerformWork JID-eadba042662676d7d4ef3999 INFO: start
Dec 02 15:04:16 wps3-linux pulpcore-api[1370]: 127.0.0.1 - - [02/Dec/2020:23:04:16 +0000] "GET /pulp/api/v3/distributions/container/container/d64db552-8d11-446d-911b-e39faac46a1e/ HTTP/1.1" 200 468 "-" "OpenAPI-Generator/1.0.0/ruby"
Dec 02 15:04:16 wps3-linux dynflow-sidekiq@worker[1895]: 2020-12-02T23:04:16.592Z 1975 TID-2mug2b Dynflow::Executors::Sidekiq::WorkerJobs::PerformWork JID-eadba042662676d7d4ef3999 INFO: done: 0.031 sec
Dec 02 15:04:16 wps3-linux dynflow-sidekiq@orchestrator[1893]: 2020-12-02T23:04:16.592Z 1969 TID-26y7t9 Dynflow::Executors::Sidekiq::OrchestratorJobs::WorkerDone JID-a7fb169d2b8d441f7c7431ca INFO: start
Dec 02 15:04:16 wps3-linux dynflow-sidekiq@orchestrator[1893]: 2020-12-02T23:04:16.592Z 1969 TID-26y7t9 Dynflow::Executors::Sidekiq::OrchestratorJobs::WorkerDone JID-a7fb169d2b8d441f7c7431ca INFO: done: 0.0 sec
Dec 02 15:05:04 wps3-linux pulpcore-api[1370]: 127.0.0.1 - - [02/Dec/2020:23:05:04 +0000] "GET /pulp/api/v3/status HTTP/1.1" 301 0 "-" "rest-client/2.0.2 (linux-gnu x86_64) ruby/2.5.5p157"
Dec 02 15:05:04 wps3-linux pulpcore-api[1370]: 127.0.0.1 - - [02/Dec/2020:23:05:04 +0000] "GET /pulp/api/v3/status/ HTTP/1.1" 200 1123 "-" "rest-client/2.0.2 (linux-gnu x86_64) ruby/2.5.5p157"
Dec 02 15:05:04 wps3-linux dynflow-sidekiq@worker[1895]: 2020-12-02T23:05:04.523Z 1975 TID-2muicv Dynflow::Executors::Sidekiq::WorkerJobs::PerformWork JID-fbbeb538729e2ec3baa82771 INFO: start
Dec 02 15:05:04 wps3-linux dynflow-sidekiq@worker[1895]: 2020-12-02T23:05:04.523Z 1975 TID-2mug2b Dynflow::Executors::Sidekiq::WorkerJobs::PerformWork JID-671a269f3ae7fec0e947e588 INFO: start
Dec 02 15:05:04 wps3-linux dynflow-sidekiq@worker[1895]: 2020-12-02T23:05:04.524Z 1975 TID-2muinf Dynflow::Executors::Sidekiq::WorkerJobs::PerformWork JID-d4c31bdbbe12d13bc1cc9b4e INFO: start
Dec 02 15:05:04 wps3-linux dynflow-sidekiq@worker[1895]: 2020-12-02T23:05:04.524Z 1975 TID-2mui1v Dynflow::Executors::Sidekiq::WorkerJobs::PerformWork JID-510aa05e11023c030668eb21 INFO: start
Dec 02 15:05:04 wps3-linux dynflow-sidekiq@worker[1895]: 2020-12-02T23:05:04.524Z 1975 TID-2mufrr Dynflow::Executors::Sidekiq::WorkerJobs::PerformWork JID-4eeb95b20c716b14eebd7765 INFO: start
Dec 02 15:05:04 wps3-linux pulpcore-resource-manager[1378]: pulp: rq.worker:INFO: resource-manager: 141c2eb2-56de-4882-bc7c-30d4db92cf3c
Dec 02 15:05:04 wps3-linux pulpcore-api[1370]: 127.0.0.1 - - [02/Dec/2020:23:05:04 +0000] "PATCH /pulp/api/v3/distributions/container/container/d64db552-8d11-446d-911b-e39faac46a1e/ HTTP/1.1" 202 67 "-" "OpenAPI-Generator/1.0.0/ruby"
Dec 02 15:05:04 wps3-linux pulpcore-api[1370]: 127.0.0.1 - - [02/Dec/2020:23:05:04 +0000] "PUT /pulp/api/v3/repositories/container/container/99c257b7-eed0-45e5-9913-d0ffa7758764/ HTTP/1.1" 202 67 "-" "OpenAPI-Generator/1.0.0/ruby"
Dec 02 15:05:04 wps3-linux dynflow-sidekiq@orchestrator[1893]: 2020-12-02T23:05:04.578Z 1969 TID-26y7t9 Dynflow::Executors::Sidekiq::OrchestratorJobs::WorkerDone JID-306e481b9ebd815a7f6bf06e INFO: start
Dec 02 15:05:04 wps3-linux dynflow-sidekiq@orchestrator[1893]: 2020-12-02T23:05:04.579Z 1969 TID-26y7t9 Dynflow::Executors::Sidekiq::OrchestratorJobs::WorkerDone JID-306e481b9ebd815a7f6bf06e INFO: done: 0.001 sec
Dec 02 15:05:04 wps3-linux dynflow-sidekiq@worker[1895]: 2020-12-02T23:05:04.580Z 1975 TID-2muinf Dynflow::Executors::Sidekiq::WorkerJobs::PerformWork JID-d4c31bdbbe12d13bc1cc9b4e INFO: done: 0.056 sec
Dec 02 15:05:04 wps3-linux dynflow-sidekiq@orchestrator[1893]: 2020-12-02T23:05:04.584Z 1969 TID-26y7t9 Dynflow::Executors::Sidekiq::OrchestratorJobs::WorkerDone JID-f3964f74b7b32bc5c2073100 INFO: start
Dec 02 15:05:04 wps3-linux dynflow-sidekiq@orchestrator[1893]: 2020-12-02T23:05:04.584Z 1969 TID-26y7t9 Dynflow::Executors::Sidekiq::OrchestratorJobs::WorkerDone JID-f3964f74b7b32bc5c2073100 INFO: done: 0.001 sec
Dec 02 15:05:04 wps3-linux dynflow-sidekiq@worker[1895]: 2020-12-02T23:05:04.585Z 1975 TID-2mug2b Dynflow::Executors::Sidekiq::WorkerJobs::PerformWork JID-671a269f3ae7fec0e947e588 INFO: done: 0.062 sec
Dec 02 15:05:04 wps3-linux pulpcore-worker-1[1271]: pulp: rq.worker:INFO: 1271@wps3-linux: d16de5b2-f40f-42db-b5dc-ef795d6b1e10
Dec 02 15:05:04 wps3-linux pulpcore-resource-manager[1378]: pulp: rq.worker:INFO: resource-manager: Job OK (141c2eb2-56de-4882-bc7c-30d4db92cf3c)
Dec 02 15:05:04 wps3-linux pulpcore-api[1370]: 127.0.0.1 - - [02/Dec/2020:23:05:04 +0000] "PATCH /pulp/api/v3/remotes/container/container/8993b2df-5b10-4409-99cf-bb545570d46b/ HTTP/1.1" 202 67 "-" "OpenAPI-Generator/1.0.0/ruby"
Dec 02 15:05:04 wps3-linux dynflow-sidekiq@worker[1895]: 2020-12-02T23:05:04.616Z 1975 TID-2muicv Dynflow::Executors::Sidekiq::WorkerJobs::PerformWork JID-fbbeb538729e2ec3baa82771 INFO: done: 0.093 sec
Dec 02 15:05:04 wps3-linux dynflow-sidekiq@orchestrator[1893]: 2020-12-02T23:05:04.616Z 1969 TID-26y7t9 Dynflow::Executors::Sidekiq::OrchestratorJobs::WorkerDone JID-d336976e299ce4512b5ff234 INFO: start
Dec 02 15:05:04 wps3-linux dynflow-sidekiq@orchestrator[1893]: 2020-12-02T23:05:04.616Z 1969 TID-26y7t9 Dynflow::Executors::Sidekiq::OrchestratorJobs::WorkerDone JID-d336976e299ce4512b5ff234 INFO: done: 0.0 sec
Dec 02 15:05:04 wps3-linux dynflow-sidekiq@worker[1895]: 2020-12-02T23:05:04.625Z 1975 TID-2mufrr Dynflow::Executors::Sidekiq::WorkerJobs::PerformWork JID-4eeb95b20c716b14eebd7765 INFO: done: 0.101 sec
Dec 02 15:05:04 wps3-linux dynflow-sidekiq@orchestrator[1893]: 2020-12-02T23:05:04.626Z 1969 TID-26y7t9 Dynflow::Executors::Sidekiq::OrchestratorJobs::WorkerDone JID-7b9a87e2f271cd859b8af424 INFO: start
Dec 02 15:05:04 wps3-linux dynflow-sidekiq@orchestrator[1893]: 2020-12-02T23:05:04.626Z 1969 TID-26y7t9 Dynflow::Executors::Sidekiq::OrchestratorJobs::WorkerDone JID-7b9a87e2f271cd859b8af424 INFO: done: 0.0 sec
Dec 02 15:05:04 wps3-linux pulpcore-resource-manager[1378]: pulp: rq.worker:INFO: resource-manager: 90bc0368-a88a-4934-a7f0-763b18361fcb
Dec 02 15:05:04 wps3-linux pulpcore-api[1370]: 127.0.0.1 - - [02/Dec/2020:23:05:04 +0000] "GET /pulp/api/v3/status HTTP/1.1" 301 0 "-" "rest-client/2.0.2 (linux-gnu x86_64) ruby/2.5.5p157"
Dec 02 15:05:04 wps3-linux pulpcore-api[1370]: 127.0.0.1 - - [02/Dec/2020:23:05:04 +0000] "GET /pulp/api/v3/status/ HTTP/1.1" 200 1123 "-" "rest-client/2.0.2 (linux-gnu x86_64) ruby/2.5.5p157"
Dec 02 15:05:04 wps3-linux pulpcore-worker-2[1272]: pulp: rq.worker:INFO: 1272@wps3-linux: c379aeb4-4d34-4e1a-86a2-4213d23e9b29
Dec 02 15:05:04 wps3-linux pulpcore-resource-manager[1378]: pulp: rq.worker:INFO: resource-manager: Job OK (90bc0368-a88a-4934-a7f0-763b18361fcb)
Dec 02 15:05:04 wps3-linux pulpcore-resource-manager[1378]: pulp: rq.worker:INFO: resource-manager: 5a543567-9c43-4665-a5a8-50eb9b0a4819
Dec 02 15:05:04 wps3-linux pulpcore-worker-2[1272]: pulp: rq.worker:INFO: 1272@wps3-linux: Job OK (c379aeb4-4d34-4e1a-86a2-4213d23e9b29)
Dec 02 15:05:04 wps3-linux dynflow-sidekiq@orchestrator[1893]: 2020-12-02T23:05:04.761Z 1969 TID-26y7t9 Dynflow::Executors::Sidekiq::OrchestratorJobs::WorkerDone JID-189248536422797d499957f2 INFO: start
Dec 02 15:05:04 wps3-linux dynflow-sidekiq@orchestrator[1893]: 2020-12-02T23:05:04.761Z 1969 TID-26y7t9 Dynflow::Executors::Sidekiq::OrchestratorJobs::WorkerDone JID-189248536422797d499957f2 INFO: done: 0.0 sec
Dec 02 15:05:04 wps3-linux dynflow-sidekiq@worker[1895]: 2020-12-02T23:05:04.763Z 1975 TID-2mui1v Dynflow::Executors::Sidekiq::WorkerJobs::PerformWork JID-510aa05e11023c030668eb21 INFO: done: 0.238 sec
Dec 02 15:05:04 wps3-linux dynflow-sidekiq@worker[1895]: 2020-12-02T23:05:04.786Z 1975 TID-2muinf Dynflow::Executors::Sidekiq::WorkerJobs::PerformWork JID-56fc28e3d616443f28765391 INFO: start
Dec 02 15:05:04 wps3-linux pulpcore-worker-2[1272]: pulp: rq.worker:INFO: 1272@wps3-linux: 32fca166-846a-4328-bd6e-1ec8322ae1e5
Dec 02 15:05:04 wps3-linux pulpcore-worker-1[1271]: pulp: rq.worker:INFO: 1271@wps3-linux: Job OK (d16de5b2-f40f-42db-b5dc-ef795d6b1e10)
Dec 02 15:05:04 wps3-linux pulpcore-api[1370]: 127.0.0.1 - - [02/Dec/2020:23:05:04 +0000] "PATCH /pulp/api/v3/distributions/container/container/d64db552-8d11-446d-911b-e39faac46a1e/ HTTP/1.1" 202 67 "-" "OpenAPI-Generator/1.0.0/ruby"
Dec 02 15:05:04 wps3-linux dynflow-sidekiq@worker[1895]: 2020-12-02T23:05:04.830Z 1975 TID-2muinf Dynflow::Executors::Sidekiq::WorkerJobs::PerformWork JID-56fc28e3d616443f28765391 INFO: done: 0.043 sec
Dec 02 15:05:04 wps3-linux dynflow-sidekiq@orchestrator[1893]: 2020-12-02T23:05:04.830Z 1969 TID-26y7t9 Dynflow::Executors::Sidekiq::OrchestratorJobs::WorkerDone JID-b4ecbb30aa87adcdc78c57ba INFO: start
Dec 02 15:05:04 wps3-linux dynflow-sidekiq@orchestrator[1893]: 2020-12-02T23:05:04.831Z 1969 TID-26y7t9 Dynflow::Executors::Sidekiq::OrchestratorJobs::WorkerDone JID-b4ecbb30aa87adcdc78c57ba INFO: done: 0.0 sec
Dec 02 15:05:04 wps3-linux pulpcore-worker-1[1271]: pulp: rq.worker:INFO: 1271@wps3-linux: 02cfbe65-3fce-4635-bc5f-09efaf1f20b6
Dec 02 15:05:04 wps3-linux pulpcore-worker-2[1272]: pulp: rq.worker:INFO: 1272@wps3-linux: Job OK (32fca166-846a-4328-bd6e-1ec8322ae1e5)
Dec 02 15:05:04 wps3-linux pulpcore-worker-1[1271]: pulp: rq.worker:INFO: 1271@wps3-linux: Job OK (02cfbe65-3fce-4635-bc5f-09efaf1f20b6)
Dec 02 15:05:05 wps3-linux pulpcore-worker-2[1272]: pulp: rq.worker:INFO: 1272@wps3-linux: aecb8b18-9dc8-4404-be01-b8a602443c53
Dec 02 15:05:05 wps3-linux pulpcore-resource-manager[1378]: pulp: rq.worker:INFO: resource-manager: Job OK (5a543567-9c43-4665-a5a8-50eb9b0a4819)
Dec 02 15:05:05 wps3-linux pulpcore-resource-manager[1378]: pulp: rq.worker:INFO: resource-manager: ac3dfe8a-7804-4e94-80dd-fb46462eba19
Dec 02 15:05:05 wps3-linux pulpcore-worker-2[1272]: pulp: rq.worker:INFO: 1272@wps3-linux: Job OK (aecb8b18-9dc8-4404-be01-b8a602443c53)
Dec 02 15:05:05 wps3-linux pulpcore-worker-1[1271]: pulp: rq.worker:INFO: 1271@wps3-linux: ae169d27-b353-429d-b30d-1fa30c5b4493
Dec 02 15:05:05 wps3-linux dynflow-sidekiq@worker[1895]: 2020-12-02T23:05:05.067Z 1975 TID-2mug2b Dynflow::Executors::Sidekiq::WorkerJobs::PerformWork JID-4914a9a3689066d06fcee053 INFO: start
Dec 02 15:05:05 wps3-linux pulpcore-resource-manager[1378]: pulp: rq.worker:INFO: resource-manager: Job OK (ac3dfe8a-7804-4e94-80dd-fb46462eba19)
Dec 02 15:05:05 wps3-linux pulpcore-worker-2[1272]: pulp: rq.worker:INFO: 1272@wps3-linux: d8b3fdc2-bf53-46ed-86df-78d1eb3e81bd
Dec 02 15:05:05 wps3-linux pulpcore-api[1370]: 127.0.0.1 - - [02/Dec/2020:23:05:05 +0000] "GET /pulp/api/v3/tasks/d16de5b2-f40f-42db-b5dc-ef795d6b1e10/ HTTP/1.1" 200 455 "-" "OpenAPI-Generator/3.0.0/ruby"
Dec 02 15:05:05 wps3-linux dynflow-sidekiq@worker[1895]: 2020-12-02T23:05:05.101Z 1975 TID-2mug2b Dynflow::Executors::Sidekiq::WorkerJobs::PerformWork JID-4914a9a3689066d06fcee053 INFO: done: 0.034 sec
Dec 02 15:05:05 wps3-linux dynflow-sidekiq@orchestrator[1893]: 2020-12-02T23:05:05.101Z 1969 TID-26y7t9 Dynflow::Executors::Sidekiq::OrchestratorJobs::WorkerDone JID-1f0f1227a7cd9d6455143990 INFO: start
Dec 02 15:05:05 wps3-linux dynflow-sidekiq@orchestrator[1893]: 2020-12-02T23:05:05.102Z 1969 TID-26y7t9 Dynflow::Executors::Sidekiq::OrchestratorJobs::WorkerDone JID-1f0f1227a7cd9d6455143990 INFO: done: 0.0 sec
Dec 02 15:05:05 wps3-linux dynflow-sidekiq@worker[1895]: 2020-12-02T23:05:05.103Z 1975 TID-2muicv Dynflow::Executors::Sidekiq::WorkerJobs::PerformWork JID-80f564fad3d0d288b06f47bb INFO: start
Dec 02 15:05:05 wps3-linux dynflow-sidekiq@worker[1895]: 2020-12-02T23:05:05.110Z 1975 TID-2muicv Dynflow::Executors::Sidekiq::WorkerJobs::PerformWork JID-80f564fad3d0d288b06f47bb INFO: done: 0.007 sec
Dec 02 15:05:05 wps3-linux dynflow-sidekiq@orchestrator[1893]: 2020-12-02T23:05:05.110Z 1969 TID-26y7t9 Dynflow::Executors::Sidekiq::OrchestratorJobs::WorkerDone JID-bcdce1d0ee4d70b3748fedd5 INFO: start
Dec 02 15:05:05 wps3-linux dynflow-sidekiq@orchestrator[1893]: 2020-12-02T23:05:05.110Z 1969 TID-26y7t9 Dynflow::Executors::Sidekiq::OrchestratorJobs::WorkerDone JID-bcdce1d0ee4d70b3748fedd5 INFO: done: 0.0 sec
Dec 02 15:05:05 wps3-linux pulpcore-worker-2[1272]: pulp: rq.worker:INFO: 1272@wps3-linux: Job OK (d8b3fdc2-bf53-46ed-86df-78d1eb3e81bd)
Dec 02 15:05:05 wps3-linux pulpcore-worker-1[1271]: pulp: rq.worker:INFO: 1271@wps3-linux: Job OK (ae169d27-b353-429d-b30d-1fa30c5b4493)
Dec 02 15:05:05 wps3-linux pulpcore-worker-1[1271]: pulp: rq.worker:INFO: 1271@wps3-linux: b500a38c-1dc2-45a3-9732-34190394de90
Dec 02 15:05:05 wps3-linux pulpcore-worker-1[1271]: pulp: rq.worker:INFO: 1271@wps3-linux: Job OK (b500a38c-1dc2-45a3-9732-34190394de90)
Dec 02 15:05:05 wps3-linux dynflow-sidekiq@worker[1895]: 2020-12-02T23:05:05.328Z 1975 TID-2mufrr Dynflow::Executors::Sidekiq::WorkerJobs::PerformWork JID-b16fb8335a380cd6017be135 INFO: start
Dec 02 15:05:05 wps3-linux pulpcore-api[1370]: 127.0.0.1 - - [02/Dec/2020:23:05:05 +0000] "GET /pulp/api/v3/tasks/ae169d27-b353-429d-b30d-1fa30c5b4493/ HTTP/1.1" 200 455 "-" "OpenAPI-Generator/3.0.0/ruby"
Dec 02 15:05:05 wps3-linux dynflow-sidekiq@worker[1895]: 2020-12-02T23:05:05.360Z 1975 TID-2mufrr Dynflow::Executors::Sidekiq::WorkerJobs::PerformWork JID-b16fb8335a380cd6017be135 INFO: done: 0.032 sec
Dec 02 15:05:05 wps3-linux dynflow-sidekiq@orchestrator[1893]: 2020-12-02T23:05:05.360Z 1969 TID-26y7t9 Dynflow::Executors::Sidekiq::OrchestratorJobs::WorkerDone JID-9743f4952435ae47fb93d3a0 INFO: start
Dec 02 15:05:05 wps3-linux dynflow-sidekiq@orchestrator[1893]: 2020-12-02T23:05:05.361Z 1969 TID-26y7t9 Dynflow::Executors::Sidekiq::OrchestratorJobs::WorkerDone JID-9743f4952435ae47fb93d3a0 INFO: done: 0.0 sec
Dec 02 15:05:05 wps3-linux dynflow-sidekiq@worker[1895]: 2020-12-02T23:05:05.361Z 1975 TID-2mui1v Dynflow::Executors::Sidekiq::WorkerJobs::PerformWork JID-964de718ba80863cd4323914 INFO: start
Dec 02 15:05:05 wps3-linux dynflow-sidekiq@worker[1895]: 2020-12-02T23:05:05.368Z 1975 TID-2mui1v Dynflow::Executors::Sidekiq::WorkerJobs::PerformWork JID-964de718ba80863cd4323914 INFO: done: 0.006 sec
Dec 02 15:05:05 wps3-linux dynflow-sidekiq@orchestrator[1893]: 2020-12-02T23:05:05.368Z 1969 TID-26y7t9 Dynflow::Executors::Sidekiq::OrchestratorJobs::WorkerDone JID-f0ec18c0aecb225afc3fb99e INFO: start
Dec 02 15:05:05 wps3-linux dynflow-sidekiq@orchestrator[1893]: 2020-12-02T23:05:05.368Z 1969 TID-26y7t9 Dynflow::Executors::Sidekiq::OrchestratorJobs::WorkerDone JID-f0ec18c0aecb225afc3fb99e INFO: done: 0.0 sec
Dec 02 15:05:30 wps3-linux pulpcore-api[1370]: 127.0.0.1 - - [02/Dec/2020:23:05:30 +0000] "GET /pulp/api/v3/status HTTP/1.1" 301 0 "-" "rest-client/2.0.2 (linux-gnu x86_64) ruby/2.5.5p157"
Dec 02 15:05:30 wps3-linux pulpcore-api[1370]: 127.0.0.1 - - [02/Dec/2020:23:05:30 +0000] "GET /pulp/api/v3/status/ HTTP/1.1" 200 1123 "-" "rest-client/2.0.2 (linux-gnu x86_64) ruby/2.5.5p157"
Dec 02 15:05:30 wps3-linux dynflow-sidekiq@worker[1895]: 2020-12-02T23:05:30.434Z 1975 TID-2mufrr Dynflow::Executors::Sidekiq::WorkerJobs::PerformWork JID-f93c132f72a616267458fa97 INFO: start
Dec 02 15:05:30 wps3-linux dynflow-sidekiq@worker[1895]: 2020-12-02T23:05:30.434Z 1975 TID-2muinf Dynflow::Executors::Sidekiq::WorkerJobs::PerformWork JID-cb9e2eb422b5ac2c58a2a474 INFO: start
Dec 02 15:05:30 wps3-linux dynflow-sidekiq@worker[1895]: 2020-12-02T23:05:30.435Z 1975 TID-2mui1v Dynflow::Executors::Sidekiq::WorkerJobs::PerformWork JID-16c3f55a787e9bd3b2162afb INFO: start
Dec 02 15:05:30 wps3-linux dynflow-sidekiq@worker[1895]: 2020-12-02T23:05:30.436Z 1975 TID-2mug2b Dynflow::Executors::Sidekiq::WorkerJobs::PerformWork JID-a413f6640152fab6615f30b1 INFO: start
Dec 02 15:05:30 wps3-linux dynflow-sidekiq@worker[1895]: 2020-12-02T23:05:30.435Z 1975 TID-2muicv Dynflow::Executors::Sidekiq::WorkerJobs::PerformWork JID-a00ca1cc9c913ab56f16b907 INFO: start
Dec 02 15:05:30 wps3-linux dynflow-sidekiq@worker[1895]: 2020-12-02T23:05:30.484Z 1975 TID-2mufrr Dynflow::Executors::Sidekiq::WorkerJobs::PerformWork JID-f93c132f72a616267458fa97 INFO: done: 0.051 sec
Dec 02 15:05:30 wps3-linux dynflow-sidekiq@orchestrator[1893]: 2020-12-02T23:05:30.485Z 1969 TID-26y7t9 Dynflow::Executors::Sidekiq::OrchestratorJobs::WorkerDone JID-5769fac31f1eadcabeaf4cf6 INFO: start
Dec 02 15:05:30 wps3-linux dynflow-sidekiq@orchestrator[1893]: 2020-12-02T23:05:30.485Z 1969 TID-26y7t9 Dynflow::Executors::Sidekiq::OrchestratorJobs::WorkerDone JID-5769fac31f1eadcabeaf4cf6 INFO: done: 0.0 sec
Dec 02 15:05:30 wps3-linux pulpcore-api[1370]: 127.0.0.1 - - [02/Dec/2020:23:05:30 +0000] "PATCH /pulp/api/v3/remotes/container/container/8993b2df-5b10-4409-99cf-bb545570d46b/ HTTP/1.1" 202 67 "-" "OpenAPI-Generator/1.0.0/ruby"
Dec 02 15:05:30 wps3-linux pulpcore-resource-manager[1378]: pulp: rq.worker:INFO: resource-manager: 27ba1a3b-9118-45ad-841a-79639dfa5e52
Dec 02 15:05:30 wps3-linux dynflow-sidekiq@orchestrator[1893]: 2020-12-02T23:05:30.497Z 1969 TID-26y7t9 Dynflow::Executors::Sidekiq::OrchestratorJobs::WorkerDone JID-b6137521e9de1b579efb6358 INFO: start
Dec 02 15:05:30 wps3-linux dynflow-sidekiq@orchestrator[1893]: 2020-12-02T23:05:30.498Z 1969 TID-26y7t9 Dynflow::Executors::Sidekiq::OrchestratorJobs::WorkerDone JID-b6137521e9de1b579efb6358 INFO: done: 0.001 sec
Dec 02 15:05:30 wps3-linux dynflow-sidekiq@worker[1895]: 2020-12-02T23:05:30.498Z 1975 TID-2muinf Dynflow::Executors::Sidekiq::WorkerJobs::PerformWork JID-cb9e2eb422b5ac2c58a2a474 INFO: done: 0.064 sec
