Dec 02 15:05:30 wps3-linux pulpcore-api[1370]: 127.0.0.1 - - [02/Dec/2020:23:05:30 +0000] "PATCH /pulp/api/v3/distributions/container/container/d64db552-8d11-446d-911b-e39faac46a1e/ HTTP/1.1" 202 67 "-" "OpenAPI-Generator/1.0.0/ruby"
Dec 02 15:05:30 wps3-linux dynflow-sidekiq@worker[1895]: 2020-12-02T23:05:30.513Z 1975 TID-2muicv Dynflow::Executors::Sidekiq::WorkerJobs::PerformWork JID-a00ca1cc9c913ab56f16b907 INFO: done: 0.078 sec
Dec 02 15:05:30 wps3-linux dynflow-sidekiq@orchestrator[1893]: 2020-12-02T23:05:30.515Z 1969 TID-26y7t9 Dynflow::Executors::Sidekiq::OrchestratorJobs::WorkerDone JID-507ab743ab81a95bd1e1e5a7 INFO: start
Dec 02 15:05:30 wps3-linux dynflow-sidekiq@orchestrator[1893]: 2020-12-02T23:05:30.517Z 1969 TID-26y7t9 Dynflow::Executors::Sidekiq::OrchestratorJobs::WorkerDone JID-507ab743ab81a95bd1e1e5a7 INFO: done: 0.002 sec
Dec 02 15:05:30 wps3-linux pulpcore-api[1370]: 127.0.0.1 - - [02/Dec/2020:23:05:30 +0000] "PUT /pulp/api/v3/repositories/container/container/99c257b7-eed0-45e5-9913-d0ffa7758764/ HTTP/1.1" 202 67 "-" "OpenAPI-Generator/1.0.0/ruby"
Dec 02 15:05:30 wps3-linux pulpcore-api[1370]: 127.0.0.1 - - [02/Dec/2020:23:05:30 +0000] "GET /pulp/api/v3/status HTTP/1.1" 301 0 "-" "rest-client/2.0.2 (linux-gnu x86_64) ruby/2.5.5p157"
Dec 02 15:05:30 wps3-linux dynflow-sidekiq@worker[1895]: 2020-12-02T23:05:30.523Z 1975 TID-2mui1v Dynflow::Executors::Sidekiq::WorkerJobs::PerformWork JID-16c3f55a787e9bd3b2162afb INFO: done: 0.088 sec
Dec 02 15:05:30 wps3-linux dynflow-sidekiq@orchestrator[1893]: 2020-12-02T23:05:30.523Z 1969 TID-26y7t9 Dynflow::Executors::Sidekiq::OrchestratorJobs::WorkerDone JID-5f5c948dc7e76304ee607160 INFO: start
Dec 02 15:05:30 wps3-linux dynflow-sidekiq@orchestrator[1893]: 2020-12-02T23:05:30.524Z 1969 TID-26y7t9 Dynflow::Executors::Sidekiq::OrchestratorJobs::WorkerDone JID-5f5c948dc7e76304ee607160 INFO: done: 0.0 sec
Dec 02 15:05:30 wps3-linux pulpcore-worker-2[1272]: pulp: rq.worker:INFO: 1272@wps3-linux: 7c8ea1a1-c318-41a9-bd13-c1f1edee0c5e
Dec 02 15:05:30 wps3-linux pulpcore-resource-manager[1378]: pulp: rq.worker:INFO: resource-manager: Job OK (27ba1a3b-9118-45ad-841a-79639dfa5e52)
Dec 02 15:05:30 wps3-linux pulpcore-api[1370]: 127.0.0.1 - - [02/Dec/2020:23:05:30 +0000] "GET /pulp/api/v3/status/ HTTP/1.1" 200 1123 "-" "rest-client/2.0.2 (linux-gnu x86_64) ruby/2.5.5p157"
Dec 02 15:05:30 wps3-linux pulpcore-resource-manager[1378]: pulp: rq.worker:INFO: resource-manager: 2a426a40-f580-4e63-b187-18be4fd40d6c
Dec 02 15:05:30 wps3-linux pulpcore-worker-2[1272]: pulp: rq.worker:INFO: 1272@wps3-linux: Job OK (7c8ea1a1-c318-41a9-bd13-c1f1edee0c5e)
Dec 02 15:05:30 wps3-linux pulpcore-worker-2[1272]: pulp: rq.worker:INFO: 1272@wps3-linux: 35b722cf-ded4-4b55-b4a2-035d74f56c06
Dec 02 15:05:30 wps3-linux pulpcore-worker-1[1271]: pulp: rq.worker:INFO: 1271@wps3-linux: cde9933e-7337-437f-b7cc-8125a6d7dd34
Dec 02 15:05:30 wps3-linux pulpcore-resource-manager[1378]: pulp: rq.worker:INFO: resource-manager: Job OK (2a426a40-f580-4e63-b187-18be4fd40d6c)
Dec 02 15:05:30 wps3-linux dynflow-sidekiq@worker[1895]: 2020-12-02T23:05:30.594Z 1975 TID-2mug2b Dynflow::Executors::Sidekiq::WorkerJobs::PerformWork JID-a413f6640152fab6615f30b1 INFO: done: 0.158 sec
Dec 02 15:05:30 wps3-linux dynflow-sidekiq@orchestrator[1893]: 2020-12-02T23:05:30.595Z 1969 TID-26y7t9 Dynflow::Executors::Sidekiq::OrchestratorJobs::WorkerDone JID-6d43e9b9f7a132454f4899a8 INFO: start
Dec 02 15:05:30 wps3-linux dynflow-sidekiq@orchestrator[1893]: 2020-12-02T23:05:30.595Z 1969 TID-26y7t9 Dynflow::Executors::Sidekiq::OrchestratorJobs::WorkerDone JID-6d43e9b9f7a132454f4899a8 INFO: done: 0.0 sec
Dec 02 15:05:30 wps3-linux pulpcore-resource-manager[1378]: pulp: rq.worker:INFO: resource-manager: 93981f97-a51e-4da9-b9dc-c1b7a25db131
Dec 02 15:05:30 wps3-linux pulpcore-worker-2[1272]: pulp: rq.worker:INFO: 1272@wps3-linux: Job OK (35b722cf-ded4-4b55-b4a2-035d74f56c06)
Dec 02 15:05:30 wps3-linux dynflow-sidekiq@worker[1895]: 2020-12-02T23:05:30.622Z 1975 TID-2mufrr Dynflow::Executors::Sidekiq::WorkerJobs::PerformWork JID-919aa7569a86793d7050896e INFO: start
Dec 02 15:05:30 wps3-linux pulpcore-worker-2[1272]: pulp: rq.worker:INFO: 1272@wps3-linux: 0f582a3e-347b-4694-968c-32b7d3143718
Dec 02 15:05:30 wps3-linux pulpcore-resource-manager[1378]: pulp: rq.worker:INFO: resource-manager: Job OK (93981f97-a51e-4da9-b9dc-c1b7a25db131)
Dec 02 15:05:30 wps3-linux pulpcore-api[1370]: 127.0.0.1 - - [02/Dec/2020:23:05:30 +0000] "PATCH /pulp/api/v3/distributions/container/container/d64db552-8d11-446d-911b-e39faac46a1e/ HTTP/1.1" 202 67 "-" "OpenAPI-Generator/1.0.0/ruby"
Dec 02 15:05:30 wps3-linux pulpcore-resource-manager[1378]: pulp: rq.worker:INFO: resource-manager: 1d6f9276-dec9-41f1-9289-be7be24e71a2
Dec 02 15:05:30 wps3-linux dynflow-sidekiq@worker[1895]: 2020-12-02T23:05:30.663Z 1975 TID-2mufrr Dynflow::Executors::Sidekiq::WorkerJobs::PerformWork JID-919aa7569a86793d7050896e INFO: done: 0.041 sec
Dec 02 15:05:30 wps3-linux dynflow-sidekiq@orchestrator[1893]: 2020-12-02T23:05:30.663Z 1969 TID-26y7t9 Dynflow::Executors::Sidekiq::OrchestratorJobs::WorkerDone JID-fecf25c3d50c820b5706217e INFO: start
Dec 02 15:05:30 wps3-linux dynflow-sidekiq@orchestrator[1893]: 2020-12-02T23:05:30.663Z 1969 TID-26y7t9 Dynflow::Executors::Sidekiq::OrchestratorJobs::WorkerDone JID-fecf25c3d50c820b5706217e INFO: done: 0.0 sec
Dec 02 15:05:30 wps3-linux pulpcore-worker-2[1272]: pulp: rq.worker:INFO: 1272@wps3-linux: Job OK (0f582a3e-347b-4694-968c-32b7d3143718)
Dec 02 15:05:30 wps3-linux pulpcore-worker-2[1272]: pulp: rq.worker:INFO: 1272@wps3-linux: 78378a55-4635-4801-9e89-a360aa48c662
Dec 02 15:05:30 wps3-linux pulpcore-resource-manager[1378]: pulp: rq.worker:INFO: resource-manager: Job OK (1d6f9276-dec9-41f1-9289-be7be24e71a2)
Dec 02 15:05:30 wps3-linux pulpcore-worker-2[1272]: pulp: rq.worker:INFO: 1272@wps3-linux: Job OK (78378a55-4635-4801-9e89-a360aa48c662)
Dec 02 15:05:30 wps3-linux pulpcore-worker-1[1271]: pulp: rq.worker:INFO: 1271@wps3-linux: Job OK (cde9933e-7337-437f-b7cc-8125a6d7dd34)
Dec 02 15:05:30 wps3-linux pulpcore-worker-1[1271]: pulp: rq.worker:INFO: 1271@wps3-linux: fae8b970-a7f6-4596-994a-6d08eb3c5782
Dec 02 15:05:30 wps3-linux pulpcore-worker-1[1271]: pulp: rq.worker:INFO: 1271@wps3-linux: Job OK (fae8b970-a7f6-4596-994a-6d08eb3c5782)
Dec 02 15:05:30 wps3-linux pulpcore-worker-1[1271]: pulp: rq.worker:INFO: 1271@wps3-linux: 4216da5f-3f29-4d66-be75-76e97426c5e6
Dec 02 15:05:30 wps3-linux pulpcore-worker-1[1271]: pulp: rq.worker:INFO: 1271@wps3-linux: Job OK (4216da5f-3f29-4d66-be75-76e97426c5e6)
Dec 02 15:05:30 wps3-linux pulpcore-worker-1[1271]: pulp: rq.worker:INFO: 1271@wps3-linux: 6ef4ad59-98a0-4d12-bff2-87dbb215baa2
Dec 02 15:05:30 wps3-linux pulpcore-worker-1[1271]: pulp: rq.worker:INFO: 1271@wps3-linux: Job OK (6ef4ad59-98a0-4d12-bff2-87dbb215baa2)
Dec 02 15:05:31 wps3-linux dynflow-sidekiq@worker[1895]: 2020-12-02T23:05:31.011Z 1975 TID-2muinf Dynflow::Executors::Sidekiq::WorkerJobs::PerformWork JID-d6d4fb7453f4db6f33bb0592 INFO: start
Dec 02 15:05:31 wps3-linux pulpcore-api[1370]: 127.0.0.1 - - [02/Dec/2020:23:05:31 +0000] "GET /pulp/api/v3/tasks/cde9933e-7337-437f-b7cc-8125a6d7dd34/ HTTP/1.1" 200 455 "-" "OpenAPI-Generator/3.0.0/ruby"
Dec 02 15:05:31 wps3-linux dynflow-sidekiq@worker[1895]: 2020-12-02T23:05:31.044Z 1975 TID-2muinf Dynflow::Executors::Sidekiq::WorkerJobs::PerformWork JID-d6d4fb7453f4db6f33bb0592 INFO: done: 0.033 sec
Dec 02 15:05:31 wps3-linux dynflow-sidekiq@orchestrator[1893]: 2020-12-02T23:05:31.044Z 1969 TID-26y7t9 Dynflow::Executors::Sidekiq::OrchestratorJobs::WorkerDone JID-0393eb76ec62a38ed0c19721 INFO: start
Dec 02 15:05:31 wps3-linux dynflow-sidekiq@orchestrator[1893]: 2020-12-02T23:05:31.045Z 1969 TID-26y7t9 Dynflow::Executors::Sidekiq::OrchestratorJobs::WorkerDone JID-0393eb76ec62a38ed0c19721 INFO: done: 0.0 sec
Dec 02 15:05:31 wps3-linux dynflow-sidekiq@worker[1895]: 2020-12-02T23:05:31.045Z 1975 TID-2muicv Dynflow::Executors::Sidekiq::WorkerJobs::PerformWork JID-78c325197168a0c0f7036acc INFO: start
Dec 02 15:05:31 wps3-linux dynflow-sidekiq@worker[1895]: 2020-12-02T23:05:31.052Z 1975 TID-2muicv Dynflow::Executors::Sidekiq::WorkerJobs::PerformWork JID-78c325197168a0c0f7036acc INFO: done: 0.007 sec
Dec 02 15:05:31 wps3-linux dynflow-sidekiq@orchestrator[1893]: 2020-12-02T23:05:31.053Z 1969 TID-26y7t9 Dynflow::Executors::Sidekiq::OrchestratorJobs::WorkerDone JID-50f8a677dbfa984fdc24903f INFO: start
Dec 02 15:05:31 wps3-linux dynflow-sidekiq@orchestrator[1893]: 2020-12-02T23:05:31.053Z 1969 TID-26y7t9 Dynflow::Executors::Sidekiq::OrchestratorJobs::WorkerDone JID-50f8a677dbfa984fdc24903f INFO: done: 0.0 sec
Dec 02 15:05:31 wps3-linux dynflow-sidekiq@worker[1895]: 2020-12-02T23:05:31.161Z 1975 TID-2mui1v Dynflow::Executors::Sidekiq::WorkerJobs::PerformWork JID-2abcd3449130aeee6ca3005f INFO: start
Dec 02 15:05:31 wps3-linux pulpcore-api[1370]: 127.0.0.1 - - [02/Dec/2020:23:05:31 +0000] "GET /pulp/api/v3/tasks/4216da5f-3f29-4d66-be75-76e97426c5e6/ HTTP/1.1" 200 455 "-" "OpenAPI-Generator/3.0.0/ruby"
Dec 02 15:05:31 wps3-linux dynflow-sidekiq@worker[1895]: 2020-12-02T23:05:31.193Z 1975 TID-2mui1v Dynflow::Executors::Sidekiq::WorkerJobs::PerformWork JID-2abcd3449130aeee6ca3005f INFO: done: 0.032 sec
Dec 02 15:05:31 wps3-linux dynflow-sidekiq@orchestrator[1893]: 2020-12-02T23:05:31.193Z 1969 TID-26y7t9 Dynflow::Executors::Sidekiq::OrchestratorJobs::WorkerDone JID-b640afd5d9f7d7f76108f554 INFO: start
Dec 02 15:05:31 wps3-linux dynflow-sidekiq@orchestrator[1893]: 2020-12-02T23:05:31.194Z 1969 TID-26y7t9 Dynflow::Executors::Sidekiq::OrchestratorJobs::WorkerDone JID-b640afd5d9f7d7f76108f554 INFO: done: 0.0 sec
Dec 02 15:05:31 wps3-linux dynflow-sidekiq@worker[1895]: 2020-12-02T23:05:31.194Z 1975 TID-2mug2b Dynflow::Executors::Sidekiq::WorkerJobs::PerformWork JID-a920eea9f5668001326e6948 INFO: start
Dec 02 15:05:31 wps3-linux dynflow-sidekiq@worker[1895]: 2020-12-02T23:05:31.201Z 1975 TID-2mug2b Dynflow::Executors::Sidekiq::WorkerJobs::PerformWork JID-a920eea9f5668001326e6948 INFO: done: 0.007 sec
Dec 02 15:05:31 wps3-linux dynflow-sidekiq@orchestrator[1893]: 2020-12-02T23:05:31.201Z 1969 TID-26y7t9 Dynflow::Executors::Sidekiq::OrchestratorJobs::WorkerDone JID-b5d33a3d8c0d7b685827bee6 INFO: start
Dec 02 15:05:31 wps3-linux dynflow-sidekiq@orchestrator[1893]: 2020-12-02T23:05:31.202Z 1969 TID-26y7t9 Dynflow::Executors::Sidekiq::OrchestratorJobs::WorkerDone JID-b5d33a3d8c0d7b685827bee6 INFO: done: 0.0 sec
Dec 02 15:05:41 wps3-linux sshd[6218]: Accepted password for labuser from 10.254.108.208 port 50072 ssh2
Dec 02 15:05:41 wps3-linux systemd[1]: Created slice User Slice of labuser. -- Subject: Unit user-1000.slice has finished start-up -- Defined-By: systemd -- Support: http://lists.freedesktop.org/mailman/listinfo/systemd-devel -- -- Unit user-1000.slice has finished starting up. -- -- The start-up result is done.
Dec 02 15:05:41 wps3-linux systemd-logind[757]: New session 6388 of user labuser. -- Subject: A new session 6388 has been created for user labuser -- Defined-By: systemd -- Support: http://lists.freedesktop.org/mailman/listinfo/systemd-devel -- Documentation: http://www.freedesktop.org/wiki/Software/systemd/multiseat -- -- A new session with the ID 6388 has been created for the user labuser. -- -- The leading process of the session is 6218.
Dec 02 15:05:41 wps3-linux systemd[1]: Started Session 6388 of user labuser. -- Subject: Unit session-6388.scope has finished start-up -- Defined-By: systemd -- Support: http://lists.freedesktop.org/mailman/listinfo/systemd-devel -- -- Unit session-6388.scope has finished starting up. -- -- The start-up result is done.
Dec 02 15:05:41 wps3-linux sshd[6218]: pam_unix(sshd:session): session opened for user labuser by (uid=0)
Dec 02 15:05:41 wps3-linux dbus[780]: [system] Activating service name='org.freedesktop.problems' (using servicehelper)
Dec 02 15:05:41 wps3-linux dbus[780]: [system] Successfully activated service 'org.freedesktop.problems'
Dec 02 15:05:41 wps3-linux sshd[6228]: Accepted password for labuser from 10.254.108.208 port 50074 ssh2
Dec 02 15:05:41 wps3-linux systemd-logind[757]: New session 6389 of user labuser. -- Subject: A new session 6389 has been created for user labuser -- Defined-By: systemd -- Support: http://lists.freedesktop.org/mailman/listinfo/systemd-devel -- Documentation: http://www.freedesktop.org/wiki/Software/systemd/multiseat -- -- A new session with the ID 6389 has been created for the user labuser. -- -- The leading process of the session is 6228.
Dec 02 15:05:41 wps3-linux systemd[1]: Started Session 6389 of user labuser. -- Subject: Unit session-6389.scope has finished start-up -- Defined-By: systemd -- Support: http://lists.freedesktop.org/mailman/listinfo/systemd-devel -- -- Unit session-6389.scope has finished starting up. -- -- The start-up result is done.
Dec 02 15:05:41 wps3-linux sshd[6228]: pam_unix(sshd:session): session opened for user labuser by (uid=0)
Dec 02 15:07:44 wps3-linux puppet-agent[7263]: Applied catalog in 0.09 seconds
Dec 02 15:08:00 wps3-linux pulp[1279]: celery.beat:INFO: Scheduler: Sending due task download_deferred_content (pulp.server.controllers.repository.queue_download_deferred)
Dec 02 15:08:00 wps3-linux pulp[1583]: celery.worker.strategy:INFO: Received task: pulp.server.controllers.repository.queue_download_deferred[c1863fea-4d68-488f-b26c-49941ca7f1f9]
Dec 02 15:08:00 wps3-linux pulp[1458]: celery.worker.strategy:INFO: Received task: pulp.server.controllers.repository.download_deferred[a2cab655-3e32-4f26-ad24-3ee463142995]
Dec 02 15:08:00 wps3-linux pulp[3222]: celery.app.trace:INFO: [c1863fea] Task pulp.server.controllers.repository.queue_download_deferred[c1863fea-4d68-488f-b26c-49941ca7f1f9] succeeded in 0.00409914995544s: None
Dec 02 15:08:01 wps3-linux pulp[3212]: celery.app.trace:INFO: [a2cab655] Task pulp.server.controllers.repository.download_deferred[a2cab655-3e32-4f26-ad24-3ee463142995] succeeded in 1.00635868288s: None
Dec 02 15:09:19 wps3-linux ruby[26934]: Passenger RackApp: /usr/share/foreman: DIGEST-MD5 common mech free
Dec 02 15:10:01 wps3-linux systemd[1]: Started Session 6390 of user root. -- Subject: Unit session-6390.scope has finished start-up -- Defined-By: systemd -- Support: http://lists.freedesktop.org/mailman/listinfo/systemd-devel -- -- Unit session-6390.scope has finished starting up. -- -- The start-up result is done.
Dec 02 15:10:01 wps3-linux CROND[8441]: (root) CMD (/usr/lib64/sa/sa1 1 1)
Dec 02 15:10:57 wps3-linux pulpcore-api[1370]: 127.0.0.1 - - [02/Dec/2020:23:10:57 +0000] "GET /pulp/api/v3/status HTTP/1.1" 301 0 "-" "rest-client/2.0.2 (linux-gnu x86_64) ruby/2.5.5p157"
Dec 02 15:10:57 wps3-linux pulpcore-api[1370]: 127.0.0.1 - - [02/Dec/2020:23:10:57 +0000] "GET /pulp/api/v3/status/ HTTP/1.1" 200 1123 "-" "rest-client/2.0.2 (linux-gnu x86_64) ruby/2.5.5p157"
Dec 02 15:10:58 wps3-linux dynflow-sidekiq@worker[1895]: 2020-12-02T23:10:58.844Z 1975 TID-2mufrr Dynflow::Executors::Sidekiq::WorkerJobs::PerformWork JID-e6cfeeb7de2fcc69a94ecc1b INFO: start
Dec 02 15:10:58 wps3-linux pulpcore-resource-manager[1378]: pulp: rq.worker:INFO: resource-manager: db544250-d739-46a5-b0f7-398381494cbf
Dec 02 15:10:58 wps3-linux pulpcore-api[1370]: 127.0.0.1 - - [02/Dec/2020:23:10:58 +0000] "POST /pulp/api/v3/repositories/container/container/99c257b7-eed0-45e5-9913-d0ffa7758764/sync/ HTTP/1.1" 202 67 "-" "OpenAPI-Generator/1.0.0/ruby"
Dec 02 15:10:58 wps3-linux dynflow-sidekiq@worker[1895]: 2020-12-02T23:10:58.879Z 1975 TID-2mufrr Dynflow::Executors::Sidekiq::WorkerJobs::PerformWork JID-e6cfeeb7de2fcc69a94ecc1b INFO: done: 0.034 sec
Dec 02 15:10:58 wps3-linux dynflow-sidekiq@orchestrator[1893]: 2020-12-02T23:10:58.879Z 1969 TID-26y7t9 Dynflow::Executors::Sidekiq::OrchestratorJobs::WorkerDone JID-44479551770fd88622b5dca4 INFO: start
Dec 02 15:10:58 wps3-linux dynflow-sidekiq@orchestrator[1893]: 2020-12-02T23:10:58.879Z 1969 TID-26y7t9 Dynflow::Executors::Sidekiq::OrchestratorJobs::WorkerDone JID-44479551770fd88622b5dca4 INFO: done: 0.0 sec
Dec 02 15:10:58 wps3-linux pulpcore-worker-2[1272]: pulp: rq.worker:INFO: 1272@wps3-linux: 315c0c06-7cfd-45e5-ae7c-c063190e9b49
Dec 02 15:10:58 wps3-linux pulpcore-resource-manager[1378]: pulp: rq.worker:INFO: resource-manager: Job OK (db544250-d739-46a5-b0f7-398381494cbf)
Dec 02 15:10:58 wps3-linux pulpcore-resource-manager[1378]: pulp: rq.worker:INFO: Cleaning registries for queue: resource-manager
Dec 02 15:10:58 wps3-linux pulpcore-worker-2[1272]: pulp: pulp_container.app.tasks.synchronize:INFO: Synchronizing: repository=weave-npc-1083869 remote=weave-npc-1086842
Dec 02 15:10:59 wps3-linux pulpcore-worker-2[1272]: pulp: pulp_container.app.downloaders:INFO: Updating bearer token
Dec 02 15:10:59 wps3-linux dynflow-sidekiq@worker[1895]: 2020-12-02T23:10:59.377Z 1975 TID-2muinf Dynflow::Executors::Sidekiq::WorkerJobs::PerformWork JID-039cc13c86dfc18f3e4f289a INFO: start
Dec 02 15:10:59 wps3-linux pulpcore-worker-2[1272]: pulp: rq.worker:ERROR: KeyError: 'token'
Dec 02 15:10:59 wps3-linux pulpcore-worker-2[1272]: Traceback (most recent call last):
Dec 02 15:10:59 wps3-linux pulpcore-worker-2[1272]: File "/usr/lib/python3.6/site-packages/pulp_container/app/downloaders.py", line 63, in _run
Dec 02 15:10:59 wps3-linux pulpcore-worker-2[1272]: response.raise_for_status()
Dec 02 15:10:59 wps3-linux pulpcore-worker-2[1272]: File "/usr/lib64/python3.6/site-packages/aiohttp/client_reqrep.py", line 946, in raise_for_status
Dec 02 15:10:59 wps3-linux pulpcore-worker-2[1272]: headers=self.headers)
Dec 02 15:10:59 wps3-linux pulpcore-worker-2[1272]: aiohttp.client_exceptions.ClientResponseError: 401, message='Unauthorized', url=URL('https://ngsdcc.azurecr.io/v2/weaveworks/weave-npc/tags/list')
Dec 02 15:10:59 wps3-linux pulpcore-worker-2[1272]: During handling of the above exception, another exception occurred:
Dec 02 15:10:59 wps3-linux pulpcore-worker-2[1272]: Traceback (most recent call last):
Dec 02 15:10:59 wps3-linux pulpcore-worker-2[1272]: File "/usr/lib/python3.6/site-packages/rq/worker.py", line 822, in perform_job
Dec 02 15:10:59 wps3-linux pulpcore-worker-2[1272]: rv = job.perform()
Dec 02 15:10:59 wps3-linux pulpcore-worker-2[1272]: File "/usr/lib/python3.6/site-packages/rq/job.py", line 605, in perform
Dec 02 15:10:59 wps3-linux pulpcore-worker-2[1272]: self._result = self._execute()
Dec 02 15:10:59 wps3-linux pulpcore-worker-2[1272]: File "/usr/lib/python3.6/site-packages/rq/job.py", line 611, in _execute
Dec 02 15:10:59 wps3-linux pulpcore-worker-2[1272]: return self.func(*self.args, **self.kwargs)
Dec 02 15:10:59 wps3-linux pulpcore-worker-2[1272]: File "/usr/lib/python3.6/site-packages/pulp_container/app/tasks/synchronize.py", line 44, in synchronize
Dec 02 15:10:59 wps3-linux pulpcore-worker-2[1272]: dv.create()
Dec 02 15:10:59 wps3-linux pulpcore-worker-2[1272]: File "/usr/lib/python3.6/site-packages/pulpcore/plugin/stages/declarative_version.py", line 149, in create
Dec 02 15:10:59 wps3-linux pulpcore-worker-2[1272]: loop.run_until_complete(pipeline)
Dec 02 15:10:59 wps3-linux pulpcore-worker-2[1272]: File "/usr/lib64/python3.6/asyncio/base_events.py", line 484, in run_until_complete
Dec 02 15:10:59 wps3-linux pulpcore-worker-2[1272]: return future.result()
Dec 02 15:10:59 wps3-linux pulpcore-worker-2[1272]: File "/usr/lib/python3.6/site-packages/pulpcore/plugin/stages/api.py", line 209, in create_pipeline
Dec 02 15:10:59 wps3-linux pulpcore-worker-2[1272]: await asyncio.gather(*futures)
Dec 02 15:10:59 wps3-linux pulpcore-worker-2[1272]: File "/usr/lib/python3.6/site-packages/pulpcore/plugin/stages/api.py", line 43, in __call__
Dec 02 15:10:59 wps3-linux pulpcore-worker-2[1272]: await self.run()
Dec 02 15:10:59 wps3-linux pulpcore-worker-2[1272]: File "/usr/lib/python3.6/site-packages/pulp_container/app/tasks/sync_stages.py", line 59, in run
Dec 02 15:10:59 wps3-linux pulpcore-worker-2[1272]: await list_downloader.run(extra_data={'repo_name': repo_name})
Dec 02 15:10:59 wps3-linux pulpcore-worker-2[1272]: File "/usr/lib/python3.6/site-packages/pulpcore/download/base.py", line 221, in run
Dec 02 15:10:59 wps3-linux pulpcore-worker-2[1272]: return await self._run(extra_data=extra_data)
Dec 02 15:10:59 wps3-linux pulpcore-worker-2[1272]: File "/usr/lib/python3.6/site-packages/backoff/_async.py", line 133, in retry
Dec 02 15:10:59 wps3-linux pulpcore-worker-2[1272]: ret = await target(*args, **kwargs)
Dec 02 15:10:59 wps3-linux pulpcore-worker-2[1272]: File "/usr/lib/python3.6/site-packages/pulp_container/app/downloaders.py", line 75, in _run
Dec 02 15:10:59 wps3-linux pulpcore-worker-2[1272]: await self.update_token(response_auth_header, this_token, repo_name)
Dec 02 15:10:59 wps3-linux pulpcore-worker-2[1272]: File "/usr/lib/python3.6/site-packages/pulp_container/app/downloaders.py", line 133, in update_token
Dec 02 15:10:59 wps3-linux pulpcore-worker-2[1272]: self.registry_auth['bearer'] = json.loads(token_data)['token']
Dec 02 15:10:59 wps3-linux pulpcore-worker-2[1272]: KeyError: 'token'
Dec 02 15:10:59 wps3-linux pulpcore-worker-2[1272]: Traceback (most recent call last):
Dec 02 15:10:59 wps3-linux pulpcore-worker-2[1272]: File "/usr/lib/python3.6/site-packages/pulp_container/app/downloaders.py", line 63, in _run
Dec 02 15:10:59 wps3-linux pulpcore-worker-2[1272]: response.raise_for_status()
Dec 02 15:10:59 wps3-linux pulpcore-worker-2[1272]: File "/usr/lib64/python3.6/site-packages/aiohttp/client_reqrep.py", line 946, in raise_for_status
Dec 02 15:10:59 wps3-linux pulpcore-worker-2[1272]: headers=self.headers)
Dec 02 15:10:59 wps3-linux pulpcore-worker-2[1272]: aiohttp.client_exceptions.ClientResponseError: 401, message='Unauthorized', url=URL('https://ngsdcc.azurecr.io/v2/weaveworks/weave-npc/tags/list')
Dec 02 15:10:59 wps3-linux pulpcore-worker-2[1272]: During handling of the above exception, another exception occurred:
Dec 02 15:10:59 wps3-linux pulpcore-worker-2[1272]: Traceback (most recent call last):
Dec 02 15:10:59 wps3-linux pulpcore-worker-2[1272]: File "/usr/lib/python3.6/site-packages/rq/worker.py", line 822, in perform_job
Dec 02 15:10:59 wps3-linux pulpcore-worker-2[1272]: rv = job.perform()
Dec 02 15:10:59 wps3-linux pulpcore-worker-2[1272]: File "/usr/lib/python3.6/site-packages/rq/job.py", line 605, in perform
Dec 02 15:10:59 wps3-linux pulpcore-worker-2[1272]: self._result = self._execute()
Dec 02 15:10:59 wps3-linux pulpcore-worker-2[1272]: File "/usr/lib/python3.6/site-packages/rq/job.py", line 611, in _execute
Dec 02 15:10:59 wps3-linux pulpcore-worker-2[1272]: return self.func(*self.args, **self.kwargs)
Dec 02 15:10:59 wps3-linux pulpcore-worker-2[1272]: File "/usr/lib/python3.6/site-packages/pulp_container/app/tasks/synchronize.py", line 44, in synchronize
Dec 02 15:10:59 wps3-linux pulpcore-worker-2[1272]: dv.create()
Dec 02 15:10:59 wps3-linux pulpcore-worker-2[1272]: File "/usr/lib/python3.6/site-packages/pulpcore/plugin/stages/declarative_version.py", line 149, in create
Dec 02 15:10:59 wps3-linux pulpcore-worker-2[1272]: loop.run_until_complete(pipeline)
Dec 02 15:10:59 wps3-linux pulpcore-worker-2[1272]: File "/usr/lib64/python3.6/asyncio/base_events.py", line 484, in run_until_complete
Dec 02 15:10:59 wps3-linux pulpcore-worker-2[1272]: return future.result()
Dec 02 15:10:59 wps3-linux pulpcore-worker-2[1272]: File "/usr/lib/python3.6/site-packages/pulpcore/plugin/stages/api.py", line 209, in create_pipeline
Dec 02 15:10:59 wps3-linux pulpcore-worker-2[1272]: await asyncio.gather(*futures)
Dec 02 15:10:59 wps3-linux pulpcore-worker-2[1272]: File "/usr/lib/python3.6/site-packages/pulpcore/plugin/stages/api.py", line 43, in __call__
Dec 02 15:10:59 wps3-linux pulpcore-worker-2[1272]: await self.run()
Dec 02 15:10:59 wps3-linux pulpcore-worker-2[1272]: File "/usr/lib/python3.6/site-packages/pulp_container/app/tasks/sync_stages.py", line 59, in run
Dec 02 15:10:59 wps3-linux pulpcore-worker-2[1272]: await list_downloader.run(extra_data={'repo_name': repo_name})
Dec 02 15:10:59 wps3-linux pulpcore-worker-2[1272]: File "/usr/lib/python3.6/site-packages/pulpcore/download/base.py", line 221, in run
Dec 02 15:10:59 wps3-linux pulpcore-worker-2[1272]: return await self._run(extra_data=extra_data)
Dec 02 15:10:59 wps3-linux pulpcore-worker-2[1272]: File "/usr/lib/python3.6/site-packages/backoff/_async.py", line 133, in retry
Dec 02 15:10:59 wps3-linux pulpcore-worker-2[1272]: ret = await target(*args, **kwargs)
Dec 02 15:10:59 wps3-linux pulpcore-worker-2[1272]: File "/usr/lib/python3.6/site-packages/pulp_container/app/downloaders.py", line 75, in _run
Dec 02 15:10:59 wps3-linux pulpcore-worker-2[1272]: await self.update_token(response_auth_header, this_token, repo_name)
Dec 02 15:10:59 wps3-linux pulpcore-worker-2[1272]: File "/usr/lib/python3.6/site-packages/pulp_container/app/downloaders.py", line 133, in update_token
Dec 02 15:10:59 wps3-linux pulpcore-worker-2[1272]: self.registry_auth['bearer'] = json.loads(token_data)['token']
Dec 02 15:10:59 wps3-linux pulpcore-worker-2[1272]: KeyError: 'token'
Dec 02 15:10:59 wps3-linux pulpcore-api[1370]: 127.0.0.1 - - [02/Dec/2020:23:10:59 +0000] "GET /pulp/api/v3/tasks/315c0c06-7cfd-45e5-ae7c-c063190e9b49/ HTTP/1.1" 200 2776 "-" "OpenAPI-Generator/3.0.0/ruby"
Dec 02 15:10:59 wps3-linux dynflow-sidekiq@worker[1895]: 2020-12-02T23:10:59.411Z 1975 TID-2muinf Dynflow::Executors::Sidekiq::WorkerJobs::PerformWork JID-039cc13c86dfc18f3e4f289a INFO: done: 0.034 sec
Dec 02 15:10:59 wps3-linux dynflow-sidekiq@orchestrator[1893]: 2020-12-02T23:10:59.412Z 1969 TID-26y7t9 Dynflow::Executors::Sidekiq::OrchestratorJobs::WorkerDone JID-014b67c0ef5184e9bc09b3c5 INFO: start
Dec 02 15:10:59 wps3-linux dynflow-sidekiq@orchestrator[1893]: 2020-12-02T23:10:59.412Z 1969 TID-26y7t9 Dynflow::Executors::Sidekiq::OrchestratorJobs::WorkerDone JID-014b67c0ef5184e9bc09b3c5 INFO: done: 0.0 sec
Dec 02 15:10:59 wps3-linux dynflow-sidekiq@worker[1895]: 2020-12-02T23:10:59.413Z 1975 TID-2muicv Dynflow::Executors::Sidekiq::WorkerJobs::PerformWork JID-78a954ed35743e44b9268539 INFO: start
Dec 02 15:10:59 wps3-linux pulpcore-worker-2[1272]: pulp: rq.worker:INFO: 1272@wps3-linux: 7decf350-1dfa-4737-a551-553c43a9c08c
Dec 02 15:10:59 wps3-linux dynflow-sidekiq@worker[1895]: 2020-12-02T23:10:59.416Z 1975 TID-2muicv Dynflow::Executors::Sidekiq::WorkerJobs::PerformWork JID-78a954ed35743e44b9268539 INFO: done: 0.003 sec
Dec 02 15:10:59 wps3-linux dynflow-sidekiq@orchestrator[1893]: 2020-12-02T23:10:59.416Z 1969 TID-26y7t9 Dynflow::Executors::Sidekiq::OrchestratorJobs::WorkerDone JID-231b7e59abe53253b3069fdc INFO: start
Dec 02 15:10:59 wps3-linux dynflow-sidekiq@orchestrator[1893]: 2020-12-02T23:10:59.417Z 1969 TID-26y7t9 Dynflow::Executors::Sidekiq::OrchestratorJobs::WorkerDone JID-231b7e59abe53253b3069fdc INFO: done: 0.0 sec
Dec 02 15:10:59 wps3-linux pulpcore-worker-2[1272]: pulp: rq.worker:INFO: 1272@wps3-linux: Job OK (7decf350-1dfa-4737-a551-553c43a9c08c)
Dec 02 15:10:59 wps3-linux dynflow-sidekiq@worker[1895]: 2020-12-02T23:10:59.468Z 1975 TID-2mui1v Dynflow::Executors::Sidekiq::WorkerJobs::PerformWork JID-608203c2d9ce9358dece43bc INFO: start
Dec 02 15:10:59 wps3-linux dynflow-sidekiq@worker[1895]: 2020-12-02T23:10:59.477Z 1975 TID-2mui1v Dynflow::Executors::Sidekiq::WorkerJobs::PerformWork JID-608203c2d9ce9358dece43bc INFO: done: 0.008 sec
Dec 02 15:10:59 wps3-linux dynflow-sidekiq@orchestrator[1893]: 2020-12-02T23:10:59.477Z 1969 TID-26y7t9 Dynflow::Executors::Sidekiq::OrchestratorJobs::WorkerDone JID-b76addc4331382daf48a113d INFO: start
Dec 02 15:10:59 wps3-linux dynflow-sidekiq@orchestrator[1893]: 2020-12-02T23:10:59.478Z 1969 TID-26y7t9 Dynflow::Executors::Sidekiq::OrchestratorJobs::WorkerDone JID-b76addc4331382daf48a113d INFO: done: 0.0 sec
Dec 02 15:10:59 wps3-linux dynflow-sidekiq@worker[1895]: 2020-12-02T23:10:59.478Z 1975 TID-2mug2b Dynflow::Executors::Sidekiq::WorkerJobs::PerformWork JID-5f86f2a51b64643fc748cb49 INFO: start
Dec 02 15:10:59 wps3-linux dynflow-sidekiq@worker[1895]: 2020-12-02T23:10:59.479Z 1975 TID-2mug2b Dynflow::Executors::Sidekiq::WorkerJobs::PerformWork JID-5f86f2a51b64643fc748cb49 INFO: done: 0.0 sec
Dec 02 15:10:59 wps3-linux dynflow-sidekiq@orchestrator[1893]: 2020-12-02T23:10:59.479Z 1969 TID-26y7t9 Dynflow::Executors::Sidekiq::OrchestratorJobs::WorkerDone JID-8e90595bcb732a61bd427ec1 INFO: start
Dec 02 15:10:59 wps3-linux dynflow-sidekiq@orchestrator[1893]: 2020-12-02T23:10:59.479Z 1969 TID-26y7t9 Dynflow::Executors::Sidekiq::OrchestratorJobs::WorkerDone JID-8e90595bcb732a61bd427ec1 INFO: done: 0.0 sec
Dec 02 15:10:59 wps3-linux dynflow-sidekiq@worker[1895]: 2020-12-02T23:10:59.479Z 1975 TID-2mufrr Dynflow::Executors::Sidekiq::WorkerJobs::PerformWork JID-eb73dc3a9a6275337b559a5e INFO: start
Dec 02 15:10:59 wps3-linux pulpcore-resource-manager[1378]: pulp: rq.worker:INFO: resource-manager: ef9e5efe-80e6-44de-803a-6d6ae2da83d3
Dec 02 15:10:59 wps3-linux pulpcore-api[1370]: 127.0.0.1 - - [02/Dec/2020:23:10:59 +0000] "PATCH /pulp/api/v3/distributions/container/container/d64db552-8d11-446d-911b-e39faac46a1e/ HTTP/1.1" 202 67 "-" "OpenAPI-Generator/1.0.0/ruby"
Dec 02 15:10:59 wps3-linux dynflow-sidekiq@worker[1895]: 2020-12-02T23:10:59.510Z 1975 TID-2mufrr Dynflow::Executors::Sidekiq::WorkerJobs::PerformWork JID-eb73dc3a9a6275337b559a5e INFO: done: 0.031 sec
Dec 02 15:10:59 wps3-linux dynflow-sidekiq@orchestrator[1893]: 2020-12-02T23:10:59.511Z 1969 TID-26y7t9 Dynflow::Executors::Sidekiq::OrchestratorJobs::WorkerDone JID-fac7d2a0756689a7d46fd5b4 INFO: start
Dec 02 15:10:59 wps3-linux dynflow-sidekiq@orchestrator[1893]: 2020-12-02T23:10:59.511Z 1969 TID-26y7t9 Dynflow::Executors::Sidekiq::OrchestratorJobs::WorkerDone JID-fac7d2a0756689a7d46fd5b4 INFO: done: 0.0 sec
Dec 02 15:10:59 wps3-linux pulpcore-worker-1[1271]: pulp: rq.worker:INFO: 1271@wps3-linux: f016b0c7-6c00-4b73-94b3-d25421a3b691
Dec 02 15:10:59 wps3-linux pulpcore-resource-manager[1378]: pulp: rq.worker:INFO: resource-manager: Job OK (ef9e5efe-80e6-44de-803a-6d6ae2da83d3)
Dec 02 15:10:59 wps3-linux pulpcore-worker-1[1271]: pulp: rq.worker:INFO: 1271@wps3-linux: Job OK (f016b0c7-6c00-4b73-94b3-d25421a3b691)
Dec 02 15:10:59 wps3-linux pulpcore-worker-1[1271]: pulp: rq.worker:INFO: Cleaning registries for queue: 1271@wps3-linux
Dec 02 15:10:59 wps3-linux pulpcore-worker-1[1271]: pulp: rq.worker:INFO: 1271@wps3-linux: a139b6bd-acdc-4110-b7a9-60e3c714db78
Dec 02 15:10:59 wps3-linux pulpcore-worker-1[1271]: pulp: rq.worker:INFO: 1271@wps3-linux: Job OK (a139b6bd-acdc-4110-b7a9-60e3c714db78)
Dec 02 15:11:00 wps3-linux dynflow-sidekiq@worker[1895]: 2020-12-02T23:11:00.009Z 1975 TID-2muinf Dynflow::Executors::Sidekiq::WorkerJobs::PerformWork JID-003f386f8f63f2e1c5372ae7 INFO: start
Dec 02 15:11:00 wps3-linux pulpcore-api[1370]: 127.0.0.1 - - [02/Dec/2020:23:11:00 +0000] "GET /pulp/api/v3/tasks/f016b0c7-6c00-4b73-94b3-d25421a3b691/ HTTP/1.1" 200 455 "-" "OpenAPI-Generator/3.0.0/ruby"
Dec 02 15:11:00 wps3-linux dynflow-sidekiq@worker[1895]: 2020-12-02T23:11:00.038Z 1975 TID-2muinf Dynflow::Executors::Sidekiq::WorkerJobs::PerformWork JID-003f386f8f63f2e1c5372ae7 INFO: done: 0.029 sec
Dec 02 15:11:00 wps3-linux dynflow-sidekiq@orchestrator[1893]: 2020-12-02T23:11:00.038Z 1969 TID-26y7t9 Dynflow::Executors::Sidekiq::OrchestratorJobs::WorkerDone JID-88578ba6e7d912561088aebc INFO: start
Dec 02 15:11:00 wps3-linux dynflow-sidekiq@orchestrator[1893]: 2020-12-02T23:11:00.038Z 1969 TID-26y7t9 Dynflow::Executors::Sidekiq::OrchestratorJobs::WorkerDone JID-88578ba6e7d912561088aebc INFO: done: 0.0 sec
Dec 02 15:11:00 wps3-linux dynflow-sidekiq@worker[1895]: 2020-12-02T23:11:00.039Z 1975 TID-2muicv Dynflow::Executors::Sidekiq::WorkerJobs::PerformWork JID-0146816477bbadb179702e51 INFO: start
Dec 02 15:11:00 wps3-linux dynflow-sidekiq@worker[1895]: 2020-12-02T23:11:00.045Z 1975 TID-2muicv Dynflow::Executors::Sidekiq::WorkerJobs::PerformWork JID-0146816477bbadb179702e51 INFO: done: 0.006 sec
Dec 02 15:11:00 wps3-linux dynflow-sidekiq@orchestrator[1893]: 2020-12-02T23:11:00.045Z 1969 TID-26y7t9 Dynflow::Executors::Sidekiq::OrchestratorJobs::WorkerDone JID-0996129ca3765b245225fb60 INFO: start
Dec 02 15:11:00 wps3-linux dynflow-sidekiq@orchestrator[1893]: 2020-12-02T23:11:00.045Z 1969 TID-26y7t9 Dynflow::Executors::Sidekiq::OrchestratorJobs::WorkerDone JID-0996129ca3765b245225fb60 INFO: done: 0.0 sec
Dec 02 15:11:00 wps3-linux dynflow-sidekiq@worker[1895]: 2020-12-02T23:11:00.046Z 1975 TID-2mui1v Dynflow::Executors::Sidekiq::WorkerJobs::PerformWork JID-0efa2da8ceb465a0e08947e0 INFO: start
Dec 02 15:11:00 wps3-linux dynflow-sidekiq@worker[1895]: 2020-12-02T23:11:00.046Z 1975 TID-2mui1v Dynflow::Executors::Sidekiq::WorkerJobs::PerformWork JID-0efa2da8ceb465a0e08947e0 INFO: done: 0.0 sec
Dec 02 15:11:00 wps3-linux dynflow-sidekiq@orchestrator[1893]: 2020-12-02T23:11:00.046Z 1969 TID-26y7t9 Dynflow::Executors::Sidekiq::OrchestratorJobs::WorkerDone JID-6015aa9c5901bf8b2541e332 INFO: start
Dec 02 15:11:00 wps3-linux dynflow-sidekiq@orchestrator[1893]: 2020-12-02T23:11:00.046Z 1969 TID-26y7t9 Dynflow::Executors::Sidekiq::OrchestratorJobs::WorkerDone JID-6015aa9c5901bf8b2541e332 INFO: done: 0.0 sec
Dec 02 15:11:00 wps3-linux dynflow-sidekiq@worker[1895]: 2020-12-02T23:11:00.047Z 1975 TID-2mug2b Dynflow::Executors::Sidekiq::WorkerJobs::PerformWork JID-c0b46e345c4f13bcde1b9287 INFO: start
Dec 02 15:11:00 wps3-linux dynflow-sidekiq@worker[1895]: 2020-12-02T23:11:00.047Z 1975 TID-2mug2b Dynflow::Executors::Sidekiq::WorkerJobs::PerformWork JID-c0b46e345c4f13bcde1b9287 INFO: done: 0.0 sec
Dec 02 15:11:00 wps3-linux dynflow-sidekiq@orchestrator[1893]: 2020-12-02T23:11:00.047Z 1969 TID-26y7t9 Dynflow::Executors::Sidekiq::OrchestratorJobs::WorkerDone JID-2b74b8b0c5e4962c3c0a5ef9 INFO: start
Dec 02 15:11:00 wps3-linux dynflow-sidekiq@orchestrator[1893]: 2020-12-02T23:11:00.047Z 1969 TID-26y7t9 Dynflow::Executors::Sidekiq::OrchestratorJobs::WorkerDone JID-2b74b8b0c5e4962c3c0a5ef9 INFO: done: 0.0 sec
Dec 02 15:11:00 wps3-linux dynflow-sidekiq@worker[1895]: 2020-12-02T23:11:00.048Z 1975 TID-2mufrr Dynflow::Executors::Sidekiq::WorkerJobs::PerformWork JID-c8acbc759a94a9b19d960ca1 INFO: start
Dec 02 15:11:00 wps3-linux dynflow-sidekiq@worker[1895]: 2020-12-02T23:11:00.054Z 1975 TID-2mufrr Dynflow::Executors::Sidekiq::WorkerJobs::PerformWork JID-c8acbc759a94a9b19d960ca1 INFO: done: 0.006 sec
Dec 02 15:11:00 wps3-linux dynflow-sidekiq@orchestrator[1893]: 2020-12-02T23:11:00.054Z 1969 TID-26y7t9 Dynflow::Executors::Sidekiq::OrchestratorJobs::WorkerDone JID-35012b361f6a190a650833fa INFO: start
Dec 02 15:11:00 wps3-linux dynflow-sidekiq@orchestrator[1893]: 2020-12-02T23:11:00.054Z 1969 TID-26y7t9 Dynflow::Executors::Sidekiq::OrchestratorJobs::WorkerDone JID-35012b361f6a190a650833fa INFO: done: 0.0 sec
Dec 02 15:11:00 wps3-linux dynflow-sidekiq@worker[1895]: 2020-12-02T23:11:00.055Z 1975 TID-2muinf Dynflow::Executors::Sidekiq::WorkerJobs::PerformWork JID-c0981fb919995f7a2fa89d03 INFO: start
Dec 02 15:11:00 wps3-linux dynflow-sidekiq@worker[1895]: 2020-12-02T23:11:00.055Z 1975 TID-2muinf Dynflow::Executors::Sidekiq::WorkerJobs::PerformWork JID-c0981fb919995f7a2fa89d03 INFO: done: 0.0 sec
Dec 02 15:11:00 wps3-linux dynflow-sidekiq@orchestrator[1893]: 2020-12-02T23:11:00.055Z 1969 TID-26y7t9 Dynflow::Executors::Sidekiq::OrchestratorJobs::WorkerDone JID-51b9d45b7b48640ef4c41a51 INFO: start
Dec 02 15:11:00 wps3-linux dynflow-sidekiq@orchestrator[1893]: 2020-12-02T23:11:00.056Z 1969 TID-26y7t9 Dynflow::Executors::Sidekiq::OrchestratorJobs::WorkerDone JID-51b9d45b7b48640ef4c41a51 INFO: done: 0.0 sec
Dec 02 15:11:00 wps3-linux dynflow-sidekiq@worker[1895]: 2020-12-02T23:11:00.056Z 1975 TID-2muicv Dynflow::Executors::Sidekiq::WorkerJobs::PerformWork JID-a7913f08f7c9539b36a4bc63 INFO: start
Dec 02 15:11:00 wps3-linux dynflow-sidekiq@worker[1895]: 2020-12-02T23:11:00.056Z 1975 TID-2muicv Dynflow::Executors::Sidekiq::WorkerJobs::PerformWork JID-a7913f08f7c9539b36a4bc63 INFO: done: 0.0 sec
Dec 02 15:11:00 wps3-linux dynflow-sidekiq@orchestrator[1893]: 2020-12-02T23:11:00.056Z 1969 TID-26y7t9 Dynflow::Executors::Sidekiq::OrchestratorJobs::WorkerDone JID-a6e73384526889a5ded06ee3 INFO: start
Dec 02 15:11:00 wps3-linux dynflow-sidekiq@orchestrator[1893]: 2020-12-02T23:11:00.057Z 1969 TID-26y7t9 Dynflow::Executors::Sidekiq::OrchestratorJobs::WorkerDone JID-a6e73384526889a5ded06ee3 INFO: done: 0.0 sec
Dec 02 15:11:00 wps3-linux dynflow-sidekiq@worker[1895]: 2020-12-02T23:11:00.057Z 1975 TID-2mui1v Dynflow::Executors::Sidekiq::WorkerJobs::PerformWork JID-04669bc117688ce0a3171ea2 INFO: start
Dec 02 15:11:00 wps3-linux dynflow-sidekiq@worker[1895]: 2020-12-02T23:11:00.079Z 1975 TID-2mui1v Dynflow::Executors::Sidekiq::WorkerJobs::PerformWork JID-04669bc117688ce0a3171ea2 INFO: done: 0.022 sec
Dec 02 15:11:00 wps3-linux dynflow-sidekiq@orchestrator[1893]: 2020-12-02T23:11:00.079Z 1969 TID-26y7t9 Dynflow::Executors::Sidekiq::OrchestratorJobs::WorkerDone JID-0a1c5c255039a26ea6b808a5 INFO: start
Dec 02 15:11:00 wps3-linux dynflow-sidekiq@orchestrator[1893]: 2020-12-02T23:11:00.079Z 1969 TID-26y7t9 Dynflow::Executors::Sidekiq::OrchestratorJobs::WorkerDone JID-0a1c5c255039a26ea6b808a5 INFO: done: 0.0 sec