Dec 02 14:57:57 wps3-linux dynflow-sidekiq@orchestrator[1893]: 2020-12-02T22:57:57.464Z 1969 TID-26y7t9 Dynflow::Executors::Sidekiq::OrchestratorJobs::WorkerDone JID-e85a8e734edb2e8bd13b42e5 INFO: done: 0.0 sec
Dec 02 14:57:57 wps3-linux dynflow-sidekiq@worker[1895]: 2020-12-02T22:57:57.465Z 1975 TID-2muicv Dynflow::Executors::Sidekiq::WorkerJobs::PerformWork JID-c95080e24ca6fdaf89e50089 INFO: start
Dec 02 14:57:57 wps3-linux dynflow-sidekiq@worker[1895]: 2020-12-02T22:57:57.504Z 1975 TID-2muicv Dynflow::Executors::Sidekiq::WorkerJobs::PerformWork JID-c95080e24ca6fdaf89e50089 INFO: done: 0.04 sec
Dec 02 14:57:57 wps3-linux dynflow-sidekiq@orchestrator[1893]: 2020-12-02T22:57:57.505Z 1969 TID-26y7t9 Dynflow::Executors::Sidekiq::OrchestratorJobs::WorkerDone JID-6c11db9e899bf8fc86f4be5e INFO: start
Dec 02 14:57:57 wps3-linux dynflow-sidekiq@orchestrator[1893]: 2020-12-02T22:57:57.505Z 1969 TID-26y7t9 Dynflow::Executors::Sidekiq::OrchestratorJobs::WorkerDone JID-6c11db9e899bf8fc86f4be5e INFO: done: 0.0 sec
Dec 02 14:57:57 wps3-linux dynflow-sidekiq@worker[1895]: 2020-12-02T22:57:57.506Z 1975 TID-2mui1v Dynflow::Executors::Sidekiq::WorkerJobs::PerformWork JID-d362237f3fdcd28345135af6 INFO: start
Dec 02 14:57:57 wps3-linux dynflow-sidekiq@worker[1895]: 2020-12-02T22:57:57.552Z 1975 TID-2mui1v Dynflow::Executors::Sidekiq::WorkerJobs::PerformWork JID-d362237f3fdcd28345135af6 INFO: done: 0.046 sec
Dec 02 14:57:57 wps3-linux dynflow-sidekiq@orchestrator[1893]: 2020-12-02T22:57:57.553Z 1969 TID-26y7t9 Dynflow::Executors::Sidekiq::OrchestratorJobs::WorkerDone JID-00a14e131ee75dbbc942bc39 INFO: start
Dec 02 14:57:57 wps3-linux dynflow-sidekiq@orchestrator[1893]: 2020-12-02T22:57:57.553Z 1969 TID-26y7t9 Dynflow::Executors::Sidekiq::OrchestratorJobs::WorkerDone JID-00a14e131ee75dbbc942bc39 INFO: done: 0.0 sec
Dec 02 14:57:57 wps3-linux dynflow-sidekiq@worker[1895]: 2020-12-02T22:57:57.554Z 1975 TID-2mug2b Dynflow::Executors::Sidekiq::WorkerJobs::PerformWork JID-42f69de928b2e6d810795461 INFO: start
Dec 02 14:57:57 wps3-linux dynflow-sidekiq@worker[1895]: 2020-12-02T22:57:57.597Z 1975 TID-2mug2b Dynflow::Executors::Sidekiq::WorkerJobs::PerformWork JID-42f69de928b2e6d810795461 INFO: done: 0.043 sec
Dec 02 14:57:57 wps3-linux dynflow-sidekiq@orchestrator[1893]: 2020-12-02T22:57:57.597Z 1969 TID-26y7t9 Dynflow::Executors::Sidekiq::OrchestratorJobs::WorkerDone JID-74df72c7add532e93d8707ee INFO: start
Dec 02 14:57:57 wps3-linux dynflow-sidekiq@orchestrator[1893]: 2020-12-02T22:57:57.598Z 1969 TID-26y7t9 Dynflow::Executors::Sidekiq::OrchestratorJobs::WorkerDone JID-74df72c7add532e93d8707ee INFO: done: 0.0 sec
Dec 02 14:57:57 wps3-linux dynflow-sidekiq@worker[1895]: 2020-12-02T22:57:57.598Z 1975 TID-2muinf Dynflow::Executors::Sidekiq::WorkerJobs::PerformWork JID-867041f1ef3f65ea7e787a58 INFO: start
Dec 02 14:57:57 wps3-linux pulpcore-api[1370]: 127.0.0.1 - - [02/Dec/2020:22:57:57 +0000] "GET /pulp/api/v3/status HTTP/1.1" 301 0 "-" "rest-client/2.0.2 (linux-gnu x86_64) ruby/2.5.5p157"
Dec 02 14:57:57 wps3-linux pulpcore-api[1370]: 127.0.0.1 - - [02/Dec/2020:22:57:57 +0000] "GET /pulp/api/v3/status/ HTTP/1.1" 200 1123 "-" "rest-client/2.0.2 (linux-gnu x86_64) ruby/2.5.5p157"
Dec 02 14:57:57 wps3-linux dynflow-sidekiq@worker[1895]: 2020-12-02T22:57:57.668Z 1975 TID-2muinf Dynflow::Executors::Sidekiq::WorkerJobs::PerformWork JID-867041f1ef3f65ea7e787a58 INFO: done: 0.07 sec
Dec 02 14:57:57 wps3-linux dynflow-sidekiq@orchestrator[1893]: 2020-12-02T22:57:57.669Z 1969 TID-26y7t9 Dynflow::Executors::Sidekiq::OrchestratorJobs::WorkerDone JID-1939584d22cc52404860e37b INFO: start
Dec 02 14:57:57 wps3-linux dynflow-sidekiq@orchestrator[1893]: 2020-12-02T22:57:57.669Z 1969 TID-26y7t9 Dynflow::Executors::Sidekiq::OrchestratorJobs::WorkerDone JID-1939584d22cc52404860e37b INFO: done: 0.0 sec
Dec 02 14:57:57 wps3-linux dynflow-sidekiq@worker[1895]: 2020-12-02T22:57:57.683Z 1975 TID-2mufrr Dynflow::Executors::Sidekiq::WorkerJobs::PerformWork JID-27bd942fe56526f68ddd71bd INFO: start
Dec 02 14:57:57 wps3-linux dynflow-sidekiq@worker[1895]: 2020-12-02T22:57:57.684Z 1975 TID-2muicv Dynflow::Executors::Sidekiq::WorkerJobs::PerformWork JID-6d9336812044d6bd0c3aea3c INFO: start
Dec 02 14:57:57 wps3-linux pulpcore-resource-manager[1378]: pulp: rq.worker:INFO: resource-manager: cbf5f52d-0e15-405c-b83b-84a165812b6c
Dec 02 14:57:57 wps3-linux pulpcore-api[1370]: 127.0.0.1 - - [02/Dec/2020:22:57:57 +0000] "POST /pulp/api/v3/distributions/container/container/ HTTP/1.1" 202 67 "-" "OpenAPI-Generator/1.0.0/ruby"
Dec 02 14:57:57 wps3-linux dynflow-sidekiq@orchestrator[1893]: 2020-12-02T22:57:57.731Z 1969 TID-26y7t9 Dynflow::Executors::Sidekiq::OrchestratorJobs::WorkerDone JID-088f59867624300bcd7245b7 INFO: start
Dec 02 14:57:57 wps3-linux dynflow-sidekiq@worker[1895]: 2020-12-02T22:57:57.731Z 1975 TID-2muicv Dynflow::Executors::Sidekiq::WorkerJobs::PerformWork JID-6d9336812044d6bd0c3aea3c INFO: done: 0.047 sec
Dec 02 14:57:57 wps3-linux dynflow-sidekiq@worker[1895]: 2020-12-02T22:57:57.731Z 1975 TID-2mufrr Dynflow::Executors::Sidekiq::WorkerJobs::PerformWork JID-27bd942fe56526f68ddd71bd INFO: done: 0.048 sec
Dec 02 14:57:57 wps3-linux dynflow-sidekiq@orchestrator[1893]: 2020-12-02T22:57:57.732Z 1969 TID-26y7t9 Dynflow::Executors::Sidekiq::OrchestratorJobs::WorkerDone JID-088f59867624300bcd7245b7 INFO: done: 0.001 sec
Dec 02 14:57:57 wps3-linux dynflow-sidekiq@orchestrator[1893]: 2020-12-02T22:57:57.732Z 1969 TID-26y7t9 Dynflow::Executors::Sidekiq::OrchestratorJobs::WorkerDone JID-998044de2d9befb59142279d INFO: start
Dec 02 14:57:57 wps3-linux dynflow-sidekiq@orchestrator[1893]: 2020-12-02T22:57:57.733Z 1969 TID-26y7t9 Dynflow::Executors::Sidekiq::OrchestratorJobs::WorkerDone JID-998044de2d9befb59142279d INFO: done: 0.0 sec
Dec 02 14:57:57 wps3-linux pulpcore-worker-1[1271]: pulp: rq.worker:INFO: 1271@wps3-linux: 97fe2c68-3806-4bb8-a67a-20d36ee74eee
Dec 02 14:57:57 wps3-linux pulpcore-resource-manager[1378]: pulp: rq.worker:INFO: resource-manager: Job OK (cbf5f52d-0e15-405c-b83b-84a165812b6c)
Dec 02 14:57:57 wps3-linux pulpcore-worker-1[1271]: pulp: rq.worker:INFO: 1271@wps3-linux: Job OK (97fe2c68-3806-4bb8-a67a-20d36ee74eee)
Dec 02 14:57:57 wps3-linux pulpcore-worker-1[1271]: pulp: rq.worker:INFO: 1271@wps3-linux: e9ccc565-840d-4e0b-9f6a-6f452e9aa009
Dec 02 14:57:57 wps3-linux pulpcore-worker-1[1271]: pulp: rq.worker:INFO: 1271@wps3-linux: Job OK (e9ccc565-840d-4e0b-9f6a-6f452e9aa009)
Dec 02 14:57:58 wps3-linux dynflow-sidekiq@worker[1895]: 2020-12-02T22:57:58.230Z 1975 TID-2mui1v Dynflow::Executors::Sidekiq::WorkerJobs::PerformWork JID-e7f8b307dfbe4d89fe7f0e2d INFO: start
Dec 02 14:57:58 wps3-linux pulpcore-api[1370]: 127.0.0.1 - - [02/Dec/2020:22:57:58 +0000] "GET /pulp/api/v3/tasks/97fe2c68-3806-4bb8-a67a-20d36ee74eee/ HTTP/1.1" 200 541 "-" "OpenAPI-Generator/3.0.0/ruby"
Dec 02 14:57:58 wps3-linux dynflow-sidekiq@worker[1895]: 2020-12-02T22:57:58.264Z 1975 TID-2mui1v Dynflow::Executors::Sidekiq::WorkerJobs::PerformWork JID-e7f8b307dfbe4d89fe7f0e2d INFO: done: 0.035 sec
Dec 02 14:57:58 wps3-linux dynflow-sidekiq@orchestrator[1893]: 2020-12-02T22:57:58.264Z 1969 TID-26y7t9 Dynflow::Executors::Sidekiq::OrchestratorJobs::WorkerDone JID-468d95ed7adb1c53c69aefdc INFO: start
Dec 02 14:57:58 wps3-linux dynflow-sidekiq@orchestrator[1893]: 2020-12-02T22:57:58.265Z 1969 TID-26y7t9 Dynflow::Executors::Sidekiq::OrchestratorJobs::WorkerDone JID-468d95ed7adb1c53c69aefdc INFO: done: 0.0 sec
Dec 02 14:57:58 wps3-linux dynflow-sidekiq@worker[1895]: 2020-12-02T22:57:58.265Z 1975 TID-2mug2b Dynflow::Executors::Sidekiq::WorkerJobs::PerformWork JID-4c423efdc30a03eecb03f78f INFO: start
Dec 02 14:57:58 wps3-linux pulpcore-api[1370]: 127.0.0.1 - - [02/Dec/2020:22:57:58 +0000] "GET /pulp/api/v3/distributions/container/container/d2d81969-76b8-418a-a6f2-6da9005b6c3e/ HTTP/1.1" 200 455 "-" "OpenAPI-Generator/1.0.0/ruby"
Dec 02 14:57:58 wps3-linux dynflow-sidekiq@worker[1895]: 2020-12-02T22:57:58.296Z 1975 TID-2mug2b Dynflow::Executors::Sidekiq::WorkerJobs::PerformWork JID-4c423efdc30a03eecb03f78f INFO: done: 0.03 sec
Dec 02 14:57:58 wps3-linux dynflow-sidekiq@orchestrator[1893]: 2020-12-02T22:57:58.296Z 1969 TID-26y7t9 Dynflow::Executors::Sidekiq::OrchestratorJobs::WorkerDone JID-e6865bc62b9daa35d7f15fcb INFO: start
Dec 02 14:57:58 wps3-linux dynflow-sidekiq@orchestrator[1893]: 2020-12-02T22:57:58.296Z 1969 TID-26y7t9 Dynflow::Executors::Sidekiq::OrchestratorJobs::WorkerDone JID-e6865bc62b9daa35d7f15fcb INFO: done: 0.0 sec
Dec 02 14:58:00 wps3-linux pulp[1279]: celery.beat:INFO: Scheduler: Sending due task download_deferred_content (pulp.server.controllers.repository.queue_download_deferred)
Dec 02 14:58:00 wps3-linux pulp[1480]: celery.worker.strategy:INFO: Received task: pulp.server.controllers.repository.queue_download_deferred[8d92a677-1779-4a19-8f11-2009ac6c0e32]
Dec 02 14:58:00 wps3-linux pulp[1599]: celery.worker.strategy:INFO: Received task: pulp.server.controllers.repository.download_deferred[660f4863-1828-4e2f-8554-9425072d6254]
Dec 02 14:58:00 wps3-linux pulp[3221]: celery.app.trace:INFO: [8d92a677] Task pulp.server.controllers.repository.queue_download_deferred[8d92a677-1779-4a19-8f11-2009ac6c0e32] succeeded in 0.00418199994601s: None
Dec 02 14:58:01 wps3-linux pulp[3218]: celery.app.trace:INFO: [660f4863] Task pulp.server.controllers.repository.download_deferred[660f4863-1828-4e2f-8554-9425072d6254] succeeded in 1.00617900095s: None
Dec 02 14:58:06 wps3-linux dynflow-sidekiq@worker[1895]: 2020-12-02T22:58:06.906Z 1975 TID-2muicv Dynflow::Executors::Sidekiq::WorkerJobs::PerformWork JID-bcecb500cc85f60428f0c04b INFO: start
Dec 02 14:58:06 wps3-linux dynflow-sidekiq@worker[1895]: 2020-12-02T22:58:06.906Z 1975 TID-2muicv Dynflow::Executors::Sidekiq::WorkerJobs::PerformWork JID-bcecb500cc85f60428f0c04b INFO: done: 0.0 sec
Dec 02 14:58:06 wps3-linux dynflow-sidekiq@orchestrator[1893]: 2020-12-02T22:58:06.907Z 1969 TID-26y7t9 Dynflow::Executors::Sidekiq::OrchestratorJobs::WorkerDone JID-fc13269498e9f191c4a6326e INFO: start
Dec 02 14:58:06 wps3-linux dynflow-sidekiq@orchestrator[1893]: 2020-12-02T22:58:06.907Z 1969 TID-26y7t9 Dynflow::Executors::Sidekiq::OrchestratorJobs::WorkerDone JID-fc13269498e9f191c4a6326e INFO: done: 0.0 sec
Dec 02 14:58:06 wps3-linux dynflow-sidekiq@worker[1895]: 2020-12-02T22:58:06.908Z 1975 TID-2mug2b Dynflow::Executors::Sidekiq::WorkerJobs::PerformWork JID-d9781a06316753041cec96dc INFO: start
Dec 02 14:58:06 wps3-linux dynflow-sidekiq@worker[1895]: 2020-12-02T22:58:06.908Z 1975 TID-2mug2b Dynflow::Executors::Sidekiq::WorkerJobs::PerformWork JID-d9781a06316753041cec96dc INFO: done: 0.001 sec
Dec 02 14:58:06 wps3-linux dynflow-sidekiq@orchestrator[1893]: 2020-12-02T22:58:06.909Z 1969 TID-26y7t9 Dynflow::Executors::Sidekiq::OrchestratorJobs::WorkerDone JID-9505b2f1f2cfaf8d1089334a INFO: start
Dec 02 14:58:06 wps3-linux dynflow-sidekiq@orchestrator[1893]: 2020-12-02T22:58:06.909Z 1969 TID-26y7t9 Dynflow::Executors::Sidekiq::OrchestratorJobs::WorkerDone JID-9505b2f1f2cfaf8d1089334a INFO: done: 0.0 sec
Dec 02 14:58:06 wps3-linux dynflow-sidekiq@worker[1895]: 2020-12-02T22:58:06.910Z 1975 TID-2mui1v Dynflow::Executors::Sidekiq::WorkerJobs::PerformWork JID-da7bc3171919836d6d7744be INFO: start
Dec 02 14:58:06 wps3-linux dynflow-sidekiq@worker[1895]: 2020-12-02T22:58:06.922Z 1975 TID-2mui1v Dynflow::Executors::Sidekiq::WorkerJobs::PerformWork JID-da7bc3171919836d6d7744be INFO: done: 0.012 sec
Dec 02 14:58:06 wps3-linux dynflow-sidekiq@orchestrator[1893]: 2020-12-02T22:58:06.922Z 1969 TID-26y7t9 Dynflow::Executors::Sidekiq::OrchestratorJobs::WorkerDone JID-8124e541c61e6a2e87924e97 INFO: start
Dec 02 14:58:06 wps3-linux dynflow-sidekiq@orchestrator[1893]: 2020-12-02T22:58:06.923Z 1969 TID-26y7t9 Dynflow::Executors::Sidekiq::OrchestratorJobs::WorkerDone JID-8124e541c61e6a2e87924e97 INFO: done: 0.0 sec
Dec 02 14:58:06 wps3-linux dynflow-sidekiq@worker[1895]: 2020-12-02T22:58:06.923Z 1975 TID-2mufrr Dynflow::Executors::Sidekiq::WorkerJobs::PerformWork JID-00155870f24c9ec44d988d60 INFO: start
Dec 02 14:58:06 wps3-linux dynflow-sidekiq@worker[1895]: 2020-12-02T22:58:06.925Z 1975 TID-2mufrr Dynflow::Executors::Sidekiq::WorkerJobs::PerformWork JID-00155870f24c9ec44d988d60 INFO: done: 0.002 sec
Dec 02 14:58:06 wps3-linux dynflow-sidekiq@orchestrator[1893]: 2020-12-02T22:58:06.926Z 1969 TID-26y7t9 Dynflow::Executors::Sidekiq::OrchestratorJobs::WorkerDone JID-31321c1e3e25af1b75cb696d INFO: start
Dec 02 14:58:06 wps3-linux dynflow-sidekiq@orchestrator[1893]: 2020-12-02T22:58:06.926Z 1969 TID-26y7t9 Dynflow::Executors::Sidekiq::OrchestratorJobs::WorkerDone JID-31321c1e3e25af1b75cb696d INFO: done: 0.0 sec
Dec 02 14:58:32 wps3-linux dynflow-sidekiq@worker[1895]: 2020-12-02T22:58:32.180Z 1975 TID-2mui1v Dynflow::Executors::Sidekiq::WorkerJobs::PerformWork JID-1adf6c9d4a6bcb4aff54aeae INFO: start
Dec 02 14:58:32 wps3-linux dynflow-sidekiq@worker[1895]: 2020-12-02T22:58:32.181Z 1975 TID-2mui1v Dynflow::Executors::Sidekiq::WorkerJobs::PerformWork JID-1adf6c9d4a6bcb4aff54aeae INFO: done: 0.001 sec
Dec 02 14:58:32 wps3-linux dynflow-sidekiq@orchestrator[1893]: 2020-12-02T22:58:32.182Z 1969 TID-26y7t9 Dynflow::Executors::Sidekiq::OrchestratorJobs::WorkerDone JID-af6c393e2b54f0e8fb1eb762 INFO: start
Dec 02 14:58:32 wps3-linux dynflow-sidekiq@orchestrator[1893]: 2020-12-02T22:58:32.182Z 1969 TID-26y7t9 Dynflow::Executors::Sidekiq::OrchestratorJobs::WorkerDone JID-af6c393e2b54f0e8fb1eb762 INFO: done: 0.0 sec
Dec 02 14:58:32 wps3-linux dynflow-sidekiq@worker[1895]: 2020-12-02T22:58:32.183Z 1975 TID-2muicv Dynflow::Executors::Sidekiq::WorkerJobs::PerformWork JID-e8044013e93371bd354f3a1b INFO: start
Dec 02 14:58:32 wps3-linux dynflow-sidekiq@worker[1895]: 2020-12-02T22:58:32.183Z 1975 TID-2muicv Dynflow::Executors::Sidekiq::WorkerJobs::PerformWork JID-e8044013e93371bd354f3a1b INFO: done: 0.001 sec
Dec 02 14:58:32 wps3-linux dynflow-sidekiq@orchestrator[1893]: 2020-12-02T22:58:32.184Z 1969 TID-26y7t9 Dynflow::Executors::Sidekiq::OrchestratorJobs::WorkerDone JID-06574009f6dce4e77af9ca68 INFO: start
Dec 02 14:58:32 wps3-linux dynflow-sidekiq@orchestrator[1893]: 2020-12-02T22:58:32.184Z 1969 TID-26y7t9 Dynflow::Executors::Sidekiq::OrchestratorJobs::WorkerDone JID-06574009f6dce4e77af9ca68 INFO: done: 0.0 sec
Dec 02 14:58:32 wps3-linux dynflow-sidekiq@worker[1895]: 2020-12-02T22:58:32.184Z 1975 TID-2mug2b Dynflow::Executors::Sidekiq::WorkerJobs::PerformWork JID-743c17964c92ed671cf491e3 INFO: start
Dec 02 14:58:32 wps3-linux dynflow-sidekiq@worker[1895]: 2020-12-02T22:58:32.190Z 1975 TID-2mug2b Dynflow::Executors::Sidekiq::WorkerJobs::PerformWork JID-743c17964c92ed671cf491e3 INFO: done: 0.006 sec
Dec 02 14:58:32 wps3-linux dynflow-sidekiq@orchestrator[1893]: 2020-12-02T22:58:32.191Z 1969 TID-26y7t9 Dynflow::Executors::Sidekiq::OrchestratorJobs::WorkerDone JID-cb1b7b8655bfdaa0d8d5bfd6 INFO: start
Dec 02 14:58:32 wps3-linux dynflow-sidekiq@orchestrator[1893]: 2020-12-02T22:58:32.191Z 1969 TID-26y7t9 Dynflow::Executors::Sidekiq::OrchestratorJobs::WorkerDone JID-cb1b7b8655bfdaa0d8d5bfd6 INFO: done: 0.0 sec
Dec 02 14:58:32 wps3-linux dynflow-sidekiq@worker[1895]: 2020-12-02T22:58:32.192Z 1975 TID-2muinf Dynflow::Executors::Sidekiq::WorkerJobs::PerformWork JID-1441c5c2eb9e778e267dbfea INFO: start
Dec 02 14:58:32 wps3-linux dynflow-sidekiq@worker[1895]: 2020-12-02T22:58:32.209Z 1975 TID-2muinf Dynflow::Executors::Sidekiq::WorkerJobs::PerformWork JID-1441c5c2eb9e778e267dbfea INFO: done: 0.018 sec
Dec 02 14:58:32 wps3-linux dynflow-sidekiq@orchestrator[1893]: 2020-12-02T22:58:32.210Z 1969 TID-26y7t9 Dynflow::Executors::Sidekiq::OrchestratorJobs::WorkerDone JID-63648ddcd2d2174991da752c INFO: start
Dec 02 14:58:32 wps3-linux dynflow-sidekiq@orchestrator[1893]: 2020-12-02T22:58:32.210Z 1969 TID-26y7t9 Dynflow::Executors::Sidekiq::OrchestratorJobs::WorkerDone JID-63648ddcd2d2174991da752c INFO: done: 0.0 sec
Dec 02 14:58:32 wps3-linux dynflow-sidekiq@worker[1895]: 2020-12-02T22:58:32.210Z 1975 TID-2mufrr Dynflow::Executors::Sidekiq::WorkerJobs::PerformWork JID-e0863c87c14c45ca964b7357 INFO: start
Dec 02 14:58:32 wps3-linux dynflow-sidekiq@worker[1895]: 2020-12-02T22:58:32.251Z 1975 TID-2mufrr Dynflow::Executors::Sidekiq::WorkerJobs::PerformWork JID-e0863c87c14c45ca964b7357 INFO: done: 0.04 sec
Dec 02 14:58:32 wps3-linux dynflow-sidekiq@orchestrator[1893]: 2020-12-02T22:58:32.251Z 1969 TID-26y7t9 Dynflow::Executors::Sidekiq::OrchestratorJobs::WorkerDone JID-cf1eaf3f87d4cc11236fd5b7 INFO: start
Dec 02 14:58:32 wps3-linux dynflow-sidekiq@orchestrator[1893]: 2020-12-02T22:58:32.252Z 1969 TID-26y7t9 Dynflow::Executors::Sidekiq::OrchestratorJobs::WorkerDone JID-cf1eaf3f87d4cc11236fd5b7 INFO: done: 0.0 sec
Dec 02 14:58:32 wps3-linux dynflow-sidekiq@worker[1895]: 2020-12-02T22:58:32.252Z 1975 TID-2mui1v Dynflow::Executors::Sidekiq::WorkerJobs::PerformWork JID-11dbac0fe726d0fa15214722 INFO: start
Dec 02 14:58:32 wps3-linux dynflow-sidekiq@worker[1895]: 2020-12-02T22:58:32.281Z 1975 TID-2mui1v Dynflow::Executors::Sidekiq::WorkerJobs::PerformWork JID-11dbac0fe726d0fa15214722 INFO: done: 0.029 sec
Dec 02 14:58:32 wps3-linux dynflow-sidekiq@worker[1895]: 2020-12-02T22:58:32.282Z 1975 TID-2muicv Dynflow::Executors::Sidekiq::WorkerJobs::PerformWork JID-081e95b986c7e0ec69972f19 INFO: start
Dec 02 14:58:32 wps3-linux dynflow-sidekiq@orchestrator[1893]: 2020-12-02T22:58:32.281Z 1969 TID-26y7t9 Dynflow::Executors::Sidekiq::OrchestratorJobs::WorkerDone JID-8ac8a086b76b8e5fcda45a84 INFO: start
Dec 02 14:58:32 wps3-linux dynflow-sidekiq@orchestrator[1893]: 2020-12-02T22:58:32.282Z 1969 TID-26y7t9 Dynflow::Executors::Sidekiq::OrchestratorJobs::WorkerDone JID-8ac8a086b76b8e5fcda45a84 INFO: done: 0.0 sec
Dec 02 14:58:32 wps3-linux pulpcore-api[1370]: 127.0.0.1 - - [02/Dec/2020:22:58:32 +0000] "GET /pulp/api/v3/status HTTP/1.1" 301 0 "-" "rest-client/2.0.2 (linux-gnu x86_64) ruby/2.5.5p157"
Dec 02 14:58:32 wps3-linux pulpcore-api[1370]: 127.0.0.1 - - [02/Dec/2020:22:58:32 +0000] "GET /pulp/api/v3/status/ HTTP/1.1" 200 1123 "-" "rest-client/2.0.2 (linux-gnu x86_64) ruby/2.5.5p157"
Dec 02 14:58:32 wps3-linux dynflow-sidekiq@worker[1895]: 2020-12-02T22:58:32.381Z 1975 TID-2muicv Dynflow::Executors::Sidekiq::WorkerJobs::PerformWork JID-081e95b986c7e0ec69972f19 INFO: done: 0.098 sec
Dec 02 14:58:32 wps3-linux dynflow-sidekiq@orchestrator[1893]: 2020-12-02T22:58:32.381Z 1969 TID-26y7t9 Dynflow::Executors::Sidekiq::OrchestratorJobs::WorkerDone JID-1b5663eb8f8b4549e6a9bda4 INFO: start
Dec 02 14:58:32 wps3-linux dynflow-sidekiq@orchestrator[1893]: 2020-12-02T22:58:32.382Z 1969 TID-26y7t9 Dynflow::Executors::Sidekiq::OrchestratorJobs::WorkerDone JID-1b5663eb8f8b4549e6a9bda4 INFO: done: 0.0 sec
Dec 02 14:58:32 wps3-linux dynflow-sidekiq@worker[1895]: 2020-12-02T22:58:32.399Z 1975 TID-2mug2b Dynflow::Executors::Sidekiq::WorkerJobs::PerformWork JID-cb1f298b73e740af6b73984b INFO: start
Dec 02 14:58:32 wps3-linux dynflow-sidekiq@worker[1895]: 2020-12-02T22:58:32.399Z 1975 TID-2muinf Dynflow::Executors::Sidekiq::WorkerJobs::PerformWork JID-353a58916cbc60b04c5ee40b INFO: start
Dec 02 14:58:32 wps3-linux dynflow-sidekiq@worker[1895]: 2020-12-02T22:58:32.433Z 1975 TID-2muinf Dynflow::Executors::Sidekiq::WorkerJobs::PerformWork JID-353a58916cbc60b04c5ee40b INFO: done: 0.033 sec
Dec 02 14:58:32 wps3-linux dynflow-sidekiq@orchestrator[1893]: 2020-12-02T22:58:32.433Z 1969 TID-26y7t9 Dynflow::Executors::Sidekiq::OrchestratorJobs::WorkerDone JID-eda61ad831f8b26a82422b2a INFO: start
Dec 02 14:58:32 wps3-linux dynflow-sidekiq@orchestrator[1893]: 2020-12-02T22:58:32.433Z 1969 TID-26y7t9 Dynflow::Executors::Sidekiq::OrchestratorJobs::WorkerDone JID-eda61ad831f8b26a82422b2a INFO: done: 0.0 sec
Dec 02 14:58:32 wps3-linux pulpcore-resource-manager[1378]: pulp: rq.worker:INFO: resource-manager: 5b15acc3-a4b3-49e0-a3ff-c34debea3da4
Dec 02 14:58:32 wps3-linux pulpcore-api[1370]: 127.0.0.1 - - [02/Dec/2020:22:58:32 +0000] "POST /pulp/api/v3/distributions/container/container/ HTTP/1.1" 202 67 "-" "OpenAPI-Generator/1.0.0/ruby"
Dec 02 14:58:32 wps3-linux dynflow-sidekiq@orchestrator[1893]: 2020-12-02T22:58:32.445Z 1969 TID-26y7t9 Dynflow::Executors::Sidekiq::OrchestratorJobs::WorkerDone JID-bfdb9d0f63aa0aec7cbd4861 INFO: start
Dec 02 14:58:32 wps3-linux dynflow-sidekiq@orchestrator[1893]: 2020-12-02T22:58:32.445Z 1969 TID-26y7t9 Dynflow::Executors::Sidekiq::OrchestratorJobs::WorkerDone JID-bfdb9d0f63aa0aec7cbd4861 INFO: done: 0.0 sec
Dec 02 14:58:32 wps3-linux dynflow-sidekiq@worker[1895]: 2020-12-02T22:58:32.445Z 1975 TID-2mug2b Dynflow::Executors::Sidekiq::WorkerJobs::PerformWork JID-cb1f298b73e740af6b73984b INFO: done: 0.046 sec
Dec 02 14:58:32 wps3-linux pulpcore-worker-2[1272]: pulp: rq.worker:INFO: 1272@wps3-linux: 1996d96c-3d87-404d-b188-08ab661142ad
Dec 02 14:58:32 wps3-linux pulpcore-resource-manager[1378]: pulp: rq.worker:INFO: resource-manager: Job OK (5b15acc3-a4b3-49e0-a3ff-c34debea3da4)
Dec 02 14:58:32 wps3-linux pulpcore-worker-2[1272]: pulp: rq.worker:INFO: 1272@wps3-linux: Job OK (1996d96c-3d87-404d-b188-08ab661142ad)
Dec 02 14:58:32 wps3-linux pulpcore-worker-2[1272]: pulp: rq.worker:INFO: 1272@wps3-linux: a7887c36-17eb-4d31-8775-c8366eb55428
Dec 02 14:58:32 wps3-linux pulpcore-worker-2[1272]: pulp: rq.worker:INFO: 1272@wps3-linux: Job OK (a7887c36-17eb-4d31-8775-c8366eb55428)
Dec 02 14:58:32 wps3-linux dynflow-sidekiq@worker[1895]: 2020-12-02T22:58:32.943Z 1975 TID-2mufrr Dynflow::Executors::Sidekiq::WorkerJobs::PerformWork JID-3f15a544e2cf12ca630f3f74 INFO: start
Dec 02 14:58:32 wps3-linux pulpcore-api[1370]: 127.0.0.1 - - [02/Dec/2020:22:58:32 +0000] "GET /pulp/api/v3/tasks/1996d96c-3d87-404d-b188-08ab661142ad/ HTTP/1.1" 200 541 "-" "OpenAPI-Generator/3.0.0/ruby"
Dec 02 14:58:32 wps3-linux dynflow-sidekiq@worker[1895]: 2020-12-02T22:58:32.978Z 1975 TID-2mufrr Dynflow::Executors::Sidekiq::WorkerJobs::PerformWork JID-3f15a544e2cf12ca630f3f74 INFO: done: 0.035 sec
Dec 02 14:58:32 wps3-linux dynflow-sidekiq@orchestrator[1893]: 2020-12-02T22:58:32.978Z 1969 TID-26y7t9 Dynflow::Executors::Sidekiq::OrchestratorJobs::WorkerDone JID-71d3e3b8b8966f1c039c3eb3 INFO: start
Dec 02 14:58:32 wps3-linux dynflow-sidekiq@orchestrator[1893]: 2020-12-02T22:58:32.978Z 1969 TID-26y7t9 Dynflow::Executors::Sidekiq::OrchestratorJobs::WorkerDone JID-71d3e3b8b8966f1c039c3eb3 INFO: done: 0.0 sec
Dec 02 14:58:32 wps3-linux dynflow-sidekiq@worker[1895]: 2020-12-02T22:58:32.979Z 1975 TID-2mui1v Dynflow::Executors::Sidekiq::WorkerJobs::PerformWork JID-a84fa6c0bbaaa4fc2184ab52 INFO: start
Dec 02 14:58:33 wps3-linux pulpcore-api[1370]: 127.0.0.1 - - [02/Dec/2020:22:58:33 +0000] "GET /pulp/api/v3/distributions/container/container/214c3569-1800-4514-9cb0-c1d4b7882b3e/ HTTP/1.1" 200 454 "-" "OpenAPI-Generator/1.0.0/ruby"
Dec 02 14:58:33 wps3-linux dynflow-sidekiq@worker[1895]: 2020-12-02T22:58:33.029Z 1975 TID-2mui1v Dynflow::Executors::Sidekiq::WorkerJobs::PerformWork JID-a84fa6c0bbaaa4fc2184ab52 INFO: done: 0.05 sec
Dec 02 14:58:33 wps3-linux dynflow-sidekiq@orchestrator[1893]: 2020-12-02T22:58:33.029Z 1969 TID-26y7t9 Dynflow::Executors::Sidekiq::OrchestratorJobs::WorkerDone JID-8a2b45f1e36f4efe6054d9ff INFO: start
Dec 02 14:58:33 wps3-linux dynflow-sidekiq@orchestrator[1893]: 2020-12-02T22:58:33.029Z 1969 TID-26y7t9 Dynflow::Executors::Sidekiq::OrchestratorJobs::WorkerDone JID-8a2b45f1e36f4efe6054d9ff INFO: done: 0.0 sec
Dec 02 14:59:04 wps3-linux dynflow-sidekiq@worker[1895]: 2020-12-02T22:59:04.929Z 1975 TID-2mui1v Dynflow::Executors::Sidekiq::WorkerJobs::PerformWork JID-0091ec552668b98dd2d5667e INFO: start
Dec 02 14:59:04 wps3-linux dynflow-sidekiq@worker[1895]: 2020-12-02T22:59:04.930Z 1975 TID-2mui1v Dynflow::Executors::Sidekiq::WorkerJobs::PerformWork JID-0091ec552668b98dd2d5667e INFO: done: 0.0 sec
Dec 02 14:59:04 wps3-linux dynflow-sidekiq@orchestrator[1893]: 2020-12-02T22:59:04.930Z 1969 TID-26y7t9 Dynflow::Executors::Sidekiq::OrchestratorJobs::WorkerDone JID-d9a2388041e74cc7862c4d86 INFO: start
Dec 02 14:59:04 wps3-linux dynflow-sidekiq@orchestrator[1893]: 2020-12-02T22:59:04.930Z 1969 TID-26y7t9 Dynflow::Executors::Sidekiq::OrchestratorJobs::WorkerDone JID-d9a2388041e74cc7862c4d86 INFO: done: 0.0 sec
Dec 02 14:59:04 wps3-linux dynflow-sidekiq@worker[1895]: 2020-12-02T22:59:04.931Z 1975 TID-2mufrr Dynflow::Executors::Sidekiq::WorkerJobs::PerformWork JID-554ba5de9682ae3f48b40fe4 INFO: start
Dec 02 14:59:04 wps3-linux dynflow-sidekiq@worker[1895]: 2020-12-02T22:59:04.931Z 1975 TID-2mufrr Dynflow::Executors::Sidekiq::WorkerJobs::PerformWork JID-554ba5de9682ae3f48b40fe4 INFO: done: 0.0 sec
Dec 02 14:59:04 wps3-linux dynflow-sidekiq@orchestrator[1893]: 2020-12-02T22:59:04.931Z 1969 TID-26y7t9 Dynflow::Executors::Sidekiq::OrchestratorJobs::WorkerDone JID-a645385b8713e691919949b2 INFO: start
Dec 02 14:59:04 wps3-linux dynflow-sidekiq@orchestrator[1893]: 2020-12-02T22:59:04.932Z 1969 TID-26y7t9 Dynflow::Executors::Sidekiq::OrchestratorJobs::WorkerDone JID-a645385b8713e691919949b2 INFO: done: 0.0 sec
Dec 02 14:59:04 wps3-linux dynflow-sidekiq@worker[1895]: 2020-12-02T22:59:04.933Z 1975 TID-2mug2b Dynflow::Executors::Sidekiq::WorkerJobs::PerformWork JID-e7baedad250b93ef4a54d89b INFO: start
Dec 02 14:59:04 wps3-linux dynflow-sidekiq@worker[1895]: 2020-12-02T22:59:04.939Z 1975 TID-2mug2b Dynflow::Executors::Sidekiq::WorkerJobs::PerformWork JID-e7baedad250b93ef4a54d89b INFO: done: 0.006 sec
Dec 02 14:59:04 wps3-linux dynflow-sidekiq@orchestrator[1893]: 2020-12-02T22:59:04.939Z 1969 TID-26y7t9 Dynflow::Executors::Sidekiq::OrchestratorJobs::WorkerDone JID-f45c22a65317a62c0dc81cae INFO: start
Dec 02 14:59:04 wps3-linux dynflow-sidekiq@orchestrator[1893]: 2020-12-02T22:59:04.939Z 1969 TID-26y7t9 Dynflow::Executors::Sidekiq::OrchestratorJobs::WorkerDone JID-f45c22a65317a62c0dc81cae INFO: done: 0.0 sec
Dec 02 14:59:04 wps3-linux dynflow-sidekiq@worker[1895]: 2020-12-02T22:59:04.940Z 1975 TID-2muicv Dynflow::Executors::Sidekiq::WorkerJobs::PerformWork JID-668449f59742d701c7f7d0e4 INFO: start
Dec 02 14:59:04 wps3-linux dynflow-sidekiq@worker[1895]: 2020-12-02T22:59:04.958Z 1975 TID-2muicv Dynflow::Executors::Sidekiq::WorkerJobs::PerformWork JID-668449f59742d701c7f7d0e4 INFO: done: 0.018 sec
Dec 02 14:59:04 wps3-linux dynflow-sidekiq@orchestrator[1893]: 2020-12-02T22:59:04.958Z 1969 TID-26y7t9 Dynflow::Executors::Sidekiq::OrchestratorJobs::WorkerDone JID-79657b9fe1a6883903af7295 INFO: start
Dec 02 14:59:04 wps3-linux dynflow-sidekiq@orchestrator[1893]: 2020-12-02T22:59:04.958Z 1969 TID-26y7t9 Dynflow::Executors::Sidekiq::OrchestratorJobs::WorkerDone JID-79657b9fe1a6883903af7295 INFO: done: 0.0 sec
Dec 02 14:59:04 wps3-linux dynflow-sidekiq@worker[1895]: 2020-12-02T22:59:04.959Z 1975 TID-2muinf Dynflow::Executors::Sidekiq::WorkerJobs::PerformWork JID-2242f98eaf7753ff27cca971 INFO: start
Dec 02 14:59:05 wps3-linux dynflow-sidekiq@worker[1895]: 2020-12-02T22:59:05.000Z 1975 TID-2muinf Dynflow::Executors::Sidekiq::WorkerJobs::PerformWork JID-2242f98eaf7753ff27cca971 INFO: done: 0.041 sec
Dec 02 14:59:05 wps3-linux dynflow-sidekiq@orchestrator[1893]: 2020-12-02T22:59:05.000Z 1969 TID-26y7t9 Dynflow::Executors::Sidekiq::OrchestratorJobs::WorkerDone JID-d2f8484f7da556e8b8b76a02 INFO: start
Dec 02 14:59:05 wps3-linux dynflow-sidekiq@orchestrator[1893]: 2020-12-02T22:59:05.001Z 1969 TID-26y7t9 Dynflow::Executors::Sidekiq::OrchestratorJobs::WorkerDone JID-d2f8484f7da556e8b8b76a02 INFO: done: 0.0 sec
Dec 02 14:59:05 wps3-linux dynflow-sidekiq@worker[1895]: 2020-12-02T22:59:05.002Z 1975 TID-2mui1v Dynflow::Executors::Sidekiq::WorkerJobs::PerformWork JID-e1eb69e7e17cf7b20e01e1d2 INFO: start
Dec 02 14:59:05 wps3-linux dynflow-sidekiq@worker[1895]: 2020-12-02T22:59:05.026Z 1975 TID-2mui1v Dynflow::Executors::Sidekiq::WorkerJobs::PerformWork JID-e1eb69e7e17cf7b20e01e1d2 INFO: done: 0.024 sec
Dec 02 14:59:05 wps3-linux dynflow-sidekiq@orchestrator[1893]: 2020-12-02T22:59:05.026Z 1969 TID-26y7t9 Dynflow::Executors::Sidekiq::OrchestratorJobs::WorkerDone JID-38decd5264bbb732307d063c INFO: start
Dec 02 14:59:05 wps3-linux dynflow-sidekiq@orchestrator[1893]: 2020-12-02T22:59:05.026Z 1969 TID-26y7t9 Dynflow::Executors::Sidekiq::OrchestratorJobs::WorkerDone JID-38decd5264bbb732307d063c INFO: done: 0.0 sec
Dec 02 14:59:05 wps3-linux dynflow-sidekiq@worker[1895]: 2020-12-02T22:59:05.027Z 1975 TID-2mufrr Dynflow::Executors::Sidekiq::WorkerJobs::PerformWork JID-a5b3ebb02e1a7df73b369a76 INFO: start
Dec 02 14:59:05 wps3-linux pulpcore-api[1370]: 127.0.0.1 - - [02/Dec/2020:22:59:05 +0000] "GET /pulp/api/v3/status HTTP/1.1" 301 0 "-" "rest-client/2.0.2 (linux-gnu x86_64) ruby/2.5.5p157"
Dec 02 14:59:05 wps3-linux pulpcore-api[1370]: 127.0.0.1 - - [02/Dec/2020:22:59:05 +0000] "GET /pulp/api/v3/status/ HTTP/1.1" 200 1123 "-" "rest-client/2.0.2 (linux-gnu x86_64) ruby/2.5.5p157"
Dec 02 14:59:05 wps3-linux dynflow-sidekiq@worker[1895]: 2020-12-02T22:59:05.101Z 1975 TID-2mufrr Dynflow::Executors::Sidekiq::WorkerJobs::PerformWork JID-a5b3ebb02e1a7df73b369a76 INFO: done: 0.074 sec
Dec 02 14:59:05 wps3-linux dynflow-sidekiq@orchestrator[1893]: 2020-12-02T22:59:05.102Z 1969 TID-26y7t9 Dynflow::Executors::Sidekiq::OrchestratorJobs::WorkerDone JID-371fb789996b17665f4b416b INFO: start
Dec 02 14:59:05 wps3-linux dynflow-sidekiq@orchestrator[1893]: 2020-12-02T22:59:05.102Z 1969 TID-26y7t9 Dynflow::Executors::Sidekiq::OrchestratorJobs::WorkerDone JID-371fb789996b17665f4b416b INFO: done: 0.001 sec
Dec 02 14:59:05 wps3-linux dynflow-sidekiq@worker[1895]: 2020-12-02T22:59:05.117Z 1975 TID-2mug2b Dynflow::Executors::Sidekiq::WorkerJobs::PerformWork JID-3a115445957cf99848bacfe0 INFO: start
Dec 02 14:59:05 wps3-linux dynflow-sidekiq@worker[1895]: 2020-12-02T22:59:05.118Z 1975 TID-2muicv Dynflow::Executors::Sidekiq::WorkerJobs::PerformWork JID-78702d98692a41ad2d200cda INFO: start
Dec 02 14:59:05 wps3-linux dynflow-sidekiq@worker[1895]: 2020-12-02T22:59:05.146Z 1975 TID-2muicv Dynflow::Executors::Sidekiq::WorkerJobs::PerformWork JID-78702d98692a41ad2d200cda INFO: done: 0.028 sec
Dec 02 14:59:05 wps3-linux dynflow-sidekiq@orchestrator[1893]: 2020-12-02T22:59:05.148Z 1969 TID-26y7t9 Dynflow::Executors::Sidekiq::OrchestratorJobs::WorkerDone JID-6ed4b4e483045f234e6e98a6 INFO: start
Dec 02 14:59:05 wps3-linux dynflow-sidekiq@orchestrator[1893]: 2020-12-02T22:59:05.148Z 1969 TID-26y7t9 Dynflow::Executors::Sidekiq::OrchestratorJobs::WorkerDone JID-6ed4b4e483045f234e6e98a6 INFO: done: 0.0 sec
Dec 02 14:59:05 wps3-linux pulpcore-api[1370]: 127.0.0.1 - - [02/Dec/2020:22:59:05 +0000] "POST /pulp/api/v3/distributions/container/container/ HTTP/1.1" 202 67 "-" "OpenAPI-Generator/1.0.0/ruby"
Dec 02 14:59:05 wps3-linux pulpcore-resource-manager[1378]: pulp: rq.worker:INFO: resource-manager: e1d8a4a1-d633-49de-9a4b-d35eeb89def9
Dec 02 14:59:05 wps3-linux dynflow-sidekiq@worker[1895]: 2020-12-02T22:59:05.155Z 1975 TID-2mug2b Dynflow::Executors::Sidekiq::WorkerJobs::PerformWork JID-3a115445957cf99848bacfe0 INFO: done: 0.039 sec
Dec 02 14:59:05 wps3-linux dynflow-sidekiq@orchestrator[1893]: 2020-12-02T22:59:05.157Z 1969 TID-26y7t9 Dynflow::Executors::Sidekiq::OrchestratorJobs::WorkerDone JID-94674b3ec578f43c6ef3cdc4 INFO: start
Dec 02 14:59:05 wps3-linux dynflow-sidekiq@orchestrator[1893]: 2020-12-02T22:59:05.157Z 1969 TID-26y7t9 Dynflow::Executors::Sidekiq::OrchestratorJobs::WorkerDone JID-94674b3ec578f43c6ef3cdc4 INFO: done: 0.0 sec
Dec 02 14:59:05 wps3-linux pulpcore-worker-1[1271]: pulp: rq.worker:INFO: 1271@wps3-linux: 43ec0be4-77c6-4252-aa32-457954d60158
Dec 02 14:59:05 wps3-linux pulpcore-resource-manager[1378]: pulp: rq.worker:INFO: resource-manager: Job OK (e1d8a4a1-d633-49de-9a4b-d35eeb89def9)
Dec 02 14:59:05 wps3-linux pulpcore-worker-1[1271]: pulp: rq.worker:INFO: 1271@wps3-linux: Job OK (43ec0be4-77c6-4252-aa32-457954d60158)
Dec 02 14:59:05 wps3-linux pulpcore-worker-1[1271]: pulp: rq.worker:INFO: 1271@wps3-linux: 3d1a9870-1af4-49b5-b7b1-373319b87882
Dec 02 14:59:05 wps3-linux pulpcore-worker-1[1271]: pulp: rq.worker:INFO: 1271@wps3-linux: Job OK (3d1a9870-1af4-49b5-b7b1-373319b87882)
Dec 02 14:59:05 wps3-linux dynflow-sidekiq@worker[1895]: 2020-12-02T22:59:05.654Z 1975 TID-2muinf Dynflow::Executors::Sidekiq::WorkerJobs::PerformWork JID-3287ca78f78b0326e7ecf007 INFO: start
Dec 02 14:59:05 wps3-linux pulpcore-api[1370]: 127.0.0.1 - - [02/Dec/2020:22:59:05 +0000] "GET /pulp/api/v3/tasks/43ec0be4-77c6-4252-aa32-457954d60158/ HTTP/1.1" 200 541 "-" "OpenAPI-Generator/3.0.0/ruby"
Dec 02 14:59:05 wps3-linux dynflow-sidekiq@worker[1895]: 2020-12-02T22:59:05.690Z 1975 TID-2muinf Dynflow::Executors::Sidekiq::WorkerJobs::PerformWork JID-3287ca78f78b0326e7ecf007 INFO: done: 0.036 sec
Dec 02 14:59:05 wps3-linux dynflow-sidekiq@orchestrator[1893]: 2020-12-02T22:59:05.690Z 1969 TID-26y7t9 Dynflow::Executors::Sidekiq::OrchestratorJobs::WorkerDone JID-985ea96813bea316aeff22b3 INFO: start
Dec 02 14:59:05 wps3-linux dynflow-sidekiq@orchestrator[1893]: 2020-12-02T22:59:05.690Z 1969 TID-26y7t9 Dynflow::Executors::Sidekiq::OrchestratorJobs::WorkerDone JID-985ea96813bea316aeff22b3 INFO: done: 0.0 sec
Dec 02 14:59:05 wps3-linux dynflow-sidekiq@worker[1895]: 2020-12-02T22:59:05.691Z 1975 TID-2mui1v Dynflow::Executors::Sidekiq::WorkerJobs::PerformWork JID-0191629512078be55aa26f8b INFO: start
Dec 02 14:59:05 wps3-linux pulpcore-api[1370]: 127.0.0.1 - - [02/Dec/2020:22:59:05 +0000] "GET /pulp/api/v3/distributions/container/container/3602d91e-5728-41bf-b9e7-75a14f99dfca/ HTTP/1.1" 200 455 "-" "OpenAPI-Generator/1.0.0/ruby"
Dec 02 14:59:05 wps3-linux dynflow-sidekiq@worker[1895]: 2020-12-02T22:59:05.736Z 1975 TID-2mui1v Dynflow::Executors::Sidekiq::WorkerJobs::PerformWork JID-0191629512078be55aa26f8b INFO: done: 0.045 sec
Dec 02 14:59:05 wps3-linux dynflow-sidekiq@orchestrator[1893]: 2020-12-02T22:59:05.736Z 1969 TID-26y7t9 Dynflow::Executors::Sidekiq::OrchestratorJobs::WorkerDone JID-4ac7a5a24c6c13ec7ce2687a INFO: start
Dec 02 14:59:05 wps3-linux dynflow-sidekiq@orchestrator[1893]: 2020-12-02T22:59:05.736Z 1969 TID-26y7t9 Dynflow::Executors::Sidekiq::OrchestratorJobs::WorkerDone JID-4ac7a5a24c6c13ec7ce2687a INFO: done: 0.0 sec
Dec 02 14:59:39 wps3-linux dynflow-sidekiq@worker[1895]: 2020-12-02T22:59:39.332Z 1975 TID-2mug2b Dynflow::Executors::Sidekiq::WorkerJobs::PerformWork JID-5ef619ce4631e6292114f0f4 INFO: start
Dec 02 14:59:39 wps3-linux dynflow-sidekiq@worker[1895]: 2020-12-02T22:59:39.333Z 1975 TID-2mug2b Dynflow::Executors::Sidekiq::WorkerJobs::PerformWork JID-5ef619ce4631e6292114f0f4 INFO: done: 0.001 sec
Dec 02 14:59:39 wps3-linux dynflow-sidekiq@orchestrator[1893]: 2020-12-02T22:59:39.333Z 1969 TID-26y7t9 Dynflow::Executors::Sidekiq::OrchestratorJobs::WorkerDone JID-3514906aaabf7498abc61698 INFO: start
Dec 02 14:59:39 wps3-linux dynflow-sidekiq@orchestrator[1893]: 2020-12-02T22:59:39.333Z 1969 TID-26y7t9 Dynflow::Executors::Sidekiq::OrchestratorJobs::WorkerDone JID-3514906aaabf7498abc61698 INFO: done: 0.0 sec
Dec 02 14:59:39 wps3-linux dynflow-sidekiq@worker[1895]: 2020-12-02T22:59:39.334Z 1975 TID-2mufrr Dynflow::Executors::Sidekiq::WorkerJobs::PerformWork JID-43c2ed8f1a34a6a6b614a8b5 INFO: start
Dec 02 14:59:39 wps3-linux dynflow-sidekiq@worker[1895]: 2020-12-02T22:59:39.334Z 1975 TID-2mufrr Dynflow::Executors::Sidekiq::WorkerJobs::PerformWork JID-43c2ed8f1a34a6a6b614a8b5 INFO: done: 0.001 sec
Dec 02 14:59:39 wps3-linux dynflow-sidekiq@orchestrator[1893]: 2020-12-02T22:59:39.335Z 1969 TID-26y7t9 Dynflow::Executors::Sidekiq::OrchestratorJobs::WorkerDone JID-3f184f7606dbfbfcce7dcc6e INFO: start
Dec 02 14:59:39 wps3-linux dynflow-sidekiq@orchestrator[1893]: 2020-12-02T22:59:39.335Z 1969 TID-26y7t9 Dynflow::Executors::Sidekiq::OrchestratorJobs::WorkerDone JID-3f184f7606dbfbfcce7dcc6e INFO: done: 0.0 sec
Dec 02 14:59:39 wps3-linux dynflow-sidekiq@worker[1895]: 2020-12-02T22:59:39.335Z 1975 TID-2muicv Dynflow::Executors::Sidekiq::WorkerJobs::PerformWork JID-b2f53d40756a01f5b8946775 INFO: start
Dec 02 14:59:39 wps3-linux dynflow-sidekiq@worker[1895]: 2020-12-02T22:59:39.341Z 1975 TID-2muicv Dynflow::Executors::Sidekiq::WorkerJobs::PerformWork JID-b2f53d40756a01f5b8946775 INFO: done: 0.005 sec
Dec 02 14:59:39 wps3-linux dynflow-sidekiq@orchestrator[1893]: 2020-12-02T22:59:39.341Z 1969 TID-26y7t9 Dynflow::Executors::Sidekiq::OrchestratorJobs::WorkerDone JID-1fb792d1812271075a804fce INFO: start
Dec 02 14:59:39 wps3-linux dynflow-sidekiq@orchestrator[1893]: 2020-12-02T22:59:39.342Z 1969 TID-26y7t9 Dynflow::Executors::Sidekiq::OrchestratorJobs::WorkerDone JID-1fb792d1812271075a804fce INFO: done: 0.0 sec
Dec 02 14:59:39 wps3-linux dynflow-sidekiq@worker[1895]: 2020-12-02T22:59:39.342Z 1975 TID-2muinf Dynflow::Executors::Sidekiq::WorkerJobs::PerformWork JID-e4f91d412749938be483f185 INFO: start
Dec 02 14:59:39 wps3-linux dynflow-sidekiq@worker[1895]: 2020-12-02T22:59:39.360Z 1975 TID-2muinf Dynflow::Executors::Sidekiq::WorkerJobs::PerformWork JID-e4f91d412749938be483f185 INFO: done: 0.018 sec
Dec 02 14:59:39 wps3-linux dynflow-sidekiq@orchestrator[1893]: 2020-12-02T22:59:39.360Z 1969 TID-26y7t9 Dynflow::Executors::Sidekiq::OrchestratorJobs::WorkerDone JID-32aa1c9b365a47537ea5535f INFO: start
Dec 02 14:59:39 wps3-linux dynflow-sidekiq@orchestrator[1893]: 2020-12-02T22:59:39.360Z 1969 TID-26y7t9 Dynflow::Executors::Sidekiq::OrchestratorJobs::WorkerDone JID-32aa1c9b365a47537ea5535f INFO: done: 0.0 sec
Dec 02 14:59:39 wps3-linux dynflow-sidekiq@worker[1895]: 2020-12-02T22:59:39.361Z 1975 TID-2mui1v Dynflow::Executors::Sidekiq::WorkerJobs::PerformWork JID-5b2096f67fbea84863310faa INFO: start
Dec 02 14:59:39 wps3-linux dynflow-sidekiq@worker[1895]: 2020-12-02T22:59:39.432Z 1975 TID-2mui1v Dynflow::Executors::Sidekiq::WorkerJobs::PerformWork JID-5b2096f67fbea84863310faa INFO: done: 0.071 sec
Dec 02 14:59:39 wps3-linux dynflow-sidekiq@orchestrator[1893]: 2020-12-02T22:59:39.432Z 1969 TID-26y7t9 Dynflow::Executors::Sidekiq::OrchestratorJobs::WorkerDone JID-66710114e7a0fa21d2814bdd INFO: start
Dec 02 14:59:39 wps3-linux dynflow-sidekiq@orchestrator[1893]: 2020-12-02T22:59:39.433Z 1969 TID-26y7t9 Dynflow::Executors::Sidekiq::OrchestratorJobs::WorkerDone JID-66710114e7a0fa21d2814bdd INFO: done: 0.0 sec
Dec 02 14:59:39 wps3-linux dynflow-sidekiq@worker[1895]: 2020-12-02T22:59:39.433Z 1975 TID-2mug2b Dynflow::Executors::Sidekiq::WorkerJobs::PerformWork JID-1746aff2daa0f54c067aadc4 INFO: start
Dec 02 14:59:39 wps3-linux dynflow-sidekiq@worker[1895]: 2020-12-02T22:59:39.459Z 1975 TID-2mug2b Dynflow::Executors::Sidekiq::WorkerJobs::PerformWork JID-1746aff2daa0f54c067aadc4 INFO: done: 0.026 sec
Dec 02 14:59:39 wps3-linux dynflow-sidekiq@orchestrator[1893]: 2020-12-02T22:59:39.460Z 1969 TID-26y7t9 Dynflow::Executors::Sidekiq::OrchestratorJobs::WorkerDone JID-3023a9f3eeca37f0af750695 INFO: start
Dec 02 14:59:39 wps3-linux dynflow-sidekiq@orchestrator[1893]: 2020-12-02T22:59:39.460Z 1969 TID-26y7t9 Dynflow::Executors::Sidekiq::OrchestratorJobs::WorkerDone JID-3023a9f3eeca37f0af750695 INFO: done: 0.0 sec
Dec 02 14:59:39 wps3-linux dynflow-sidekiq@worker[1895]: 2020-12-02T22:59:39.462Z 1975 TID-2mufrr Dynflow::Executors::Sidekiq::WorkerJobs::PerformWork JID-915326bc561c4fa694b794e4 INFO: start
Dec 02 14:59:39 wps3-linux pulpcore-api[1370]: 127.0.0.1 - - [02/Dec/2020:22:59:39 +0000] "GET /pulp/api/v3/status HTTP/1.1" 301 0 "-" "rest-client/2.0.2 (linux-gnu x86_64) ruby/2.5.5p157"
Dec 02 14:59:39 wps3-linux pulpcore-api[1370]: 127.0.0.1 - - [02/Dec/2020:22:59:39 +0000] "GET /pulp/api/v3/status/ HTTP/1.1" 200 1123 "-" "rest-client/2.0.2 (linux-gnu x86_64) ruby/2.5.5p157"
Dec 02 14:59:39 wps3-linux dynflow-sidekiq@worker[1895]: 2020-12-02T22:59:39.558Z 1975 TID-2mufrr Dynflow::Executors::Sidekiq::WorkerJobs::PerformWork JID-915326bc561c4fa694b794e4 INFO: done: 0.097 sec
Dec 02 14:59:39 wps3-linux dynflow-sidekiq@orchestrator[1893]: 2020-12-02T22:59:39.559Z 1969 TID-26y7t9 Dynflow::Executors::Sidekiq::OrchestratorJobs::WorkerDone JID-52e2b94dd32d579d12a42e63 INFO: start
Dec 02 14:59:39 wps3-linux dynflow-sidekiq@orchestrator[1893]: 2020-12-02T22:59:39.559Z 1969 TID-26y7t9 Dynflow::Executors::Sidekiq::OrchestratorJobs::WorkerDone JID-52e2b94dd32d579d12a42e63 INFO: done: 0.0 sec
Dec 02 14:59:39 wps3-linux dynflow-sidekiq@worker[1895]: 2020-12-02T22:59:39.576Z 1975 TID-2muicv Dynflow::Executors::Sidekiq::WorkerJobs::PerformWork JID-3be763f5b7a6794bc4c47dec INFO: start
Dec 02 14:59:39 wps3-linux dynflow-sidekiq@worker[1895]: 2020-12-02T22:59:39.576Z 1975 TID-2muinf Dynflow::Executors::Sidekiq::WorkerJobs::PerformWork JID-4df1d17eb729d2551913765a INFO: start
Dec 02 14:59:39 wps3-linux dynflow-sidekiq@worker[1895]: 2020-12-02T22:59:39.611Z 1975 TID-2muinf Dynflow::Executors::Sidekiq::WorkerJobs::PerformWork JID-4df1d17eb729d2551913765a INFO: done: 0.035 sec
Dec 02 14:59:39 wps3-linux dynflow-sidekiq@orchestrator[1893]: 2020-12-02T22:59:39.612Z 1969 TID-26y7t9 Dynflow::Executors::Sidekiq::OrchestratorJobs::WorkerDone JID-73514e5441149016155cf606 INFO: start
Dec 02 14:59:39 wps3-linux dynflow-sidekiq@orchestrator[1893]: 2020-12-02T22:59:39.612Z 1969 TID-26y7t9 Dynflow::Executors::Sidekiq::OrchestratorJobs::WorkerDone JID-73514e5441149016155cf606 INFO: done: 0.0 sec
Dec 02 14:59:39 wps3-linux pulpcore-resource-manager[1378]: pulp: rq.worker:INFO: resource-manager: a9a46974-69e4-438e-ba66-5d79c36cbed0
Dec 02 14:59:39 wps3-linux pulpcore-api[1370]: 127.0.0.1 - - [02/Dec/2020:22:59:39 +0000] "POST /pulp/api/v3/distributions/container/container/ HTTP/1.1" 202 67 "-" "OpenAPI-Generator/1.0.0/ruby"
Dec 02 14:59:39 wps3-linux dynflow-sidekiq@worker[1895]: 2020-12-02T22:59:39.623Z 1975 TID-2muicv Dynflow::Executors::Sidekiq::WorkerJobs::PerformWork JID-3be763f5b7a6794bc4c47dec INFO: done: 0.047 sec
Dec 02 14:59:39 wps3-linux dynflow-sidekiq@orchestrator[1893]: 2020-12-02T22:59:39.623Z 1969 TID-26y7t9 Dynflow::Executors::Sidekiq::OrchestratorJobs::WorkerDone JID-75935507e3f94152956cc97e INFO: start
Dec 02 14:59:39 wps3-linux dynflow-sidekiq@orchestrator[1893]: 2020-12-02T22:59:39.626Z 1969 TID-26y7t9 Dynflow::Executors::Sidekiq::OrchestratorJobs::WorkerDone JID-75935507e3f94152956cc97e INFO: done: 0.003 sec
Dec 02 14:59:39 wps3-linux pulpcore-worker-2[1272]: pulp: rq.worker:INFO: 1272@wps3-linux: c649bc14-377c-4368-a633-a77f70e8e8c7
Dec 02 14:59:39 wps3-linux pulpcore-resource-manager[1378]: pulp: rq.worker:INFO: resource-manager: Job OK (a9a46974-69e4-438e-ba66-5d79c36cbed0)
Dec 02 14:59:39 wps3-linux pulpcore-worker-2[1272]: pulp: rq.worker:INFO: 1272@wps3-linux: Job OK (c649bc14-377c-4368-a633-a77f70e8e8c7)
Dec 02 14:59:39 wps3-linux pulpcore-worker-2[1272]: pulp: rq.worker:INFO: 1272@wps3-linux: c2da7cdc-7cdf-4ce2-a411-3f66e04eeab6
Dec 02 14:59:39 wps3-linux pulpcore-worker-2[1272]: pulp: rq.worker:INFO: 1272@wps3-linux: Job OK (c2da7cdc-7cdf-4ce2-a411-3f66e04eeab6)
Dec 02 14:59:40 wps3-linux dynflow-sidekiq@worker[1895]: 2020-12-02T22:59:40.121Z 1975 TID-2mui1v Dynflow::Executors::Sidekiq::WorkerJobs::PerformWork JID-ab8093399fbdbc6d569e9463 INFO: start
Dec 02 14:59:40 wps3-linux pulpcore-api[1370]: 127.0.0.1 - - [02/Dec/2020:22:59:40 +0000] "GET /pulp/api/v3/tasks/c649bc14-377c-4368-a633-a77f70e8e8c7/ HTTP/1.1" 200 541 "-" "OpenAPI-Generator/3.0.0/ruby"
Dec 02 14:59:40 wps3-linux dynflow-sidekiq@worker[1895]: 2020-12-02T22:59:40.156Z 1975 TID-2mui1v Dynflow::Executors::Sidekiq::WorkerJobs::PerformWork JID-ab8093399fbdbc6d569e9463 INFO: done: 0.035 sec
Dec 02 14:59:40 wps3-linux dynflow-sidekiq@orchestrator[1893]: 2020-12-02T22:59:40.156Z 1969 TID-26y7t9 Dynflow::Executors::Sidekiq::OrchestratorJobs::WorkerDone JID-5fc929da0e85447611037251 INFO: start
Dec 02 14:59:40 wps3-linux dynflow-sidekiq@orchestrator[1893]: 2020-12-02T22:59:40.157Z 1969 TID-26y7t9 Dynflow::Executors::Sidekiq::OrchestratorJobs::WorkerDone JID-5fc929da0e85447611037251 INFO: done: 0.0 sec
Dec 02 14:59:40 wps3-linux dynflow-sidekiq@worker[1895]: 2020-12-02T22:59:40.157Z 1975 TID-2mug2b Dynflow::Executors::Sidekiq::WorkerJobs::PerformWork JID-00fdea3cca8dc7502d29c7d2 INFO: start
Dec 02 14:59:40 wps3-linux pulpcore-api[1370]: 127.0.0.1 - - [02/Dec/2020:22:59:40 +0000] "GET /pulp/api/v3/distributions/container/container/7b17724f-2fde-4cea-9817-d98fbd2231d1/ HTTP/1.1" 200 454 "-" "OpenAPI-Generator/1.0.0/ruby"
Dec 02 14:59:40 wps3-linux dynflow-sidekiq@worker[1895]: 2020-12-02T22:59:40.195Z 1975 TID-2mug2b Dynflow::Executors::Sidekiq::WorkerJobs::PerformWork JID-00fdea3cca8dc7502d29c7d2 INFO: done: 0.038 sec
Dec 02 14:59:40 wps3-linux dynflow-sidekiq@orchestrator[1893]: 2020-12-02T22:59:40.195Z 1969 TID-26y7t9 Dynflow::Executors::Sidekiq::OrchestratorJobs::WorkerDone JID-c271db1db6436f295a45ce67 INFO: start
Dec 02 14:59:40 wps3-linux dynflow-sidekiq@orchestrator[1893]: 2020-12-02T22:59:40.196Z 1969 TID-26y7t9 Dynflow::Executors::Sidekiq::OrchestratorJobs::WorkerDone JID-c271db1db6436f295a45ce67 INFO: done: 0.0 sec
Dec 02 15:00:01 wps3-linux systemd[1]: Created slice User Slice of foreman. -- Subject: Unit user-986.slice has finished start-up -- Defined-By: systemd -- Support: http://lists.freedesktop.org/mailman/listinfo/systemd-devel -- -- Unit user-986.slice has finished starting up. -- -- The start-up result is done.
Dec 02 15:00:01 wps3-linux systemd[1]: Started Session 6385 of user foreman. -- Subject: Unit session-6385.scope has finished start-up -- Defined-By: systemd -- Support: http://lists.freedesktop.org/mailman/listinfo/systemd-devel -- -- Unit session-6385.scope has finished starting up. -- -- The start-up result is done.
Dec 02 15:00:01 wps3-linux systemd[1]: Started Session 6384 of user foreman. -- Subject: Unit session-6384.scope has finished start-up -- Defined-By: systemd -- Support: http://lists.freedesktop.org/mailman/listinfo/systemd-devel -- -- Unit session-6384.scope has finished starting up. -- -- The start-up result is done.
Dec 02 15:00:01 wps3-linux systemd[1]: Started Session 6386 of user root. -- Subject: Unit session-6386.scope has finished start-up -- Defined-By: systemd -- Support: http://lists.freedesktop.org/mailman/listinfo/systemd-devel -- -- Unit session-6386.scope has finished starting up. -- -- The start-up result is done.
Dec 02 15:00:01 wps3-linux CROND[5261]: (root) CMD (/usr/lib64/sa/sa1 1 1)
Dec 02 15:00:01 wps3-linux CROND[5263]: (foreman) CMD ( /usr/sbin/foreman-rake trends:counter >>/var/log/foreman/cron.log 2>&1)
Dec 02 15:00:01 wps3-linux CROND[5262]: (foreman) CMD ( /usr/sbin/foreman-rake ldap:refresh_usergroups >>/var/log/foreman/cron.log 2>&1)
Dec 02 15:00:07 wps3-linux dynflow-sidekiq@worker[1895]: 2020-12-02T23:00:07.890Z 1975 TID-2mug2b Dynflow::Executors::Sidekiq::WorkerJobs::PerformWork JID-cf33bf0a346dc9db34ecbc5e INFO: start
Dec 02 15:00:07 wps3-linux dynflow-sidekiq@orchestrator[1893]: 2020-12-02T23:00:07.891Z 1969 TID-26y7t9 Dynflow::Executors::Sidekiq::OrchestratorJobs::WorkerDone JID-38affa2de240ee17a47aff7c INFO: start
Dec 02 15:00:07 wps3-linux dynflow-sidekiq@orchestrator[1893]: 2020-12-02T23:00:07.891Z 1969 TID-26y7t9 Dynflow::Executors::Sidekiq::OrchestratorJobs::WorkerDone JID-38affa2de240ee17a47aff7c INFO: done: 0.0 sec
Dec 02 15:00:07 wps3-linux dynflow-sidekiq@worker[1895]: 2020-12-02T23:00:07.891Z 1975 TID-2mug2b Dynflow::Executors::Sidekiq::WorkerJobs::PerformWork JID-cf33bf0a346dc9db34ecbc5e INFO: done: 0.001 sec
Dec 02 15:00:07 wps3-linux dynflow-sidekiq@worker[1895]: 2020-12-02T23:00:07.892Z 1975 TID-2mufrr Dynflow::Executors::Sidekiq::WorkerJobs::PerformWork JID-071f4e8a21e8d60a6571dfe2 INFO: start
Dec 02 15:00:07 wps3-linux dynflow-sidekiq@orchestrator[1893]: 2020-12-02T23:00:07.893Z 1969 TID-26y7t9 Dynflow::Executors::Sidekiq::OrchestratorJobs::WorkerDone JID-e1a6bbfd5939360abbba5d24 INFO: start
Dec 02 15:00:07 wps3-linux dynflow-sidekiq@orchestrator[1893]: 2020-12-02T23:00:07.893Z 1969 TID-26y7t9 Dynflow::Executors::Sidekiq::OrchestratorJobs::WorkerDone JID-e1a6bbfd5939360abbba5d24 INFO: done: 0.0 sec
Dec 02 15:00:07 wps3-linux dynflow-sidekiq@worker[1895]: 2020-12-02T23:00:07.893Z 1975 TID-2mufrr Dynflow::Executors::Sidekiq::WorkerJobs::PerformWork JID-071f4e8a21e8d60a6571dfe2 INFO: done: 0.001 sec
Dec 02 15:00:07 wps3-linux dynflow-sidekiq@worker[1895]: 2020-12-02T23:00:07.894Z 1975 TID-2muicv Dynflow::Executors::Sidekiq::WorkerJobs::PerformWork JID-b55823c44e186fb3b89e85ca INFO: start
Dec 02 15:00:07 wps3-linux dynflow-sidekiq@orchestrator[1893]: 2020-12-02T23:00:07.901Z 1969 TID-26y7t9 Dynflow::Executors::Sidekiq::OrchestratorJobs::WorkerDone JID-b00b17be9ec77ac26aae4133 INFO: start
Dec 02 15:00:07 wps3-linux dynflow-sidekiq@orchestrator[1893]: 2020-12-02T23:00:07.901Z 1969 TID-26y7t9 Dynflow::Executors::Sidekiq::OrchestratorJobs::WorkerDone JID-b00b17be9ec77ac26aae4133 INFO: done: 0.0 sec
Dec 02 15:00:07 wps3-linux dynflow-sidekiq@worker[1895]: 2020-12-02T23:00:07.901Z 1975 TID-2muicv Dynflow::Executors::Sidekiq::WorkerJobs::PerformWork JID-b55823c44e186fb3b89e85ca INFO: done: 0.007 sec
Dec 02 15:00:07 wps3-linux dynflow-sidekiq@worker[1895]: 2020-12-02T23:00:07.902Z 1975 TID-2muinf Dynflow::Executors::Sidekiq::WorkerJobs::PerformWork JID-77a9765bdd145b54004debab INFO: start
Dec 02 15:00:07 wps3-linux dynflow-sidekiq@worker[1895]: 2020-12-02T23:00:07.924Z 1975 TID-2muinf Dynflow::Executors::Sidekiq::WorkerJobs::PerformWork JID-77a9765bdd145b54004debab INFO: done: 0.022 sec
Dec 02 15:00:07 wps3-linux dynflow-sidekiq@orchestrator[1893]: 2020-12-02T23:00:07.924Z 1969 TID-26y7t9 Dynflow::Executors::Sidekiq::OrchestratorJobs::WorkerDone JID-d380d505f3d21d7561d0aa21 INFO: start
Dec 02 15:00:07 wps3-linux dynflow-sidekiq@orchestrator[1893]: 2020-12-02T23:00:07.924Z 1969 TID-26y7t9 Dynflow::Executors::Sidekiq::OrchestratorJobs::WorkerDone JID-d380d505f3d21d7561d0aa21 INFO: done: 0.0 sec
Dec 02 15:00:07 wps3-linux dynflow-sidekiq@worker[1895]: 2020-12-02T23:00:07.925Z 1975 TID-2mui1v Dynflow::Executors::Sidekiq::WorkerJobs::PerformWork JID-53af0b3d162771fd9814c280 INFO: start
